000
CXUS52 KILM 011100
CF6LBT
PRELIMINARY LOCAL CLIMATOLOGICAL DATA (WS FORM: F-6)
STATION: LUMBERTON NORTH CAROLINA
MONTH: NOVEMBER
YEAR: 2023
LATITUDE: 34 35 N
LONGITUDE: 79 4 W
TEMPERATURE IN F: :PCPN: SNOW: WIND :SUNSHINE: SKY :PK WND
================================================================================
1 2 3 4 5 6A 6B 7 8 9 10 11 12 13 14 15 16 17 18
12Z AVG MX 2MIN
DY MAX MIN AVG DEP HDD CDD WTR SNW DPTH SPD SPD DIR MIN PSBL S-S WX SPD DR
================================================================================
1 54 31 43 -15 22 0 0.00 M M 9.5 22 340 M M 1 32 360
2 59 28 44 -14 21 0 0.00 M M 4.2 13 40 M M 0 19 30
3 67 26 47 -11 18 0 0.00 M M 2.6 12 50 M M 0 8 16 60
4 77 35 56 -1 9 0 0.00 M M 3.4 12 10 M M 0 8 17 10
5 78 35 57 0 8 0 0.00 M M 3.0 15 30 M M 0 18 20
6 77 39 58 1 7 0 0.00 M M 1.6 8 150 M M 0 8 11 90
7 81 40 61 5 4 0 0.00 M M 3.4 16 270 M M 0 1 21 260
8 82 46 64 8 1 0 0.00 M M 2.8 12 150 M M 0 1 15 150
9 83 52 68 12 0 3 0.00 M M 6.5 18 250 M M 0 24 260
10 79 54 67 11 0 2 T M M 10.1 24 20 M M 3 31 20
11 55 50 53 -2 12 0 0.31 M M 7.5 14 30 M M 10 19 30
12 59 48 54 -1 11 0 0.22 M M 9.6 18 30 M M 9 27 40
13 65 44 55 0 10 0 0.00 M M 4.5 13 20 M M 1 17 20
14 68 40 54 0 11 0 0.00 M M 2.9 12 350 M M 0 16 30
15 61 44 53 -1 12 0 0.00 M M 6.0 14 30 M M 1 17 20
16 73 52 63 9 2 0 0.00 M M 5.9 14 110 M M 0 19 120
17 77 54 66 12 0 1 T M M 5.0 13 70 M M 2 17 70
18 79 56 68 15 0 3 0.00 M M 6.3 16 350 M M 3 23 10
19 65 41 53 0 12 0 0.00 M M 4.5 13 60 M M 0 19 30
20 68 36 52 -1 13 0 0.00 M M 6.3 16 60 M M 3 8 20 60
21 70 55 63 10 2 0 0.28 M M 8.5 16 150 M M 10 1 25 170
22 71 49 60 8 5 0 1.72 M M 8.1 18 330 M M 8 13 25 210
23 59 39 49 -3 16 0 0.00 M M 3.1 12 360 M M 0 16 30
24 61 44 53 1 12 0 0.00 M M 2.4 8 20 M M 2 13 250
25 54 42 48 -4 17 0 0.00 M M 10.0 18 30 M M 2 25 30
26 51 41 46 -5 19 0 0.12 M M 4.9 12 10 M M 9 14 290
27 59 38 49 -2 16 0 T M M 6.8 15 290 M M 4 20 280
28 53 30 42 -9 23 0 0.00 M M 4.8 20 270 M M 0 26 280
29 50 26 38 -13 27 0 0.00 M M 2.1 10 240 M M 0 13 220
30 61 27 44 -6 21 0 0.00 M M 1.1 9 160 M M 0 13 150
================================================================================
SM 1996 1242 331 9 2.65 M 157.4 M 68
================================================================================
AV 66.5 41.4 5.2 FASTST M M 2 MAX(MPH)
MISC ----> 24 20 32 360
================================================================================
NOTES:
# LAST OF SEVERAL OCCURRENCES
COLUMN 17 PEAK WIND IN M.P.H.
PRELIMINARY LOCAL CLIMATOLOGICAL DATA (WS FORM: F-6) , PAGE 2
STATION: LUMBERTON NORTH CAROLINA
MONTH: NOVEMBER
YEAR: 2023
LATITUDE: 34 35 N
LONGITUDE: 79 4 W
[TEMPERATURE DATA] [PRECIPITATION DATA] SYMBOLS USED IN COLUMN 16
AVERAGE MONTHLY: 54.0 TOTAL FOR MONTH: 2.65 1 = FOG OR MIST
DPTR FM NORMAL: -0.1 DPTR FM NORMAL: -0.30 2 = FOG REDUCING VISIBILITY
HIGHEST: 83 ON 9 GRTST 24HR 1.97 ON 21-22 TO 1/4 MILE OR LESS
LOWEST: 26 ON 29, 3 3 = THUNDER
SNOW, ICE PELLETS, HAIL 4 = ICE PELLETS
TOTAL MONTH: M 5 = HAIL
GRTST 24HR M ON M 6 = FREEZING RAIN OR DRIZZLE
GRTST DEPTH: M ON M 7 = DUSTSTORM OR SANDSTORM:
VSBY 1/2 MILE OR LESS
8 = SMOKE OR HAZE
[NO. OF DAYS WITH] [WEATHER - DAYS WITH] 9 = BLOWING SNOW
X = TORNADO
MAX 32 OR BELOW: 0 0.01 INCH OR MORE: 5
MAX 90 OR ABOVE: 0 0.10 INCH OR MORE: 5
MIN 32 OR BELOW: 6 0.50 INCH OR MORE: 1
MIN 0 OR BELOW: 0 1.00 INCH OR MORE: 1
[HDD (BASE 65) ]
TOTAL THIS MO. 331 CLEAR (SCALE 0-3) 23
DPTR FM NORMAL -8 PTCLDY (SCALE 4-7) 3
TOTAL FM JUL 1 427 CLOUDY (SCALE 8-10) 4
DPTR FM NORMAL -29
[CDD (BASE 65) ]
TOTAL THIS MO. 9
DPTR FM NORMAL -5 [PRESSURE DATA]
TOTAL FM JAN 1 1984 HIGHEST SLP 30.53 ON 2
DPTR FM NORMAL -100 LOWEST SLP 29.69 ON 22
[REMARKS]
#FINAL-11-23#