000
CXUS54 KLZK 071922
CF6LZK
PRELIMINARY LOCAL CLIMATOLOGICAL DATA (WS FORM: F-6)
STATION: NORTH LITTLE ROCK
MONTH: JANUARY
YEAR: 2022
LATITUDE: 34 50 N
LONGITUDE: 92 16 W
TEMPERATURE IN F: :PCPN: SNOW: WIND :SUNSHINE: SKY :PK WND
================================================================================
1 2 3 4 5 6A 6B 7 8 9 10 11 12 13 14 15 16 17 18
12Z AVG MX 2MIN
DY MAX MIN AVG DEP HDD CDD WTR SNW DPTH SPD SPD DIR MIN PSBL S-S WX SPD DR
================================================================================
1 68 55 62 21 3 0 1.26 0.0 0 8.9 16 320 M M 10 123 31 99
2 39 24 32 -9 33 0 T T 0 13.7 18 330 M M 8 46 29 340
3 40 19 30 -10 35 0 0.00 0.0 0 4.5 9 330 M M 0 M M
4 46 25 36 -4 29 0 0.00 0.0 0 9.3 15 180 M M 1 22 200
5 53 35 44 4 21 0 0.00 0.0 0 8.7 15 230 M M 5 20 350
6 40 22 31 -9 34 0 0.10 T 0 10.1 15 30 M M 8 46 23 40
7 32 18 25 -15 40 0 0.00 0.0 0 7.1 12 20 M M 2 15 100
8 56 27 42 2 23 0 1.36 T 0 6.7 10 80 M M 9 1235 22 140
9 61 34 48 8 17 0 1.55 0.0 0 11.1 17 360 M M 8 13 25 340
10 48 26 37 -3 28 0 0.00 0.0 0 6.1 12 310 M M 0 15 360
11 56 34 45 5 20 0 0.00 0.0 0 M M M M M M M M
12 61 33 47 7 18 0 0.00 0.0 0 10.5 13 240 M M 0 18 200
13 66 40 53 13 12 0 0.00 0.0 0 9.3 16 300 M M 0 24 310
14 54 41 48 8 17 0 T 0.0 0 7.0 12 150 M M 1 16 120
15 46 30 38 -2 27 0 0.60 1.3 1 11.8 18 290 M M 10 1346 27 310
16 42 31 37 -3 28 0 0.14 0.3 1 13.7 21 330 M M 3 27 360
17 51 30 41 1 24 0 0.00 0.0 T 8.5 15 290 M M 0 22 300
18 62 35 49 9 16 0 0.00 0.0 T 9.9 20 180 M M 2 26 210
19 53 28 41 1 24 0 0.12 0.0 0 9.7 22 360 M M 10 6 32 360
20 30 19 25 -15 40 0 0.00 0.0 0 12.6 18 360 M M 3 26 360
21 32 13 23 -17 42 0 0.00 0.0 0 7.1 13 30 M M 1 17 30
22 43 16 30 -11 35 0 0.00 0.0 0 3.8 8 270 M M 1 M M
23 59 26 43 2 22 0 0.00 0.0 0 7.4 14 290 M M 3 21 290
24 65 37 51 10 14 0 0.00 0.0 0 8.3 16 220 M M 0 23 220
25 47 27 37 -4 28 0 0.00 0.0 0 10.6 16 40 M M 3 26 40
26 37 21 29 -12 36 0 0.00 0.0 0 7.7 13 50 M M 1 21 40
27 44 26 35 -6 30 0 0.00 0.0 0 5.1 10 330 M M 9 12 0
28 46 28 37 -4 28 0 0.00 0.0 0 12.1 24 310 M M 3 35 310
29 49 20 35 -6 30 0 0.00 0.0 0 8.6 17 220 M M 2 21 220
30 63 35 49 7 16 0 0.00 0.0 0 5.8 12 310 M M 0 13 360
31 66 34 50 8 15 0 0.00 0.0 0 5.3 10 110 M M 2 18 99
================================================================================
SM 1555 889 785 0 5.13 1.6 261.2 M 105
================================================================================
AV 50.2 28.7 8.7 FASTST M M 4 MAX(MPH)
MISC ----> 24 310 35 310
================================================================================
NOTES:
# LAST OF SEVERAL OCCURRENCES
COLUMN 17 PEAK WIND IN M.P.H.
PRELIMINARY LOCAL CLIMATOLOGICAL DATA (WS FORM: F-6) , PAGE 2
STATION: NORTH LITTLE ROCK
MONTH: JANUARY
YEAR: 2022
LATITUDE: 34 50 N
LONGITUDE: 92 16 W
[TEMPERATURE DATA] [PRECIPITATION DATA] SYMBOLS USED IN COLUMN 16
AVERAGE MONTHLY: 39.4 TOTAL FOR MONTH: 5.13 1 = FOG OR MIST
DPTR FM NORMAL: -1.2 DPTR FM NORMAL: 1.59 2 = FOG REDUCING VISIBILITY
HIGHEST: 68 ON 1 GRTST 24HR 1.55 ON 9- 9 TO 1/4 MILE OR LESS
LOWEST: 13 ON 21 3 = THUNDER
SNOW, ICE PELLETS, HAIL 4 = ICE PELLETS
TOTAL MONTH: 1.6 INCHES 5 = HAIL
GRTST 24HR 1.3 ON 15-15 6 = FREEZING RAIN OR DRIZZLE
GRTST DEPTH: 1 ON 16,15 7 = DUSTSTORM OR SANDSTORM:
VSBY 1/2 MILE OR LESS
8 = SMOKE OR HAZE
[NO. OF DAYS WITH] [WEATHER - DAYS WITH] 9 = BLOWING SNOW
X = TORNADO
MAX 32 OR BELOW: 3 0.01 INCH OR MORE: 7
MAX 90 OR ABOVE: 0 0.10 INCH OR MORE: 7
MIN 32 OR BELOW: 20 0.50 INCH OR MORE: 4
MIN 0 OR BELOW: 0 1.00 INCH OR MORE: 3
[HDD (BASE 65) ]
TOTAL THIS MO. 785 CLEAR (SCALE 0-3) 19
DPTR FM NORMAL 27 PTCLDY (SCALE 4-7) 5
TOTAL FM JUL 1 1626 CLOUDY (SCALE 8-10) 7
DPTR FM NORMAL -381
[CDD (BASE 65) ]
TOTAL THIS MO. 0
DPTR FM NORMAL 0 [PRESSURE DATA]
TOTAL FM JAN 1 0 HIGHEST SLP M ON M
DPTR FM NORMAL 0 LOWEST SLP 29.55 ON 1
[REMARKS]
#FINAL-01-22#