000
CXUS56 KHNX 011146
CF6MCE
PRELIMINARY LOCAL CLIMATOLOGICAL DATA (WS FORM: F-6)
STATION: MERCED CA AIRPORT
MONTH: SEPTEMBER
YEAR: 2020
LATITUDE: 37 16 N
LONGITUDE: 120 36 W
TEMPERATURE IN F: :PCPN: SNOW: WIND :SUNSHINE: SKY :PK WND
================================================================================
1 2 3 4 5 6A 6B 7 8 9 10 11 12 13 14 15 16 17 18
12Z AVG MX 2MIN
DY MAX MIN AVG DEP HDD CDD WTR SNW DPTH SPD SPD DIR MIN PSBL S-S WX SPD DR
================================================================================
1 91 61 76 1 0 11 0.00 0.0 0 5.4 13 350 M M 0 8 19 350
2 91 61 76 2 0 11 0.00 0.0 0 7.7 14 330 M M 0 17 340
3 95 60 78 4 0 13 0.00 0.0 0 6.8 12 330 M M 0 8 14 320
4 98 62 80 6 0 15 0.00 0.0 0 5.8 14 330 M M 0 8 16 320
5 103 65 84 10 0 19 0.00 0.0 0 3.9 12 340 M M 0 8 13 340
6 107 65 86 12 0 21 0.00 0.0 0 3.9 12 330 M M 0 8 13 330
7 110 71 91 17 0 26 0.00 0.0 0 3.3 13 340 M M 1 8 16 340
8 95 64 80 6 0 15 0.00 0.0 0 10.4 26 330 M M 9 8 34 320
9 93 58 76 3 0 11 0.00 0.0 0 4.2 14 340 M M 10 8 17 340
10 85 58 72 -1 0 7 0.00 0.0 0 5.0 9 340 M M 7 18 12 320
11 87 57 72 -1 0 7 0.00 0.0 0 3.0 8 330 M M 10 18 9 280
12 88 58 73 0 0 8 0.00 0.0 0 2.8 9 140 M M 10 8 11 130
13 90 57 74 1 0 9 0.00 0.0 0 2.6 7 310 M M 10 18 9 300
14 90 58 74 2 0 9 0.00 0.0 0 5.6 10 320 M M 10 18 13 320
15 91 59 75 3 0 10 0.00 0.0 0 4.5 13 340 M M 7 8 15 340
16 93 58 76 4 0 11 0.00 0.0 0 4.9 10 330 M M 0 8 13 340
17 87 56 72 0 0 7 0.00 0.0 0 4.0 14 340 M M 0 8 17 340
18 85 66 76 4 0 11 0.00 0.0 0 10.3 16 330 M M 1 20 340
19 87 59 73 2 0 8 0.00 0.0 0 7.4 16 320 M M 0 20 360
20 92 55 74 3 0 9 0.00 0.0 0 1.8 9 340 M M 0 8 11 350
21 94 56 75 4 0 10 0.00 0.0 0 3.0 8 260 M M 0 8 10 270
22 93 59 76 5 0 11 0.00 0.0 0 6.9 16 330 M M 0 19 330
23 93 52 73 3 0 8 0.00 0.0 0 7.2 15 350 M M 0 19 330
24 91 58 75 5 0 10 0.00 0.0 0 9.7 17 350 M M 0 24 350
25 85 59 72 2 0 7 0.00 0.0 0 6.6 14 320 M M 0 8 18 310
26 91 58 75 5 0 10 0.00 0.0 0 9.4 22 330 M M 0 28 360
27 92 61 77 8 0 12 0.00 0.0 0 3.2 10 320 M M 0 13 350
28 94 60 77 8 0 12 0.00 0.0 0 2.2 6 270 M M 0 9 330
29 100 62 81 12 0 16 0.00 0.0 0 3.6 8 330 M M 0 8 10 340
30 96 59 78 10 0 13 0.00 0.0 0 5.3 13 340 M M 3 8 17 320
================================================================================
SM 2787 1792 0 347 0.00 0.0 160.4 M 78
================================================================================
AV 92.9 59.7 5.3 FASTST M M 3 MAX(MPH)
MISC ----> # 26 330 # 34 320
================================================================================
NOTES:
# LAST OF SEVERAL OCCURRENCES
COLUMN 17 PEAK WIND IN M.P.H.
PRELIMINARY LOCAL CLIMATOLOGICAL DATA (WS FORM: F-6) , PAGE 2
STATION: MERCED CA AIRPORT
MONTH: SEPTEMBER
YEAR: 2020
LATITUDE: 37 16 N
LONGITUDE: 120 36 W
[TEMPERATURE DATA] [PRECIPITATION DATA] SYMBOLS USED IN COLUMN 16
AVERAGE MONTHLY: 76.3 TOTAL FOR MONTH: 0.00 1 = FOG OR MIST
DPTR FM NORMAL: 4.4 DPTR FM NORMAL: -0.29 2 = FOG REDUCING VISIBILITY
HIGHEST: 110 ON 7 GRTST 24HR 0.00 ON 30-30 TO 1/4 MILE OR LESS
LOWEST: 52 ON 23 3 = THUNDER
SNOW, ICE PELLETS, HAIL 4 = ICE PELLETS
TOTAL MONTH: 0.0 INCH 5 = HAIL
GRTST 24HR 0.0 6 = FREEZING RAIN OR DRIZZLE
GRTST DEPTH: 0 7 = DUSTSTORM OR SANDSTORM:
VSBY 1/2 MILE OR LESS
8 = SMOKE OR HAZE
[NO. OF DAYS WITH] [WEATHER - DAYS WITH] 9 = BLOWING SNOW
X = TORNADO
MAX 32 OR BELOW: 0 0.01 INCH OR MORE: 0
MAX 90 OR ABOVE: 23 0.10 INCH OR MORE: 0
MIN 32 OR BELOW: 0 0.50 INCH OR MORE: 0
MIN 0 OR BELOW: 0 1.00 INCH OR MORE: 0
[HDD (BASE 65) ]
TOTAL THIS MO. 0 CLEAR (SCALE 0-3) 21
DPTR FM NORMAL -10 PTCLDY (SCALE 4-7) 3
TOTAL FM JUL 1 0 CLOUDY (SCALE 8-10) 6
DPTR FM NORMAL -11
[CDD (BASE 65) ]
TOTAL THIS MO. 347
DPTR FM NORMAL 130 [PRESSURE DATA]
TOTAL FM JAN 1 1896 HIGHEST SLP M ON M
DPTR FM NORMAL 540 LOWEST SLP 29.56 ON 8
[REMARKS]
#FINAL-09-20#