000
CXAK56 PAFG 010950
CF6MCG
PRELIMINARY LOCAL CLIMATOLOGICAL DATA (WS FORM: F-6)
STATION: MCGRATH AK
MONTH: JUNE
YEAR: 2022
LATITUDE: 62 57 N
LONGITUDE: 155 36 W
TEMPERATURE IN F: :PCPN: SNOW: WIND :SUNSHINE: SKY :PK WND
================================================================================
1 2 3 4 5 6A 6B 7 8 9 10 11 12 13 14 15 16 17 18
12Z AVG MX 2MIN
DY MAX MIN AVG DEP HDD CDD WTR SNW DPTH SPD SPD DIR MIN PSBL S-S WX SPD DR
================================================================================
1 76 44 60 6 5 0 0.00 M M 3.2 12 310 M M 1 16 330
2 78 43 61 7 4 0 0.00 M M 4.3 12 40 M M 1 15 10
3 78 45 62 7 3 0 0.00 M M 6.0 14 20 M M 1 8 17 20
4 79 47 63 8 2 0 0.00 M M 7.6 21 50 M M 1 8 27 10
5 78 47 63 8 2 0 0.00 M M 6.1 16 350 M M 3 21 110
6 79 47 63 7 2 0 0.00 M M 5.9 16 10 M M 1 23 40
7 80 47 64 8 1 0 0.00 M M 5.3 14 20 M M 0 22 10
8 75 44 60 4 5 0 0.00 M M 5.1 15 90 M M 1 8 20 90
9 68 46 57 0 8 0 0.00 M M 10.9 25 60 M M 2 32 70
10 71 41 56 -1 9 0 0.00 M M 6.5 14 20 M M 3 18 50
11 69 43 56 -2 9 0 T M M 2.6 13 210 M M 6 8 17 150
12 64 42 53 -5 12 0 T M M 3.7 15 210 M M 9 18 20 220
13 56 44 50 -8 15 0 T M M 3.8 13 200 M M 10 18 17 190
14 M M M M M M M M M M M M M M M M M
15 M M M M M M M M M M M M M M M 18 M M
16 78 44 61 2 4 0 0.03 M M 3.8 18 200 M M 3 29 200
17 69 49 59 -1 6 0 T M M 2.8 12 200 M M 6 8 16 240
18 64 50 57 -3 8 0 0.05 M M 1.6 8 230 M M 9 1 12 240
19 72 44 58 -2 7 0 0.03 M M 3.4 13 350 M M 3 1 21 240
20 70 52 61 1 4 0 0.08 M M 1.9 13 310 M M 8 1 21 310
21 74 48 61 0 4 0 0.00 M M 4.4 15 270 M M 3 1 19 280
22 71 49 60 -1 5 0 0.00 M M 4.8 14 320 M M 0 17 320
23 66 46 56 -5 9 0 T M M 1.9 9 360 M M 6 8 12 360
24 78 44 61 0 4 0 0.00 M M 3.6 10 220 M M 1 14 210
25 77 51 64 3 1 0 0.00 M M 5.3 16 210 M M 4 8 22 220
26 72 58 65 3 0 0 0.00 M M 5.6 18 210 M M 7 8 23 220
27 70 53 62 0 3 0 T M M 4.9 12 220 M M 7 18 16 210
28 75 50 63 1 2 0 0.00 M M 2.4 8 10 M M 5 8 11 20
29 79 54 67 5 0 2 0.00 M M 2.2 7 270 M M 9 18 8 30
30 M M M M M M M M M M M M M M M 8 M M
================================================================================
SM 1966 1272 134 2 0.19 M 119.6 M 110
================================================================================
AV 72.8 47.1 4.4 FASTST M M 4 MAX(MPH)
MISC ----> 25 60 32 70
================================================================================
NOTES:
# LAST OF SEVERAL OCCURRENCES
COLUMN 17 PEAK WIND IN M.P.H.
PRELIMINARY LOCAL CLIMATOLOGICAL DATA (WS FORM: F-6) , PAGE 2
STATION: MCGRATH AK
MONTH: JUNE
YEAR: 2022
LATITUDE: 62 57 N
LONGITUDE: 155 36 W
[TEMPERATURE DATA] [PRECIPITATION DATA] SYMBOLS USED IN COLUMN 16
AVERAGE MONTHLY: 60.0 TOTAL FOR MONTH: 0.19 1 = FOG OR MIST
DPTR FM NORMAL: 1.3 DPTR FM NORMAL: -1.47 2 = FOG REDUCING VISIBILITY
HIGHEST: 80 ON 7 GRTST 24HR 0.11 ON 19-20 TO 1/4 MILE OR LESS
LOWEST: 41 ON 10 3 = THUNDER
SNOW, ICE PELLETS, HAIL 4 = ICE PELLETS
TOTAL MONTH: M 5 = HAIL
GRTST 24HR M ON M 6 = FREEZING RAIN OR DRIZZLE
GRTST DEPTH: M ON M 7 = DUSTSTORM OR SANDSTORM:
VSBY 1/2 MILE OR LESS
8 = SMOKE OR HAZE
[NO. OF DAYS WITH] [WEATHER - DAYS WITH] 9 = BLOWING SNOW
X = TORNADO
MAX 32 OR BELOW: 0 0.01 INCH OR MORE: 4
MAX 90 OR ABOVE: 0 0.10 INCH OR MORE: 0
MIN 32 OR BELOW: 0 0.50 INCH OR MORE: 0
MIN 0 OR BELOW: 0 1.00 INCH OR MORE: 0
[HDD (BASE 65) ]
TOTAL THIS MO. 134 CLEAR (SCALE 0-3) 14
DPTR FM NORMAL -66 PTCLDY (SCALE 4-7) 9
TOTAL FM JUL 1 4709 CLOUDY (SCALE 8-10) 7
DPTR FM NORMAL -8451
[CDD (BASE 65) ]
TOTAL THIS MO. 2
DPTR FM NORMAL -9 [PRESSURE DATA]
TOTAL FM JAN 1 2 HIGHEST SLP M ON M
DPTR FM NORMAL -9 LOWEST SLP 29.41 ON 10
[REMARKS]
#FINAL-06-22#