000
CXUS54 KTSA 280850
CF6MKO
PRELIMINARY LOCAL CLIMATOLOGICAL DATA (WS FORM: F-6)
STATION: MUSKOGEE OKLAHOMA
MONTH: APRIL
YEAR: 2024
LATITUDE: 35 40 N
LONGITUDE: 95 22 W
TEMPERATURE IN F: :PCPN: SNOW: WIND :SUNSHINE: SKY :PK WND
================================================================================
1 2 3 4 5 6A 6B 7 8 9 10 11 12 13 14 15 16 17 18
12Z AVG MX 2MIN
DY MAX MIN AVG DEP HDD CDD WTR SNW DPTH SPD SPD DIR MIN PSBL S-S WX SPD DR
================================================================================
1 78 63 71 14 0 6 0.44 0.0 M 10.9 26 290 M M 7 138 38 280
2 64 43 54 -3 11 0 0.01 0.0 M 11.3 22 320 M M 8 1 30 330
3 63 44 54 -3 11 0 T 0.0 M 13.6 30 330 M M 2 42 340
4 69 39 54 -4 11 0 0.00 0.0 M 6.9 16 340 M M 0 8 25 350
5 75 39 57 -1 8 0 0.00 0.0 M 7.2 17 120 M M 0 8 24 110
6 81 56 69 11 0 4 0.04 0.0 M 13.6 28 160 M M 3 45 190
7 74 51 63 5 2 0 0.07 0.0 M 9.2 23 280 M M 2 1 33 240
8 81 46 64 5 1 0 0.00 0.0 M 7.4 18 190 M M 0 27 180
9 74 56 65 6 0 0 0.32 0.0 M 10.4 33 120 M M 7 13 44 120
10 63 53 58 -1 7 0 0.02 0.0 M 10.8 28 10 M M 7 18 37 360
11 69 46 58 -1 7 0 0.00 0.0 M 13.8 26 340 M M 0 39 320
12 76 38 57 -3 8 0 0.00 0.0 M 4.8 10 140 M M 0 17 160
13 84 55 70 10 0 5 0.00 0.0 M 11.2 24 190 M M 0 37 190
14 82 63 73 13 0 8 0.00 0.0 M 12.3 21 190 M M 1 30 180
15 77 64 71 11 0 6 T 0.0 M 11.4 25 140 M M 3 1 39 140
16 84 66 75 14 0 10 0.02 0.0 M 14.7 28 190 M M 5 38 40 190
17 85 52 69 8 0 4 0.00 0.0 M 5.8 15 140 M M 0 8 22 150
18 82 56 69 8 0 4 T 0.0 M 11.7 24 350 M M 7 18 32 340
19 68 52 60 -1 5 0 T 0.0 M 11.0 24 20 M M 8 30 30
20 65 54 60 -2 5 0 0.00 0.0 M 12.9 21 10 M M 7 26 10
21 65 40 53 -9 12 0 0.00 0.0 M 9.2 24 320 M M 1 35 320
22 71 36 54 -8 11 0 0.00 0.0 M M M M M M 0 M M
23 80 50 65 3 0 0 T 0.0 M 7.8 24 200 M M 6 38 210
24 77 56 67 5 0 2 T 0.0 M 5.2 13 80 M M 3 1 17 80
25 76 63 70 7 0 5 0.02 0.0 M 13.5 23 130 M M 8 3 36 120
26 76 59 68 5 0 3 1.22 0.0 M 13.3 32 230 M M 8 13 47 240
27 80 66 73 10 0 8 T 0.0 M 12.3 28 150 M M 8 3 40 140
================================================================================
SM 2019 1406 99 65 2.16 0.0 272.2 M 101
================================================================================
AV 74.8 52.1 10.5 FASTST M M 4 MAX(MPH)
MISC ----> 33 120 47 240
================================================================================
NOTES:
# LAST OF SEVERAL OCCURRENCES
COLUMN 17 PEAK WIND IN M.P.H.
PRELIMINARY LOCAL CLIMATOLOGICAL DATA (WS FORM: F-6) , PAGE 2
STATION: MUSKOGEE OKLAHOMA
MONTH: APRIL
YEAR: 2024
LATITUDE: 35 40 N
LONGITUDE: 95 22 W
[TEMPERATURE DATA] [PRECIPITATION DATA] SYMBOLS USED IN COLUMN 16
AVERAGE MONTHLY: 63.4 TOTAL FOR MONTH: 2.16 1 = FOG OR MIST
DPTR FM NORMAL: 3.4 DPTR FM NORMAL: -1.44 2 = FOG REDUCING VISIBILITY
HIGHEST: 85 ON 17 GRTST 24HR 1.22 ON 26-26 TO 1/4 MILE OR LESS
LOWEST: 36 ON 22 3 = THUNDER
SNOW, ICE PELLETS, HAIL 4 = ICE PELLETS
TOTAL MONTH: 0.0 INCH 5 = HAIL
GRTST 24HR 0.0 6 = FREEZING RAIN OR DRIZZLE
GRTST DEPTH: M ON M 7 = DUSTSTORM OR SANDSTORM:
VSBY 1/2 MILE OR LESS
8 = SMOKE OR HAZE
[NO. OF DAYS WITH] [WEATHER - DAYS WITH] 9 = BLOWING SNOW
X = TORNADO
MAX 32 OR BELOW: 0 0.01 INCH OR MORE: 9
MAX 90 OR ABOVE: 0 0.10 INCH OR MORE: 3
MIN 32 OR BELOW: 0 0.50 INCH OR MORE: 1
MIN 0 OR BELOW: 0 1.00 INCH OR MORE: 1
[HDD (BASE 65) ]
TOTAL THIS MO. 99 CLEAR (SCALE 0-3) 14
DPTR FM NORMAL -72 PTCLDY (SCALE 4-7) 10
TOTAL FM JUL 1 2835 CLOUDY (SCALE 8-10) 3
DPTR FM NORMAL -524
[CDD (BASE 65) ]
TOTAL THIS MO. 65
DPTR FM NORMAL 27 [PRESSURE DATA]
TOTAL FM JAN 1 101 HIGHEST SLP M ON M
DPTR FM NORMAL 49 LOWEST SLP 29.49 ON 1
[REMARKS]