000
CXUS54 KTSA 010950
CF6MKO
PRELIMINARY LOCAL CLIMATOLOGICAL DATA (WS FORM: F-6)
STATION: MUSKOGEE OKLAHOMA
MONTH: JANUARY
YEAR: 2024
LATITUDE: 35 40 N
LONGITUDE: 95 22 W
TEMPERATURE IN F: :PCPN: SNOW: WIND :SUNSHINE: SKY :PK WND
================================================================================
1 2 3 4 5 6A 6B 7 8 9 10 11 12 13 14 15 16 17 18
12Z AVG MX 2MIN
DY MAX MIN AVG DEP HDD CDD WTR SNW DPTH SPD SPD DIR MIN PSBL S-S WX SPD DR
================================================================================
1 43 27 35 -4 30 0 0.00 0.0 M 6.9 16 30 M M 5 21 30
2 44 25 35 -4 30 0 0.00 0.0 M 4.7 10 180 M M 0 14 170
3 52 27 40 1 25 0 0.00 0.0 M 3.7 10 330 M M 0 18 14 330
4 52 25 39 0 26 0 0.00 0.0 M 7.9 18 120 M M 0 1 23 140
5 42 32 37 -2 28 0 0.15 M M 8.1 22 110 M M 10 168 31 120
6 40 36 38 0 27 0 T 0.0 M 6.9 15 330 M M 10 1 19 340
7 54 27 41 3 24 0 0.00 0.0 M 8.2 16 140 M M 1 25 150
8 46 39 43 5 22 0 0.59 M M 14.1 29 110 M M 9 1 40 100
9 41 25 33 -5 32 0 T M M 14.3 28 290 M M 8 1 40 290
10 57 22 40 2 25 0 0.00 0.0 M 9.0 23 190 M M 0 33 200
11 63 26 45 7 20 0 0.35 M M 9.3 24 120 M M 1 13 43 280
12 47 21 34 -4 31 0 T M M 14.6 29 310 M M 5 18 37 320
13 27 6 17 -21 48 0 0.00 0.0 M 13.6 23 350 M M 0 31 350
14 6 1 4 -34 61 0 0.06 M M 11.8 24 360 M M 5 34 360
15 15 1 8 -30 57 0 0.00 0.0 M 11.8 22 350 M M 5 29 340
16 18 0 9 -30 56 0 0.00 0.0 M 7.4 16 340 M M 0 21 330
17 41 3 22 -17 43 0 0.00 0.0 M 9.5 20 170 M M 0 31 170
18 48 25 37 -2 28 0 0.00 0.0 M 7.3 31 340 M M 0 40 340
19 30 13 22 -17 43 0 0.00 0.0 M 15.8 29 350 M M 1 40 360
20 29 10 20 -19 45 0 0.00 0.0 M 5.8 14 350 M M 0 20 340
21 31 20 26 -13 39 0 0.07 M M 12.8 21 130 M M 8 46 29 120
22 36 29 33 -6 32 0 0.49 M M 4.4 13 150 M M 10 146 19 150
23 44 35 40 1 25 0 0.05 0.0 M 2.8 9 350 M M 10 12 11 320
24 49 40 45 6 20 0 0.02 0.0 M 5.0 9 330 M M 10 12 11 330
25 50 42 46 7 19 0 0.02 0.0 M 5.1 10 240 M M 10 12 14 290
26 50 43 47 8 18 0 0.15 0.0 M 7.0 14 20 M M 10 1 18 360
27 43 37 40 1 25 0 0.15 M M 13.4 21 340 M M 10 14 28 350
28 55 34 45 5 20 0 0.00 0.0 M 4.8 12 320 M M 5 18 15 320
29 66 34 50 10 15 0 0.00 0.0 M 5.1 10 170 M M 0 14 170
30 66 38 52 12 13 0 0.00 0.0 M 4.5 15 340 M M 0 19 330
31 70 32 51 11 14 0 0.00 0.0 M 4.7 12 130 M M 0 16 130
================================================================================
SM 1355 775 941 0 2.10 0.0 260.3 M 133
================================================================================
AV 43.7 25.0 8.4 FASTST M M 4 MAX(MPH)
MISC ----> 31 340 43 280
================================================================================
NOTES:
# LAST OF SEVERAL OCCURRENCES
COLUMN 17 PEAK WIND IN M.P.H.
PRELIMINARY LOCAL CLIMATOLOGICAL DATA (WS FORM: F-6) , PAGE 2
STATION: MUSKOGEE OKLAHOMA
MONTH: JANUARY
YEAR: 2024
LATITUDE: 35 40 N
LONGITUDE: 95 22 W
[TEMPERATURE DATA] [PRECIPITATION DATA] SYMBOLS USED IN COLUMN 16
AVERAGE MONTHLY: 34.4 TOTAL FOR MONTH: 2.10 1 = FOG OR MIST
DPTR FM NORMAL: -4.4 DPTR FM NORMAL: -0.23 2 = FOG REDUCING VISIBILITY
HIGHEST: 70 ON 31 GRTST 24HR 1.08 ON 8- 9 TO 1/4 MILE OR LESS
LOWEST: 0 ON 16 3 = THUNDER
SNOW, ICE PELLETS, HAIL 4 = ICE PELLETS
TOTAL MONTH: 0.0 INCH 5 = HAIL
GRTST 24HR 0.0 6 = FREEZING RAIN OR DRIZZLE
GRTST DEPTH: M ON M 7 = DUSTSTORM OR SANDSTORM:
VSBY 1/2 MILE OR LESS
8 = SMOKE OR HAZE
[NO. OF DAYS WITH] [WEATHER - DAYS WITH] 9 = BLOWING SNOW
X = TORNADO
MAX 32 OR BELOW: 7 0.01 INCH OR MORE: 11
MAX 90 OR ABOVE: 0 0.10 INCH OR MORE: 6
MIN 32 OR BELOW: 21 0.50 INCH OR MORE: 1
MIN 0 OR BELOW: 1 1.00 INCH OR MORE: 0
[HDD (BASE 65) ]
TOTAL THIS MO. 941 CLEAR (SCALE 0-3) 15
DPTR FM NORMAL 130 PTCLDY (SCALE 4-7) 7
TOTAL FM JUL 1 2093 CLOUDY (SCALE 8-10) 9
DPTR FM NORMAL -69
[CDD (BASE 65) ]
TOTAL THIS MO. 0
DPTR FM NORMAL 0 [PRESSURE DATA]
TOTAL FM JAN 1 0 HIGHEST SLP 30.75 ON 20
DPTR FM NORMAL 0 LOWEST SLP 29.40 ON 8
[REMARKS]
#FINAL-01-24#