000
CXUS51 KBTV 010700
CF6MVL
PRELIMINARY LOCAL CLIMATOLOGICAL DATA (WS FORM: F-6)
STATION: MORRISVILLE VT
MONTH: SEPTEMBER
YEAR: 2022
LATITUDE: 44 31 N
LONGITUDE: 72 37 W
TEMPERATURE IN F: :PCPN: SNOW: WIND :SUNSHINE: SKY :PK WND
================================================================================
1 2 3 4 5 6A 6B 7 8 9 10 11 12 13 14 15 16 17 18
12Z AVG MX 2MIN
DY MAX MIN AVG DEP HDD CDD WTR SNW DPTH SPD SPD DIR MIN PSBL S-S WX SPD DR
================================================================================
1 65 44 55 -8 10 0 0.01 M M 4.9 15 330 M M 8 1 24 320
2 77 39 58 -4 7 0 0.00 M M 2.2 10 220 M M 2 128 13 210
3 82 46 64 2 1 0 0.00 M M 3.3 10 210 M M 1 12 15 190
4 73 57 65 3 0 0 0.00 M M 3.8 16 360 M M 9 21 360
5 66 54 60 -2 5 0 0.01 M M 1.3 7 10 M M 10 8 10
6 67 60 64 3 1 0 0.25 M M 1.2 7 20 M M 10 1 9 100
7 78 53 66 5 0 1 0.00 M M 2.0 9 10 M M 5 12 12 10
8 80 52 66 5 0 1 0.00 M M 1.9 9 360 M M 5 12 13 350
9 81 51 66 6 0 1 0.00 M M 1.1 9 10 M M 4 12 12 10
10 84 53 69 9 0 4 0.00 M M 1.4 8 220 M M 4 12 12 360
11 81 54 68 8 0 3 0.00 M M 2.1 10 200 M M 5 12 14 200
12 82 60 71 12 0 6 0.00 M M 1.3 9 350 M M 9 11 360
13 74 59 67 8 0 2 1.10 M M 2.4 12 140 M M 9 1 M M
14 73 52 63 5 2 0 0.07 M M 6.8 17 330 M M 7 1 28 340
15 59 44 52 -6 13 0 T M M 6.4 16 350 M M 4 25 320
16 63 39 51 -7 14 0 0.00 M M 4.9 14 340 M M 5 20 340
17 69 36 53 -4 12 0 0.00 M M 2.6 10 210 M M 3 12 15 160
18 72 47 60 3 5 0 0.84 M M 3.0 14 360 M M 7 1 19 350
19 66 57 62 5 3 0 1.38 M M 2.7 15 160 M M 10 13 18 170
20 64 50 57 1 8 0 0.22 M M 3.0 16 10 M M 10 1 20 10
21 68 52 60 4 5 0 0.00 M M 1.8 9 220 M M 6 13 220
22 68 46 57 2 8 0 0.60 M M 5.8 20 330 M M 8 13 26 340
23 52 39 46 -9 19 0 T M M 7.5 16 330 M M 8 27 330
24 63 37 50 -4 15 0 0.00 M M 4.7 18 310 M M 2 28 320
25 58 39 49 -5 16 0 0.32 M M 0.6 6 160 M M 7 1 8 160
26 68 46 57 3 8 0 0.15 M M 3.7 16 180 M M 7 1 22 170
27 62 41 52 -1 13 0 0.01 M M 3.8 17 210 M M 8 12 26 210
28 63 48 56 3 9 0 0.29 M M 3.5 13 350 M M 9 1 18 340
29 53 33 43 -9 22 0 T M M 4.7 13 330 M M 6 1 18 330
30 64 32 48 -4 17 0 0.00 M M 0.9 7 10 M M 4 12 10 20
================================================================================
SM 2075 1420 213 18 5.25 M 95.3 M 192
================================================================================
AV 69.2 47.3 3.2 FASTST M M 6 MAX(MPH)
MISC ----> 20 330 # 28 340
================================================================================
NOTES:
# LAST OF SEVERAL OCCURRENCES
COLUMN 17 PEAK WIND IN M.P.H.
PRELIMINARY LOCAL CLIMATOLOGICAL DATA (WS FORM: F-6) , PAGE 2
STATION: MORRISVILLE VT
MONTH: SEPTEMBER
YEAR: 2022
LATITUDE: 44 31 N
LONGITUDE: 72 37 W
[TEMPERATURE DATA] [PRECIPITATION DATA] SYMBOLS USED IN COLUMN 16
AVERAGE MONTHLY: 58.3 TOTAL FOR MONTH: 5.25 1 = FOG OR MIST
DPTR FM NORMAL: 0.5 DPTR FM NORMAL: 2.10 2 = FOG REDUCING VISIBILITY
HIGHEST: 84 ON 10 GRTST 24HR 1.71 ON 18-19 TO 1/4 MILE OR LESS
LOWEST: 32 ON 30 3 = THUNDER
SNOW, ICE PELLETS, HAIL 4 = ICE PELLETS
TOTAL MONTH: M 5 = HAIL
GRTST 24HR M ON M 6 = FREEZING RAIN OR DRIZZLE
GRTST DEPTH: M ON M 7 = DUSTSTORM OR SANDSTORM:
VSBY 1/2 MILE OR LESS
8 = SMOKE OR HAZE
[NO. OF DAYS WITH] [WEATHER - DAYS WITH] 9 = BLOWING SNOW
X = TORNADO
MAX 32 OR BELOW: 0 0.01 INCH OR MORE: 13
MAX 90 OR ABOVE: 0 0.10 INCH OR MORE: 9
MIN 32 OR BELOW: 1 0.50 INCH OR MORE: 4
MIN 0 OR BELOW: 0 1.00 INCH OR MORE: 2
[HDD (BASE 65) ]
TOTAL THIS MO. 213 CLEAR (SCALE 0-3) 3
DPTR FM NORMAL -28 PTCLDY (SCALE 4-7) 18
TOTAL FM JUL 1 256 CLOUDY (SCALE 8-10) 9
DPTR FM NORMAL -91
[CDD (BASE 65) ]
TOTAL THIS MO. 18
DPTR FM NORMAL -4 [PRESSURE DATA]
TOTAL FM JAN 1 336 HIGHEST SLP M ON M
DPTR FM NORMAL 91 LOWEST SLP 29.50 ON 22
[REMARKS]
#FINAL-09-22#