000
CXUS54 KFWD 072138
CF6RPH
PRELIMINARY LOCAL CLIMATOLOGICAL DATA (WS FORM: F-6)
STATION: GRAHAM
MONTH: APRIL
YEAR: 2022
LATITUDE: 33 6 N
LONGITUDE: 98 30 W
TEMPERATURE IN F: :PCPN: SNOW: WIND :SUNSHINE: SKY :PK WND
================================================================================
1 2 3 4 5 6A 6B 7 8 9 10 11 12 13 14 15 16 17 18
12Z AVG MX 2MIN
DY MAX MIN AVG DEP HDD CDD WTR SNW DPTH SPD SPD DIR MIN PSBL S-S WX SPD DR
================================================================================
1 79 48 64 5 1 0 T M M 9.5 16 130 M M 2 30 M
2 76 47 62 3 3 0 0.00 M M 6.0 12 120 M M 0 1 21 360
3 88 52 70 10 0 5 T M M 10.6 17 210 M M 1 30 M
4 79 59 69 9 0 4 0.02 M M 7.7 16 290 M M 6 1 26 290
5 94 58 76 16 0 11 0.00 M M 8.8 22 250 M M 4 1 32 M
6 79 51 65 5 0 0 0.00 M M 15.8 31 360 M M 0 44 360
7 69 41 55 -5 10 0 0.00 M M 11.7 31 300 M M 0 41 300
8 69 40 55 -6 10 0 0.00 M M 9.9 24 300 M M 0 33 M
9 90 33 62 1 3 0 0.00 M M 8.1 20 220 M M 0 28 210
10 91 63 77 16 0 12 0.00 M M 11.8 20 160 M M 1 26 160
11 85 64 75 14 0 10 0.00 M M 8.4 17 280 M M 1 8 25 160
12 89 70 80 18 0 15 0.00 M M 12.4 18 140 M M 2 8 32 M
13 75 53 64 2 1 0 0.00 M M 10.6 21 340 M M 1 26 340
14 78 42 60 -2 5 0 0.00 M M 7.8 13 130 M M 0 20 120
15 94 59 77 15 0 12 0.00 M M 9.8 15 180 M M 0 23 190
16 76 52 64 2 1 0 0.00 M M 9.5 17 350 M M 4 25 340
17 78 47 63 0 2 0 0.00 M M 4.9 10 340 M M 4 20 320
18 74 48 61 -2 4 0 0.00 M M 7.0 10 60 M M 0 20 100
19 76 50 63 0 2 0 T M M 11.6 17 150 M M 5 28 140
20 97 65 81 17 0 16 0.00 M M 12.4 17 200 M M 4 8 25 160
21 91 70 81 17 0 16 0.00 M M 12.3 17 150 M M 1 8 25 150
22 86 69 78 14 0 13 0.00 M M 13.5 22 150 M M 5 35 160
23 85 69 77 13 0 12 0.00 M M 12.6 17 140 M M 4 36 M
24 74 53 64 -1 1 0 0.07 M M 7.7 14 170 M M 9 1 24 99
25 65 47 56 -9 9 0 0.00 M M 6.7 14 360 M M 3 21 30
26 74 40 57 -8 8 0 0.00 M M 4.7 10 70 M M 0 16 100
27 73 54 64 -1 1 0 0.00 M M 8.1 13 140 M M 6 20 150
28 84 63 74 8 0 9 0.00 M M 9.8 16 140 M M 5 23 160
29 87 68 78 12 0 13 0.00 M M 11.7 16 160 M M 3 28 150
30 80 55 68 2 0 3 0.00 M M 7.4 17 350 M M 0 25 360
================================================================================
SM 2435 1630 61 151 0.09 M 288.6 M 71
================================================================================
AV 81.2 54.3 9.6 FASTST M M 2 MAX(MPH)
MISC ----> 31 360 44 360
================================================================================
NOTES:
# LAST OF SEVERAL OCCURRENCES
COLUMN 17 PEAK WIND IN M.P.H.
PRELIMINARY LOCAL CLIMATOLOGICAL DATA (WS FORM: F-6) , PAGE 2
STATION: GRAHAM
MONTH: APRIL
YEAR: 2022
LATITUDE: 33 6 N
LONGITUDE: 98 30 W
[TEMPERATURE DATA] [PRECIPITATION DATA] SYMBOLS USED IN COLUMN 16
AVERAGE MONTHLY: 67.8 TOTAL FOR MONTH: 0.09 1 = FOG OR MIST
DPTR FM NORMAL: 5.3 DPTR FM NORMAL: -2.37 2 = FOG REDUCING VISIBILITY
HIGHEST: 97 ON 20 GRTST 24HR 0.07 ON 24-24 TO 1/4 MILE OR LESS
LOWEST: 33 ON 9 3 = THUNDER
SNOW, ICE PELLETS, HAIL 4 = ICE PELLETS
TOTAL MONTH: M 5 = HAIL
GRTST 24HR M ON M 6 = FREEZING RAIN OR DRIZZLE
GRTST DEPTH: M ON M 7 = DUSTSTORM OR SANDSTORM:
VSBY 1/2 MILE OR LESS
8 = SMOKE OR HAZE
[NO. OF DAYS WITH] [WEATHER - DAYS WITH] 9 = BLOWING SNOW
X = TORNADO
MAX 32 OR BELOW: 0 0.01 INCH OR MORE: 2
MAX 90 OR ABOVE: 6 0.10 INCH OR MORE: 0
MIN 32 OR BELOW: 0 0.50 INCH OR MORE: 0
MIN 0 OR BELOW: 0 1.00 INCH OR MORE: 0
[HDD (BASE 65) ]
TOTAL THIS MO. 61 CLEAR (SCALE 0-3) 18
DPTR FM NORMAL -83 PTCLDY (SCALE 4-7) 11
TOTAL FM JUL 1 2338 CLOUDY (SCALE 8-10) 1
DPTR FM NORMAL -543
[CDD (BASE 65) ]
TOTAL THIS MO. 151
DPTR FM NORMAL 82 [PRESSURE DATA]
TOTAL FM JAN 1 189 HIGHEST SLP M ON M
DPTR FM NORMAL 100 LOWEST SLP M ON M
[REMARKS]
#FINAL-04-22#