000
CXUS54 KLZK 011230
CF6SRC
PRELIMINARY LOCAL CLIMATOLOGICAL DATA (WS FORM: F-6)
STATION: SEARCY AIRPORT
MONTH: MARCH
YEAR: 2023
LATITUDE: 35 12 N
LONGITUDE: 91 44 W
TEMPERATURE IN F: :PCPN: SNOW: WIND :SUNSHINE: SKY :PK WND
================================================================================
1 2 3 4 5 6A 6B 7 8 9 10 11 12 13 14 15 16 17 18
12Z AVG MX 2MIN
DY MAX MIN AVG DEP HDD CDD WTR SNW DPTH SPD SPD DIR MIN PSBL S-S WX SPD DR
================================================================================
1 74 47 61 15 4 0 0.73 M M 3.7 14 210 M M 5 13 21 210
2 60 52 56 9 9 0 0.49 M M 10.5 18 60 M M 10 1 23 60
3 65 48 57 10 8 0 2.50 M M 11.0 20 340 M M 9 13 33 260
4 64 44 54 6 11 0 0.00 M M 3.8 8 60 M M 6 M M
5 73 39 56 8 9 0 0.00 M M 4.1 12 140 M M 0 1 M M
6 79 45 62 14 3 0 0.00 M M 4.3 13 190 M M 0 M M
7 63 51 57 9 8 0 0.00 M M 12.7 17 50 M M 0 25 50
8 52 45 49 0 16 0 0.47 M M 9.9 16 30 M M 9 1 20 40
9 54 46 50 1 15 0 1.00 M M 3.6 9 340 M M 10 1 M M
10 61 39 50 0 15 0 0.00 M M 5.0 10 350 M M 1 M M
11 47 38 43 -7 22 0 0.45 M M 6.0 12 100 M M 7 1 M M
12 58 46 52 2 13 0 0.00 M M 9.2 13 350 M M 6 1 20 350
13 52 35 44 -6 21 0 0.00 M M 8.0 13 360 M M 0 17 360
14 49 28 39 -12 26 0 0.00 M M 5.3 9 20 M M 0 M M
15 57 27 42 -9 23 0 0.00 M M 5.3 13 120 M M 0 M M
16 63 48 56 4 9 0 1.57 M M 9.8 18 170 M M 10 1 23 170
17 60 37 49 -3 16 0 T M M 10.4 16 310 M M 3 29 320
18 48 28 38 -14 27 0 0.00 M M 7.5 15 310 M M 0 28 340
19 46 25 36 -16 29 0 0.00 M M 5.3 12 360 M M 0 M M
20 54 22 38 -15 27 0 0.00 M M 7.7 17 180 M M 1 20 180
21 49 43 46 -7 19 0 0.19 M M 5.9 12 140 M M 10 1 17 160
22 75 49 62 9 3 0 0.03 M M 6.6 15 200 M M 9 26 200
23 83 67 75 21 0 10 0.00 M M 10.6 18 180 M M 7 24 210
24 62 55 59 5 6 0 1.49 M M 8.7 20 280 M M 9 13 39 300
25 70 49 60 6 5 0 0.00 M M 6.1 12 60 M M 2 16 290
26 77 44 61 7 4 0 0.00 M M 3.4 10 340 M M 0 20 340
27 67 47 57 2 8 0 T M M 8.7 15 350 M M 1 26 350
28 64 44 54 -1 11 0 T M M 8.5 15 40 M M 3 25 10
29 65 36 51 -4 14 0 0.00 M M 4.8 10 110 M M 1 M M
30 75 44 60 4 5 0 0.19 M M 5.9 16 140 M M 8 13 22 170
31 75 55 65 9 0 0 0.37 M M 10.3 21 200 M M 8 3 31 200
================================================================================
SM 1941 1323 386 10 9.48 M 222.4 M 135
================================================================================
AV 62.6 42.7 7.2 FASTST M M 4 MAX(MPH)
MISC ----> 21 200 39 300
================================================================================
NOTES:
# LAST OF SEVERAL OCCURRENCES
COLUMN 17 PEAK WIND IN M.P.H.
PRELIMINARY LOCAL CLIMATOLOGICAL DATA (WS FORM: F-6) , PAGE 2
STATION: SEARCY AIRPORT
MONTH: MARCH
YEAR: 2023
LATITUDE: 35 12 N
LONGITUDE: 91 44 W
[TEMPERATURE DATA] [PRECIPITATION DATA] SYMBOLS USED IN COLUMN 16
AVERAGE MONTHLY: 52.6 TOTAL FOR MONTH: 9.48 1 = FOG OR MIST
DPTR FM NORMAL: 1.2 DPTR FM NORMAL: 4.70 2 = FOG REDUCING VISIBILITY
HIGHEST: 83 ON 23 GRTST 24HR 2.98 ON 2- 3 TO 1/4 MILE OR LESS
LOWEST: 22 ON 20 3 = THUNDER
SNOW, ICE PELLETS, HAIL 4 = ICE PELLETS
TOTAL MONTH: M 5 = HAIL
GRTST 24HR M ON M 6 = FREEZING RAIN OR DRIZZLE
GRTST DEPTH: M ON M 7 = DUSTSTORM OR SANDSTORM:
VSBY 1/2 MILE OR LESS
8 = SMOKE OR HAZE
[NO. OF DAYS WITH] [WEATHER - DAYS WITH] 9 = BLOWING SNOW
X = TORNADO
MAX 32 OR BELOW: 0 0.01 INCH OR MORE: 12
MAX 90 OR ABOVE: 0 0.10 INCH OR MORE: 11
MIN 32 OR BELOW: 5 0.50 INCH OR MORE: 5
MIN 0 OR BELOW: 0 1.00 INCH OR MORE: 4
[HDD (BASE 65) ]
TOTAL THIS MO. 386 CLEAR (SCALE 0-3) 15
DPTR FM NORMAL -46 PTCLDY (SCALE 4-7) 8
TOTAL FM JUL 1 2733 CLOUDY (SCALE 8-10) 8
DPTR FM NORMAL -584
[CDD (BASE 65) ]
TOTAL THIS MO. 10
DPTR FM NORMAL 1 [PRESSURE DATA]
TOTAL FM JAN 1 11 HIGHEST SLP 30.34 ON 29
DPTR FM NORMAL 2 LOWEST SLP 29.71 ON 25
[REMARKS]
#FINAL-03-23#