227
CXUS54 KLZK 011130
CF6SRC
PRELIMINARY LOCAL CLIMATOLOGICAL DATA (WS FORM: F-6)
STATION: SEARCY AIRPORT
MONTH: MARCH
YEAR: 2021
LATITUDE: 35 12 N
LONGITUDE: 91 44 W
TEMPERATURE IN F: :PCPN: SNOW: WIND :SUNSHINE: SKY :PK WND
================================================================================
1 2 3 4 5 6A 6B 7 8 9 10 11 12 13 14 15 16 17 18
12Z AVG MX 2MIN
DY MAX MIN AVG DEP HDD CDD WTR SNW DPTH SPD SPD DIR MIN PSBL S-S WX SPD DR
================================================================================
1 51 34 43 -3 22 0 0.00 M M 8.0 15 340 M M 2 22 350
2 54 28 41 -6 24 0 T M M 3.4 8 130 M M 4 M M
3 68 27 48 1 17 0 0.00 M M 2.6 10 190 M M 0 1 M M
4 73 32 53 5 12 0 0.00 M M 2.4 10 120 M M 0 M M
5 54 41 48 0 17 0 T M M 12.5 21 50 M M 6 28 50
6 59 35 47 -1 18 0 0.00 M M 6.1 12 30 M M 0 M M
7 65 29 47 -1 18 0 0.00 M M 2.9 12 140 M M 0 1 16 170
8 69 31 50 1 15 0 0.00 M M 5.5 14 170 M M 0 20 170
9 72 40 56 7 9 0 0.00 M M 8.8 17 160 M M 3 24 160
10 72 56 64 14 1 0 0.00 M M 11.8 18 180 M M 8 30 170
11 73 60 67 17 0 2 T M M 11.5 17 190 M M 9 25 190
12 67 53 60 10 5 0 0.00 M M 6.7 14 30 M M 7 8 M M
13 63 51 57 7 8 0 0.12 M M 9.5 14 50 M M 10 1 M M
14 73 53 63 12 2 0 1.01 M M 8.4 17 280 M M 9 1 25 280
15 76 49 63 12 2 0 0.39 M M 6.5 16 230 M M 5 18 23 230
16 74 44 59 7 6 0 0.00 M M 4.7 10 140 M M 0 8 M M
17 72 57 65 13 0 0 1.78 0.0 0 6.5 16 130 M M 6 13 27 200
18 57 44 51 -1 14 0 0.00 0.0 0 11.3 17 260 M M 9 30 300
19 58 42 50 -2 15 0 0.00 0.0 0 10.7 16 30 M M 5 21 70
20 62 38 50 -3 15 0 0.00 0.0 0 5.9 10 90 M M 3 M M
21 69 36 53 0 12 0 0.00 0.0 0 4.6 14 190 M M 0 1 20 170
22 71 40 56 3 9 0 0.00 M M 7.1 18 150 M M 2 30 150
23 75 54 65 11 0 0 0.72 M M 10.3 20 190 M M 6 1 27 190
24 77 43 60 6 5 0 0.00 M M 5.0 12 200 M M 0 M M
25 64 47 56 2 9 0 1.24 M M 8.2 20 40 M M 8 13 28 70
26 70 41 56 2 9 0 T M M 5.2 12 140 M M 0 12 M M
27 80 49 65 10 0 0 0.59 M M 2.6 26 180 M M 7 13 39 180
28 M M M M M M 0.00 M M 8.2 17 330 M M 2 32 360
29 M M M M M M 0.00 M M 7.2 14 190 M M 0 20 190
30 M M M M M M 0.96 M M 4.8 15 190 M M 7 1 20 190
31 M M M M M M T M M 11.4 18 360 M M 6 25 20
================================================================================
SM 1818 1154 264 2 6.81 0.0 220.4 M 124
================================================================================
AV 67.3 42.7 7.1 FASTST M M 4 MAX(MPH)
MISC ----> 26 180 39 180
================================================================================
NOTES:
# LAST OF SEVERAL OCCURRENCES
COLUMN 17 PEAK WIND IN M.P.H.
PRELIMINARY LOCAL CLIMATOLOGICAL DATA (WS FORM: F-6) , PAGE 2
STATION: SEARCY AIRPORT
MONTH: MARCH
YEAR: 2021
LATITUDE: 35 12 N
LONGITUDE: 91 44 W
[TEMPERATURE DATA] [PRECIPITATION DATA] SYMBOLS USED IN COLUMN 16
AVERAGE MONTHLY: 55.0 TOTAL FOR MONTH: 6.81 1 = FOG OR MIST
DPTR FM NORMAL: 3.6 DPTR FM NORMAL: 2.03 2 = FOG REDUCING VISIBILITY
HIGHEST: 80 ON 27 GRTST 24HR 1.78 ON 17-17 TO 1/4 MILE OR LESS
LOWEST: 27 ON 3 3 = THUNDER
SNOW, ICE PELLETS, HAIL 4 = ICE PELLETS
TOTAL MONTH: 0.0 INCH 5 = HAIL
GRTST 24HR 0.0 6 = FREEZING RAIN OR DRIZZLE
GRTST DEPTH: 0 7 = DUSTSTORM OR SANDSTORM:
VSBY 1/2 MILE OR LESS
8 = SMOKE OR HAZE
[NO. OF DAYS WITH] [WEATHER - DAYS WITH] 9 = BLOWING SNOW
X = TORNADO
MAX 32 OR BELOW: 0 0.01 INCH OR MORE: 8
MAX 90 OR ABOVE: 0 0.10 INCH OR MORE: 8
MIN 32 OR BELOW: 5 0.50 INCH OR MORE: 6
MIN 0 OR BELOW: 0 1.00 INCH OR MORE: 3
[HDD (BASE 65) ]
TOTAL THIS MO. 264 CLEAR (SCALE 0-3) 14
DPTR FM NORMAL -168 PTCLDY (SCALE 4-7) 13
TOTAL FM JUL 1 3103 CLOUDY (SCALE 8-10) 4
DPTR FM NORMAL -214
[CDD (BASE 65) ]
TOTAL THIS MO. 2
DPTR FM NORMAL -7 [PRESSURE DATA]
TOTAL FM JAN 1 2 HIGHEST SLP M ON M
DPTR FM NORMAL -7 LOWEST SLP M ON M
[REMARKS]
#FINAL-03-21#