000
CXUS56 KMFR 251000
CF6AAT
PRELIMINARY LOCAL CLIMATOLOGICAL DATA (WS FORM: F-6)

                                          STATION:   ALTURAS CA
                                          MONTH:     MAY
                                          YEAR:      2018
                                          LATITUDE:   41 29 N
                                          LONGITUDE: 120 34 W

  TEMPERATURE IN F:       :PCPN:    SNOW:  WIND      :SUNSHINE: SKY     :PK WND
================================================================================
1   2   3   4   5  6A  6B    7    8   9   10  11  12  13   14  15   16   17  18
                                     12Z  AVG MX 2MIN
DY MAX MIN AVG DEP HDD CDD  WTR  SNW DPTH SPD SPD DIR MIN PSBL S-S WX    SPD DR
================================================================================

 1  59  31  45  -3  20   0 0.03    M    M  3.9 15 360   M    M   2        20  10
 2  65  31  48   0  17   0 0.00    M    M  3.4 15  20   M    M   0        22  10
 3  73  31  52   4  13   0 0.00    M    M  2.8 13 240   M    M   0 1      16 250
 4  75  38  57   9   8   0 0.00    M    M  3.7 17 270   M    M   0        22 290
 5  74  41  58   9   7   0 0.00    M    M  2.6 18 190   M    M   0        23 180
 6  73  41  57   8   8   0 0.00    M    M  6.9 22 280   M    M   0        29 270
 7  77  34  56   7   9   0 0.00    M    M  2.4 12 270   M    M   0        16 230
 8  80  37  59   9   6   0 0.00    M    M  5.8 24 270   M    M   0        29 280
 9  72  44  58   8   7   0 0.00    M    M  6.0 20 270   M    M   1        27 260
10  67  35  51   1  14   0 0.00    M    M  6.4 22 310   M    M   1        28 300
11  57  38  48  -2  17   0 0.00    M    M 15.4 26  20   M    M   3        36  30
12  66  47  57   6   8   0 0.00    M    M 11.2 28 360   M    M   9        39 360
13  74  40  57   6   8   0 0.00    M    M  4.4 17  10   M    M   4        22 360
14  74  36  55   4  10   0 0.00    M    M  3.5 15  70   M    M   2        20  80
15  73  37  55   3  10   0 0.03    M    M  5.1 23 240   M    M   5 3      29 240
16  72  42  57   5   8   0 0.31    M    M  6.3 26 310   M    M   6 13     34 330
17  62  46  54   2  11   0 0.07    M    0  5.1 15 350   M    M   8 3      22 350
18  71  43  57   5   8   0 0.00  0.0    0  4.7 16 260   M    M   3        21 290
19  74  36  55   2  10   0 0.01    M    M  4.2 22 250   M    M   4        28 250
20  70  45  58   5   7   0    T    M    M  5.6 23 250   M    M   7 3      29 260
21  74  39  57   4   8   0 0.00  0.0    0  4.6 13  10   M    M   0        17 310
22  76  41  59   6   6   0    T    M    M  2.8 21  70   M    M   3 3      29  50
23  74  47  61   7   4   0 0.20    M    M  5.1 22 140   M    M   7 13     26 150
24  78  44  61   7   4   0 0.31    M    M  4.7 29 170   M    M   5 123    39 160
================================================================================
SM 1710  944       228   0  0.96     0.0 126.6          M       70
================================================================================
AV 71.3 39.3                               5.3 FASTST   M    M   3    MAX(MPH)
                                 MISC ---->  # 29 170               # 39  360
================================================================================
NOTES:
# LAST OF SEVERAL OCCURRENCES

COLUMN 17 PEAK WIND IN M.P.H.

PRELIMINARY LOCAL CLIMATOLOGICAL DATA (WS FORM: F-6) , PAGE 2

                                          STATION:  ALTURAS CA
                                          MONTH:    MAY
                                          YEAR:     2018
                                          LATITUDE:   41 29 N
                                          LONGITUDE: 120 34 W

[TEMPERATURE DATA]      [PRECIPITATION DATA]       SYMBOLS USED IN COLUMN 16

AVERAGE MONTHLY: 55.3   TOTAL FOR MONTH:   0.96    1 = FOG OR MIST
DPTR FM NORMAL:   4.5   DPTR FM NORMAL:   -0.12    2 = FOG REDUCING VISIBILITY
HIGHEST:    80 ON  8    GRTST 24HR  0.31 ON 24-24      TO 1/4 MILE OR LESS
LOWEST:     31 ON  3, 2                            3 = THUNDER
                        SNOW, ICE PELLETS, HAIL    4 = ICE PELLETS
                        TOTAL MONTH:   0.0 INCH    5 = HAIL
                        GRTST 24HR     0.0         6 = FREEZING RAIN OR DRIZZLE
                        GRTST DEPTH:   0           7 = DUSTSTORM OR SANDSTORM:
                                                       VSBY 1/2 MILE OR LESS
                                                   8 = SMOKE OR HAZE
[NO. OF DAYS WITH]      [WEATHER - DAYS WITH]      9 = BLOWING SNOW
                                                   X = TORNADO
MAX 32 OR BELOW:   0    0.01 INCH OR MORE:   7
MAX 90 OR ABOVE:   0    0.10 INCH OR MORE:   3
MIN 32 OR BELOW:   3    0.50 INCH OR MORE:   0
MIN  0 OR BELOW:   0    1.00 INCH OR MORE:   0

[HDD (BASE 65) ]
TOTAL THIS MO.   228    CLEAR  (SCALE 0-3)  14
DPTR FM NORMAL  -111    PTCLDY (SCALE 4-7)   8
TOTAL FM JUL 1  6081    CLOUDY (SCALE 8-10)  2
DPTR FM NORMAL  -602

[CDD (BASE 65) ]
TOTAL THIS MO.     0
DPTR FM NORMAL     0    [PRESSURE DATA]
TOTAL FM JAN 1     0    HIGHEST SLP M ON M
DPTR FM NORMAL     0    LOWEST  SLP 29.73 ON 22

[REMARKS]
