000
CXUS56 KMFR 261000
CF6AAT
PRELIMINARY LOCAL CLIMATOLOGICAL DATA (WS FORM: F-6)

                                          STATION:   ALTURAS CA
                                          MONTH:     APRIL
                                          YEAR:      2019
                                          LATITUDE:   41 29 N
                                          LONGITUDE: 120 34 W

  TEMPERATURE IN F:       :PCPN:    SNOW:  WIND      :SUNSHINE: SKY     :PK WND
================================================================================
1   2   3   4   5  6A  6B    7    8   9   10  11  12  13   14  15   16   17  18
                                     12Z  AVG MX 2MIN
DY MAX MIN AVG DEP HDD CDD  WTR  SNW DPTH SPD SPD DIR MIN PSBL S-S WX    SPD DR
================================================================================

 1  55  36  46   6  19   0 0.20    M    M  2.2  9 170   M    M  10 18     11 180
 2  54  39  47   7  18   0 0.22    M    M  6.4 21 250   M    M   7 1      25 250
 3  56  37  47   7  18   0    T    M    M  6.0 16 270   M    M   8 1      20 270
 4  55  35  45   4  20   0    T    M    M  5.9 18 250   M    M   8 18     23 250
 5  51  34  43   2  22   0 0.04    M    M 10.8 25 200   M    M   8 1      33 200
 6  54  36  45   4  20   0    T    M    M 12.5 25 210   M    M   8        32 210
 7  61  47  54  13  11   0 0.00    M    M 14.4 28 220   M    M   9        37 220
 8  62  33  48   7  17   0 1.01    M    M 13.1 26 220   M    M  10 1      32 220
 9  48  32  40  -2  25   0 0.23    M    M 15.0 31 320   M    M   6 1      38 310
10  54  29  42   0  23   0 0.00    M    M  8.4 25 300   M    M   6        33 320
11  45  37  41  -1  24   0    T    M    M  7.9 20 310   M    M  10        25 310
12  56  34  45   3  20   0 0.00    M    M  6.8 17 290   M    M   7        22 320
13  65  26  46   4  19   0    T    M    M  6.7 18 260   M    M   3 1      26 260
14  53  38  46   3  19   0    T    M    M  7.1 26 260   M    M  10        35 210
15  53  36  45   2  20   0 0.06    M    M  6.6 23 180   M    M   9        31 200
16  56  32  44   1  21   0 0.04    M    M  2.4 10  60   M    M   5 18     14 310
17  67  27  47   4  18   0 0.00    M    M  1.9 12 360   M    M   2 18     15 340
18  76  32  54  10  11   0 0.00    M    M  2.0 14 190   M    M   0 1      16 190
19  76  36  56  12   9   0 0.00    M    M  6.9 23 260   M    M   1        28 270
20  54  43  49   5  16   0 0.41    M    M  5.8 16 280   M    M   9 13     19 280
21  61  36  49   5  16   0 0.00    M    M  8.6 20  10   M    M   3        26 350
22  70  31  51   6  14   0 0.00    M    M  2.5 13  10   M    M   0 1      17  10
23  75  38  57  12   8   0 0.00    M    M  4.1 14 330   M    M   0        18 290
24  74  38  56  11   9   0 0.00    M    M  3.1 13 320   M    M   0        19 330
25  78  39  59  13   6   0 0.00    M    M  5.9 21 260   M    M   0        27 280
================================================================================
SM 1509  881       423   0  2.21    M    173.0          M      139
================================================================================
AV 60.4 35.2                               6.9 FASTST   M    M   6    MAX(MPH)
                                 MISC ---->  # 31 320               # 38  310
================================================================================
NOTES:
# LAST OF SEVERAL OCCURRENCES

COLUMN 17 PEAK WIND IN M.P.H.

PRELIMINARY LOCAL CLIMATOLOGICAL DATA (WS FORM: F-6) , PAGE 2

                                          STATION:  ALTURAS CA
                                          MONTH:    APRIL
                                          YEAR:     2019
                                          LATITUDE:   41 29 N
                                          LONGITUDE: 120 34 W

[TEMPERATURE DATA]      [PRECIPITATION DATA]       SYMBOLS USED IN COLUMN 16

AVERAGE MONTHLY: 47.8   TOTAL FOR MONTH:   2.21    1 = FOG OR MIST
DPTR FM NORMAL:   5.2   DPTR FM NORMAL:    0.93    2 = FOG REDUCING VISIBILITY
HIGHEST:    78 ON 25    GRTST 24HR  1.01 ON  8- 8      TO 1/4 MILE OR LESS
LOWEST:     26 ON 13                               3 = THUNDER
                        SNOW, ICE PELLETS, HAIL    4 = ICE PELLETS
                        TOTAL MONTH:    M          5 = HAIL
                        GRTST 24HR    M  ON   M    6 = FREEZING RAIN OR DRIZZLE
                        GRTST DEPTH:  M  ON   M    7 = DUSTSTORM OR SANDSTORM:
                                                       VSBY 1/2 MILE OR LESS
                                                   8 = SMOKE OR HAZE
[NO. OF DAYS WITH]      [WEATHER - DAYS WITH]      9 = BLOWING SNOW
                                                   X = TORNADO
MAX 32 OR BELOW:   0    0.01 INCH OR MORE:   8
MAX 90 OR ABOVE:   0    0.10 INCH OR MORE:   5
MIN 32 OR BELOW:   7    0.50 INCH OR MORE:   1
MIN  0 OR BELOW:   0    1.00 INCH OR MORE:   1

[HDD (BASE 65) ]
TOTAL THIS MO.   423    CLEAR  (SCALE 0-3)   9
DPTR FM NORMAL  -137    PTCLDY (SCALE 4-7)   9
TOTAL FM JUL 1  5812    CLOUDY (SCALE 8-10)  7
DPTR FM NORMAL  -440

[CDD (BASE 65) ]
TOTAL THIS MO.     0
DPTR FM NORMAL     0    [PRESSURE DATA]
TOTAL FM JAN 1     0    HIGHEST SLP M ON M
DPTR FM NORMAL     0    LOWEST  SLP 29.75 ON 15

[REMARKS]
