000
CXUS56 KMFR 261000
CF6AAT
PRELIMINARY LOCAL CLIMATOLOGICAL DATA (WS FORM: F-6)

                                          STATION:   ALTURAS CA
                                          MONTH:     JUNE
                                          YEAR:      2019
                                          LATITUDE:   41 29 N
                                          LONGITUDE: 120 34 W

  TEMPERATURE IN F:       :PCPN:    SNOW:  WIND      :SUNSHINE: SKY     :PK WND
================================================================================
1   2   3   4   5  6A  6B    7    8   9   10  11  12  13   14  15   16   17  18
                                     12Z  AVG MX 2MIN
DY MAX MIN AVG DEP HDD CDD  WTR  SNW DPTH SPD SPD DIR MIN PSBL S-S WX    SPD DR
================================================================================

 1  76  46  61   5   4   0 0.05    M    M  3.1 16  40   M    M   2 13     21  30
 2  81  42  62   6   3   0    T    M    M  3.0 17 360   M    M   2 3      23 360
 3  82  47  65   9   0   0 0.00    M    M  4.3 14 330   M    M   1        20 360
 4  83  45  64   8   1   0 0.00    M    M  4.3 16 310   M    M   0        22 310
 5  86  42  64   8   1   0 0.00    M    M  6.2 24 250   M    M   0        29 260
 6  73  46  60   3   5   0 0.00    M    M 10.0 30 260   M    M   2        39 260
 7  59  37  48  -9  17   0    T    M    M  9.2 18 330   M    M   6        26 320
 8  67  30  49  -8  16   0 0.00    M    M  4.5 15  70   M    M   0        26  40
 9  78  32  55  -3  10   0 0.00    M    M  4.3 15 190   M    M   0        19 200
10  88  34  61   3   4   0 0.00    M    M  2.4 12 310   M    M   0        15 310
11  91  43  67   9   0   2 0.00    M    M  3.0 12 280   M    M   0        14 290
12  92  45  69  11   0   4 0.00    M    M  4.4 20 260   M    M   0        27 270
13  87  49  68   9   0   3 0.09    M    M  5.7 24 230   M    M   2 3      32 250
14  85  45  65   6   0   0 0.00    M    M  4.0 15 320   M    M   0        18 310
15  86  44  65   6   0   0 0.00    M    M  4.2 15 300   M    M   0        21 270
16  88  46  67   8   0   2    T    M    M  5.1 30  10   M    M   1        51 360
17  88  50  69   9   0   4 0.00    M    M  6.5 15 340   M    M   0        22 350
18  88  50  69   9   0   4 0.00    M    M  6.5 20 330   M    M   0        26 320
19  85  43  64   4   1   0 0.00    M    M  7.8 25 320   M    M   0        32 320
20  70  39  55  -5  10   0 0.00    M    M 10.2 24 310   M    M   0        30 300
21  68  33  51 -10  14   0 0.00    M    M  6.9 21  10   M    M   0        27 350
22  78  41  60  -1   5   0 0.00    M    M  5.3 14 360   M    M   0        20  40
23  81  42  62   1   3   0 0.00    M    M  5.9 20 300   M    M   0        28 290
24  80  39  60  -2   5   0 0.00    M    M  6.7 22 240   M    M   0        30 250
25  75  41  58  -4   7   0 0.00    M    M  8.0 26 250   M    M   0        36 260
================================================================================
SM 2015 1051       106  19  0.14    M    141.5          M       16
================================================================================
AV 80.6 42.0                               5.7 FASTST   M    M   1    MAX(MPH)
                                 MISC ---->  # 30 260               # 51  360
================================================================================
NOTES:
# LAST OF SEVERAL OCCURRENCES

COLUMN 17 PEAK WIND IN M.P.H.

PRELIMINARY LOCAL CLIMATOLOGICAL DATA (WS FORM: F-6) , PAGE 2

                                          STATION:  ALTURAS CA
                                          MONTH:    JUNE
                                          YEAR:     2019
                                          LATITUDE:   41 29 N
                                          LONGITUDE: 120 34 W

[TEMPERATURE DATA]      [PRECIPITATION DATA]       SYMBOLS USED IN COLUMN 16

AVERAGE MONTHLY: 61.3   TOTAL FOR MONTH:   0.14    1 = FOG OR MIST
DPTR FM NORMAL:   2.7   DPTR FM NORMAL:   -0.72    2 = FOG REDUCING VISIBILITY
HIGHEST:    92 ON 12    GRTST 24HR  0.09 ON 13-13      TO 1/4 MILE OR LESS
LOWEST:     30 ON  8                               3 = THUNDER
                        SNOW, ICE PELLETS, HAIL    4 = ICE PELLETS
                        TOTAL MONTH:    M          5 = HAIL
                        GRTST 24HR    M  ON   M    6 = FREEZING RAIN OR DRIZZLE
                        GRTST DEPTH:  M  ON   M    7 = DUSTSTORM OR SANDSTORM:
                                                       VSBY 1/2 MILE OR LESS
                                                   8 = SMOKE OR HAZE
[NO. OF DAYS WITH]      [WEATHER - DAYS WITH]      9 = BLOWING SNOW
                                                   X = TORNADO
MAX 32 OR BELOW:   0    0.01 INCH OR MORE:   2
MAX 90 OR ABOVE:   2    0.10 INCH OR MORE:   0
MIN 32 OR BELOW:   2    0.50 INCH OR MORE:   0
MIN  0 OR BELOW:   0    1.00 INCH OR MORE:   0

[HDD (BASE 65) ]
TOTAL THIS MO.   106    CLEAR  (SCALE 0-3)  24
DPTR FM NORMAL   -59    PTCLDY (SCALE 4-7)   1
TOTAL FM JUL 1  6392    CLOUDY (SCALE 8-10)  0
DPTR FM NORMAL  -530

[CDD (BASE 65) ]
TOTAL THIS MO.    19
DPTR FM NORMAL    15    [PRESSURE DATA]
TOTAL FM JAN 1    19    HIGHEST SLP M ON M
DPTR FM NORMAL    15    LOWEST  SLP 29.76 ON 25

[REMARKS]
