000
CXUS56 KMFR 281000
CF6AAT
PRELIMINARY LOCAL CLIMATOLOGICAL DATA (WS FORM: F-6)

                                          STATION:   ALTURAS CA
                                          MONTH:     FEBRUARY
                                          YEAR:      2020
                                          LATITUDE:   41 29 N
                                          LONGITUDE: 120 34 W

  TEMPERATURE IN F:       :PCPN:    SNOW:  WIND      :SUNSHINE: SKY     :PK WND
================================================================================
1   2   3   4   5  6A  6B    7    8   9   10  11  12  13   14  15   16   17  18
                                     12Z  AVG MX 2MIN
DY MAX MIN AVG DEP HDD CDD  WTR  SNW DPTH SPD SPD DIR MIN PSBL S-S WX    SPD DR
================================================================================

 1  62  23  43  11  22   0 0.00    M    M  3.0 23 240   M    M   0 18     29 240
 2  40  19  30  -2  35   0 0.03    M    M  7.8 21  10   M    M   7 128    26  10
 3  32  10  21 -11  44   0 0.00    M    M  4.2 13  30   M    M   2 8      17  20
 4  32  16  24  -8  41   0 0.00    M    M  3.7 13  10   M    M   1 8      16  10
 5  40  25  33   1  32   0 0.00    M    M  1.2  8 120   M    M   8 1      10 110
 6  49  25  37   5  28   0 0.00    M    M  1.5  8  60   M    M   6 12     11  70
 7  56  18  37   5  28   0 0.00    M    M  0.9  8  20   M    M   0 18     10  30
 8  41  21  31  -2  34   0    T    M    M  9.2 24 300   M    M   2 18     29 310
 9  41  21  31  -2  34   0 0.00    M    M  6.6 17  10   M    M   2 18     21 350
10  52  13  33   0  32   0 0.00    M    M  3.4 13  20   M    M   0 1      17  20
11  53  15  34   1  31   0 0.00    M    M  1.8 10 290   M    M   0 18     12 290
12  51  16  34   1  31   0 0.00    M    M  2.0 12  10   M    M   0 18     14  10
13  57  11  34   0  31   0 0.00    M    M  5.0 18 270   M    M   1 18     25 280
14  51  20  36   2  29   0 0.00    M    M  2.7 13 300   M    M   2 18     15 320
15  45  24  35   1  30   0 0.00    M    M  2.6 14 250   M    M   9 8      20 240
16  49  29  39   5  26   0 0.11    M    M  7.4 21 310   M    M   7 1      25 290
17  42  14  28  -6  37   0 0.00    M    M  4.6 15  20   M    M   0 12     20  20
18  47   9  28  -7  37   0 0.00    M    M  2.3 14  20   M    M   0 18     17  20
19  50  11  31  -4  34   0 0.00    M    M  3.3 14 180   M    M   0 18     16 190
20  53  17  35   0  30   0 0.00    M    M  3.8 15 180   M    M   0 8      19 180
21  59  20  40   5  25   0 0.00    M    M  1.7  8 150   M    M   0 8      11 140
22  60  17  39   4  26   0 0.00    M    M  2.2 13 310   M    M   0 18     16 310
23  56  16  36   0  29   0 0.00    M    M  5.8 24 260   M    M   1 18     31 260
24  51  13  32  -4  33   0 0.00    M    M  3.5 14 310   M    M   0 18     17 320
25  59  15  37   1  28   0 0.00    M    M  1.7  9  90   M    M   0 18     11  90
26  62  14  38   2  27   0 0.00    M    M  2.6 17 320   M    M   0 18     23 320
27  64  16  40   4  25   0 0.00    M    M  2.1 10  60   M    M   0 18     13  50
================================================================================
SM 1354  468       839   0  0.14    M     96.6          M       48
================================================================================
AV 50.2 17.3                               3.6 FASTST   M    M   2    MAX(MPH)
                                 MISC ---->  # 24 300               # 31  260
================================================================================
NOTES:
# LAST OF SEVERAL OCCURRENCES

COLUMN 17 PEAK WIND IN M.P.H.

PRELIMINARY LOCAL CLIMATOLOGICAL DATA (WS FORM: F-6) , PAGE 2

                                          STATION:  ALTURAS CA
                                          MONTH:    FEBRUARY
                                          YEAR:     2020
                                          LATITUDE:   41 29 N
                                          LONGITUDE: 120 34 W

[TEMPERATURE DATA]      [PRECIPITATION DATA]       SYMBOLS USED IN COLUMN 16

AVERAGE MONTHLY: 33.7   TOTAL FOR MONTH:   0.14    1 = FOG OR MIST
DPTR FM NORMAL:  -0.1   DPTR FM NORMAL:   -1.26    2 = FOG REDUCING VISIBILITY
HIGHEST:    64 ON 27    GRTST 24HR  0.11 ON 16-16      TO 1/4 MILE OR LESS
LOWEST:      9 ON 18                               3 = THUNDER
                        SNOW, ICE PELLETS, HAIL    4 = ICE PELLETS
                        TOTAL MONTH:    M          5 = HAIL
                        GRTST 24HR    M  ON   M    6 = FREEZING RAIN OR DRIZZLE
                        GRTST DEPTH:  M  ON   M    7 = DUSTSTORM OR SANDSTORM:
                                                       VSBY 1/2 MILE OR LESS
                                                   8 = SMOKE OR HAZE
[NO. OF DAYS WITH]      [WEATHER - DAYS WITH]      9 = BLOWING SNOW
                                                   X = TORNADO
MAX 32 OR BELOW:   2    0.01 INCH OR MORE:   2
MAX 90 OR ABOVE:   0    0.10 INCH OR MORE:   1
MIN 32 OR BELOW:  27    0.50 INCH OR MORE:   0
MIN  0 OR BELOW:   0    1.00 INCH OR MORE:   0

[HDD (BASE 65) ]
TOTAL THIS MO.   839    CLEAR  (SCALE 0-3)  22
DPTR FM NORMAL    -1    PTCLDY (SCALE 4-7)   3
TOTAL FM JUL 1  4526    CLOUDY (SCALE 8-10)  2
DPTR FM NORMAL  -312

[CDD (BASE 65) ]
TOTAL THIS MO.     0
DPTR FM NORMAL     0    [PRESSURE DATA]
TOTAL FM JAN 1     0    HIGHEST SLP M ON M
DPTR FM NORMAL     0    LOWEST  SLP 30.00 ON 13

[REMARKS]
