000
CXUS52 KFFC 161110
CF6AHN
PRELIMINARY LOCAL CLIMATOLOGICAL DATA (WS FORM: F-6)

                                          STATION:   ATHENS
                                          MONTH:     JUNE
                                          YEAR:      2019
                                          LATITUDE:   33 57 N
                                          LONGITUDE:  83 19 W

  TEMPERATURE IN F:       :PCPN:    SNOW:  WIND      :SUNSHINE: SKY     :PK WND
================================================================================
1   2   3   4   5  6A  6B    7    8   9   10  11  12  13   14  15   16   17  18
                                     12Z  AVG MX 2MIN
DY MAX MIN AVG DEP HDD CDD  WTR  SNW DPTH SPD SPD DIR MIN PSBL S-S WX    SPD DR
================================================================================

 1  91  60  76   2   0  11 0.00  0.0    0  4.4 15 300   M    M   1        20 330
 2  91  64  78   3   0  13 0.00  0.0    0  6.0 14 290   M    M   0        23 300
 3  93  67  80   5   0  15 0.00  0.0    0  5.4 13 300   M    M   0        18 300
 4  88  69  79   4   0  14 0.00  0.0    0  8.1 18  50   M    M   2        25  50
 5  85  73  79   4   0  14 0.00  0.0    0  4.2 12  10   M    M   5        17 330
 6  79  71  75  -1   0  10 0.03  0.0    0  3.2 12 240   M    M   8 18     21 160
 7  89  69  79   3   0  14 1.48  0.0    0  4.8 18 320   M    M   8 13     30 320
 8  72  68  70  -6   0   5 3.61  0.0    0  5.7 14  10   M    M  10 13     19 260
 9  79  69  74  -2   0   9 0.47  0.0    0  4.1 13 100   M    M   9 1      17 110
10  83  70  77   0   0  12 0.59  0.0    0  3.5 16 350   M    M   8 13     26 350
11  87  69  78   1   0  13 0.00  0.0    0  6.8 16  90   M    M   3 1      21  80
12  72  63  68  -9   0   3    T  0.0    0  9.8 18  70   M    M   9        24  70
13  82  62  72  -5   0   7 0.00  0.0    0  6.3 17 300   M    M   5 1      25 320
14  83  54  69  -9   0   4 0.00  0.0    0  2.3 12  60   M    M   0        13  60
15  86  57  72  -6   0   7 0.00  0.0    0  3.8 10 170   M    M   1        15 200
================================================================================
SM 1260  985         0 151  6.18     0.0  78.4          M       69
================================================================================
AV 84.0 65.7                               5.2 FASTST   M    M   5    MAX(MPH)
                                 MISC ---->  # 18  50               # 30  320
================================================================================
NOTES:
# LAST OF SEVERAL OCCURRENCES

COLUMN 17 PEAK WIND IN M.P.H.

PRELIMINARY LOCAL CLIMATOLOGICAL DATA (WS FORM: F-6) , PAGE 2

                                          STATION:  ATHENS
                                          MONTH:    JUNE
                                          YEAR:     2019
                                          LATITUDE:   33 57 N
                                          LONGITUDE:  83 19 W

[TEMPERATURE DATA]      [PRECIPITATION DATA]       SYMBOLS USED IN COLUMN 16

AVERAGE MONTHLY: 74.8   TOTAL FOR MONTH:   6.18    1 = FOG OR MIST
DPTR FM NORMAL:  -1.3   DPTR FM NORMAL:    4.23    2 = FOG REDUCING VISIBILITY
HIGHEST:    93 ON  3    GRTST 24HR  3.61 ON  8- 8      TO 1/4 MILE OR LESS
LOWEST:     54 ON 14                               3 = THUNDER
                        SNOW, ICE PELLETS, HAIL    4 = ICE PELLETS
                        TOTAL MONTH:   0.0 INCH    5 = HAIL
                        GRTST 24HR     0.0         6 = FREEZING RAIN OR DRIZZLE
                        GRTST DEPTH:   0           7 = DUSTSTORM OR SANDSTORM:
                                                       VSBY 1/2 MILE OR LESS
                                                   8 = SMOKE OR HAZE
[NO. OF DAYS WITH]      [WEATHER - DAYS WITH]      9 = BLOWING SNOW
                                                   X = TORNADO
MAX 32 OR BELOW:   0    0.01 INCH OR MORE:   5
MAX 90 OR ABOVE:   3    0.10 INCH OR MORE:   4
MIN 32 OR BELOW:   0    0.50 INCH OR MORE:   3
MIN  0 OR BELOW:   0    1.00 INCH OR MORE:   2

[HDD (BASE 65) ]
TOTAL THIS MO.     0    CLEAR  (SCALE 0-3)   6
DPTR FM NORMAL     0    PTCLDY (SCALE 4-7)   6
TOTAL FM JUL 1  2541    CLOUDY (SCALE 8-10)  3
DPTR FM NORMAL  -229

[CDD (BASE 65) ]
TOTAL THIS MO.   151
DPTR FM NORMAL   -17    [PRESSURE DATA]
TOTAL FM JAN 1   567    HIGHEST SLP M ON M
DPTR FM NORMAL   159    LOWEST  SLP 29.69 ON  7

[REMARKS]
