000
CXUS52 KFFC 201110
CF6AHN
PRELIMINARY LOCAL CLIMATOLOGICAL DATA (WS FORM: F-6)

                                          STATION:   ATHENS
                                          MONTH:     APRIL
                                          YEAR:      2019
                                          LATITUDE:   33 57 N
                                          LONGITUDE:  83 19 W

  TEMPERATURE IN F:       :PCPN:    SNOW:  WIND      :SUNSHINE: SKY     :PK WND
================================================================================
1   2   3   4   5  6A  6B    7    8   9   10  11  12  13   14  15   16   17  18
                                     12Z  AVG MX 2MIN
DY MAX MIN AVG DEP HDD CDD  WTR  SNW DPTH SPD SPD DIR MIN PSBL S-S WX    SPD DR
================================================================================

 1  61  33  47 -11  18   0 0.00  0.0    0  7.9 20  90   M    M   0        23  90
 2  64  41  53  -5  12   0 0.00  0.0    0  6.2 16  40   M    M   4        22  30
 3  73  37  55  -4  10   0 0.00  0.0    0  2.7  9 140   M    M   0 8      14 120
 4  72  44  58  -1   7   0 0.04    M    0  5.2 14 120   M    M   3        20 100
 5  68  55  62   3   3   0 0.17  0.0    0  4.3 10  80   M    M   7 1      15 120
 6  74  55  65   6   0   0 0.00  0.0    0  5.2 13  90   M    M   7 1      14  80
 7  80  61  71  11   0   6 0.23  0.0    0  2.7 12 270   M    M   6 1      16 280
 8  77  62  70  10   0   5 0.22  0.0    0  3.8 12 210   M    M   5 13     19 210
 9  76  60  68   8   0   3 0.15  0.0    0  3.3  9  40   M    M   7 1      12 210
10  83  54  69   9   0   4 0.00  0.0    0  4.2 13  90   M    M   0 12     18  80
11  82  57  70  10   0   5 0.00  0.0    0  7.0 17 120   M    M   3 12     24 120
12  80  62  71  10   0   6 0.00  0.0    0  4.1 13 130   M    M   5        19 130
13  83  61  72  11   0   7 0.00  0.0    0  4.3 12 160   M    M   5 1      18 150
14  77  57  67   6   0   2 0.30  0.0    0  9.8 20 270   M    M   7 1      32 200
15  66  46  56  -5   9   0 0.00  0.0    0 10.6 21 320   M    M   2        32 270
16  76  39  58  -4   7   0 0.00  0.0    0  3.2 10 110   M    M   0        14 110
17  80  46  63   1   2   0 0.00  0.0    0  3.1  9 220   M    M   0        14 240
18  80  58  69   7   0   4 0.00  0.0    0  5.5 13 180   M    M   3        20 180
19  73  48  61  -1   4   0 2.14    M    0  9.0 22 250   M    M   7 123    34 230
================================================================================
SM 1425  976        72  42  3.25     0.0 102.1          M       71
================================================================================
AV 75.0 51.4                               5.4 FASTST   M    M   4    MAX(MPH)
                                 MISC ---->  # 22 250               # 34  230
================================================================================
NOTES:
# LAST OF SEVERAL OCCURRENCES

COLUMN 17 PEAK WIND IN M.P.H.

PRELIMINARY LOCAL CLIMATOLOGICAL DATA (WS FORM: F-6) , PAGE 2

                                          STATION:  ATHENS
                                          MONTH:    APRIL
                                          YEAR:     2019
                                          LATITUDE:   33 57 N
                                          LONGITUDE:  83 19 W

[TEMPERATURE DATA]      [PRECIPITATION DATA]       SYMBOLS USED IN COLUMN 16

AVERAGE MONTHLY: 63.2   TOTAL FOR MONTH:   3.25    1 = FOG OR MIST
DPTR FM NORMAL:   3.0   DPTR FM NORMAL:    1.23    2 = FOG REDUCING VISIBILITY
HIGHEST:    83 ON 13,10 GRTST 24HR  2.14 ON 19-19      TO 1/4 MILE OR LESS
LOWEST:     33 ON  1                               3 = THUNDER
                        SNOW, ICE PELLETS, HAIL    4 = ICE PELLETS
                        TOTAL MONTH:   0.0 INCH    5 = HAIL
                        GRTST 24HR     0.0         6 = FREEZING RAIN OR DRIZZLE
                        GRTST DEPTH:   0           7 = DUSTSTORM OR SANDSTORM:
                                                       VSBY 1/2 MILE OR LESS
                                                   8 = SMOKE OR HAZE
[NO. OF DAYS WITH]      [WEATHER - DAYS WITH]      9 = BLOWING SNOW
                                                   X = TORNADO
MAX 32 OR BELOW:   0    0.01 INCH OR MORE:   7
MAX 90 OR ABOVE:   0    0.10 INCH OR MORE:   6
MIN 32 OR BELOW:   0    0.50 INCH OR MORE:   1
MIN  0 OR BELOW:   0    1.00 INCH OR MORE:   1

[HDD (BASE 65) ]
TOTAL THIS MO.    72    CLEAR  (SCALE 0-3)   9
DPTR FM NORMAL   -39    PTCLDY (SCALE 4-7)  10
TOTAL FM JUL 1  2508    CLOUDY (SCALE 8-10)  0
DPTR FM NORMAL  -198

[CDD (BASE 65) ]
TOTAL THIS MO.    42
DPTR FM NORMAL    20    [PRESSURE DATA]
TOTAL FM JAN 1    49    HIGHEST SLP M ON M
DPTR FM NORMAL    16    LOWEST  SLP 29.41 ON 19

[REMARKS]
