000
CXUS52 KGSP 260817
CF6AND
PRELIMINARY LOCAL CLIMATOLOGICAL DATA (WS FORM: F-6)

                                          STATION:   ANDERSON SC
                                          MONTH:     APRIL
                                          YEAR:      2019
                                          LATITUDE:   34 30 N
                                          LONGITUDE:  82 43 W

  TEMPERATURE IN F:       :PCPN:    SNOW:  WIND      :SUNSHINE: SKY     :PK WND
================================================================================
1   2   3   4   5  6A  6B    7    8   9   10  11  12  13   14  15   16   17  18
                                     12Z  AVG MX 2MIN
DY MAX MIN AVG DEP HDD CDD  WTR  SNW DPTH SPD SPD DIR MIN PSBL S-S WX    SPD DR
================================================================================

 1  59  36  48  -9  17   0 0.00    M    M  9.6 20  70   M    M   0        25  50
 2  60  40  50  -7  15   0 0.00    M    M  5.8 17  80   M    M   4        22  80
 3  72  34  53  -4  12   0 0.00    M    M  2.2 14 210   M    M   0        18 210
 4  74  44  59   2   6   0 0.02    M    M  5.8 21 180   M    M   1        25 200
 5  66  53  60   2   5   0 0.99    M    M  4.1 10 320   M    M   9 1      26  40
 6  76  53  65   7   0   0 0.00    M    M  4.3 15 210   M    M   5        18 210
 7  78  58  68  10   0   3 0.04    M    M  2.6 12 310   M    M   7 1      16 310
 8  78  58  68  10   0   3 0.80    M    M  4.7 17 210   M    M   5 123    21 200
 9  72  58  65   6   0   0 0.09    M    M  5.0 15 190   M    M   6 12     19 180
10  82  54  68   9   0   3 0.00    M    M  4.1 18  70   M    M   1 12     24  60
11  81  59  70  11   0   5 0.00    M    M  7.1 16 120   M    M   5 1      22 150
12  80  64  72  13   0   7    T    M    M  6.2 17 200   M    M   5        24 260
13  82  65  74  14   0   9    T    M    M  4.6 15 200   M    M   6 12     19 160
14  76  57  67   7   0   2 0.75    M    M 15.6 32 200   M    M   8 138    46 190
15  69  45  57  -3   8   0 0.00    M    M 10.9 22 250   M    M   0        29 250
16  74  40  57  -3   8   0 0.00    M    M  2.6 12 210   M    M   0        13 210
17  81  46  64   3   1   0 0.00    M    M  5.6 15 230   M    M   0        18 230
18  79  56  68   7   0   3 0.00    M    M  6.9 18 170   M    M   3        22 200
19  73  51  62   1   3   0 0.71    M    M 13.4 26 240   M    M   7 13     38 240
20  55  43  49 -12  16   0 0.02    M    M 13.1 24 220   M    M   7        32 210
21  69  43  56  -6   9   0 0.00    M    M  4.6 13 280   M    M   3        17 280
22  78  44  61  -1   4   0 0.00    M    M  2.4 12 240   M    M   0        14 240
23  85  50  68   6   0   3 0.00    M    M  6.0 21 230   M    M   0        26 220
24  84  57  71   9   0   6 0.00    M    M  8.3 21 220   M    M   0        26 230
25  74  58  66   3   0   1    T    M    M  6.6 14 200   M    M   1        18 200
================================================================================
SM 1857 1266       104  45  3.42    M    162.1          M       83
================================================================================
AV 74.3 50.6                               6.5 FASTST   M    M   3    MAX(MPH)
                                 MISC ---->  # 32 200               # 46  190
================================================================================
NOTES:
# LAST OF SEVERAL OCCURRENCES

COLUMN 17 PEAK WIND IN M.P.H.

PRELIMINARY LOCAL CLIMATOLOGICAL DATA (WS FORM: F-6) , PAGE 2

                                          STATION:  ANDERSON SC
                                          MONTH:    APRIL
                                          YEAR:     2019
                                          LATITUDE:   34 30 N
                                          LONGITUDE:  82 43 W

[TEMPERATURE DATA]      [PRECIPITATION DATA]       SYMBOLS USED IN COLUMN 16

AVERAGE MONTHLY: 62.5   TOTAL FOR MONTH:   3.42    1 = FOG OR MIST
DPTR FM NORMAL:   2.8   DPTR FM NORMAL:    0.81    2 = FOG REDUCING VISIBILITY
HIGHEST:    85 ON 23    GRTST 24HR  0.99 ON  5- 5      TO 1/4 MILE OR LESS
LOWEST:     34 ON  3                               3 = THUNDER
                        SNOW, ICE PELLETS, HAIL    4 = ICE PELLETS
                        TOTAL MONTH:    M          5 = HAIL
                        GRTST 24HR    M  ON   M    6 = FREEZING RAIN OR DRIZZLE
                        GRTST DEPTH:  M  ON   M    7 = DUSTSTORM OR SANDSTORM:
                                                       VSBY 1/2 MILE OR LESS
                                                   8 = SMOKE OR HAZE
[NO. OF DAYS WITH]      [WEATHER - DAYS WITH]      9 = BLOWING SNOW
                                                   X = TORNADO
MAX 32 OR BELOW:   0    0.01 INCH OR MORE:   8
MAX 90 OR ABOVE:   0    0.10 INCH OR MORE:   4
MIN 32 OR BELOW:   0    0.50 INCH OR MORE:   4
MIN  0 OR BELOW:   0    1.00 INCH OR MORE:   0

[HDD (BASE 65) ]
TOTAL THIS MO.   104    CLEAR  (SCALE 0-3)  13
DPTR FM NORMAL   -53    PTCLDY (SCALE 4-7)  11
TOTAL FM JUL 1  2697    CLOUDY (SCALE 8-10)  1
DPTR FM NORMAL  -346

[CDD (BASE 65) ]
TOTAL THIS MO.    45
DPTR FM NORMAL    20    [PRESSURE DATA]
TOTAL FM JAN 1    51    HIGHEST SLP M ON M
DPTR FM NORMAL    21    LOWEST  SLP 29.39 ON 19

[REMARKS]
