000
CXUS52 KGSP 310817
CF6AND
PRELIMINARY LOCAL CLIMATOLOGICAL DATA (WS FORM: F-6)

                                          STATION:   ANDERSON SC
                                          MONTH:     MARCH
                                          YEAR:      2020
                                          LATITUDE:   34 30 N
                                          LONGITUDE:  82 43 W

  TEMPERATURE IN F:       :PCPN:    SNOW:  WIND      :SUNSHINE: SKY     :PK WND
================================================================================
1   2   3   4   5  6A  6B    7    8   9   10  11  12  13   14  15   16   17  18
                                     12Z  AVG MX 2MIN
DY MAX MIN AVG DEP HDD CDD  WTR  SNW DPTH SPD SPD DIR MIN PSBL S-S WX    SPD DR
================================================================================

 1  62  25  44  -5  21   0 0.00    M    M  4.2 14 210   M    M   0        17 220
 2  58  36  47  -2  18   0 0.04    M    M  3.7 16 230   M    M   5 1      19 230
 3  65  50  58   9   7   0 0.82    M    M  6.4 18 320   M    M   7 12     23 200
 4  61  51  56   6   9   0 0.10    M    M  3.7 13 170   M    M   9 1      14 160
 5  52  42  47  -3  18   0 0.98    M    M  4.9 15 100   M    M   9 12     19  80
 6  56  38  47  -3  18   0 0.00    M    M 12.9 30 310   M    M   2 12     39 300
 7  59  29  44  -6  21   0 0.00    M    M  4.2 15 300   M    M   0        17  40
 8  60  30  45  -5  20   0 0.00    M    M  3.5 12 200   M    M   0        14 200
 9  68  34  51   0  14   0 0.00    M    M  2.8 14 200   M    M   4        20 200
10  65  55  60   9   5   0 0.01    M    M  7.0 16 260   M    M   8        21 260
11  75  52  64  13   1   0 0.00    M    M  6.5 21 250   M    M   3 18     25 260
12  74  49  62  10   3   0 0.19    M    M  5.4 18 340   M    M   5 12     24 340
13  75  59  67  15   0   2    T    M    M  6.9 15 230   M    M   6 1      20 220
14  63  53  58   6   7   0 0.07    M    M  4.4 15  90   M    M   6 1      19  80
15  67  53  60   8   5   0 0.01    M    M  6.0 14  80   M    M   6        18  70
16  57  49  53   0  12   0    T    M    M  7.3 16  80   M    M  10        20  80
17  67  48  58   5   7   0 0.88    M    M  3.8 13 220   M    M   7 1      16 220
18  65  50  58   5   7   0 0.05    M    M  4.8 13  70   M    M   9 128    16  50
19  79  58  69  16   0   4 0.00    M    M  3.3 14 250   M    M   8 12     18 250
20  83  60  72  18   0   7 0.00    M    M  8.7 20 220   M    M   1        24 220
21  80  57  69  15   0   4 0.02    M    M  7.7 17 230   M    M   2        21 230
22  59  50  55   1  10   0 0.08    M    M 10.3 23  60   M    M   8 1      29  80
23  53  49  51  -3  14   0 0.70    M    M  4.1 10 100   M    M  10 1      14 100
24  56  52  54  -1  11   0 1.43    M    M  4.7 14  80   M    M  10 13     17  60
25  75  52  64   9   1   0 0.45    M    M  4.0 18 340   M    M   5 1      22 350
26  71  54  63   8   2   0 0.00    M    M  4.4 14  80   M    M   4        17  80
27  86  53  70  15   0   5 0.00    M    M  7.9 23 230   M    M   2 12     28 220
28  84  61  73  17   0   8 0.00    M    M  8.7 22 230   M    M   0 1      28 250
29  82  65  74  18   0   9 0.00    M    M 11.7 24 240   M    M   2        30 230
30  78  58  68  12   0   3 0.00    M    M  6.6 14 270   M    M   0        18 230
================================================================================
SM 2035 1472       231  42  5.83    M    180.5          M      148
================================================================================
AV 67.8 49.1                               6.0 FASTST   M    M   5    MAX(MPH)
                                 MISC ---->  # 30 310               # 39  300
================================================================================
NOTES:
# LAST OF SEVERAL OCCURRENCES

COLUMN 17 PEAK WIND IN M.P.H.

PRELIMINARY LOCAL CLIMATOLOGICAL DATA (WS FORM: F-6) , PAGE 2

                                          STATION:  ANDERSON SC
                                          MONTH:    MARCH
                                          YEAR:     2020
                                          LATITUDE:   34 30 N
                                          LONGITUDE:  82 43 W

[TEMPERATURE DATA]      [PRECIPITATION DATA]       SYMBOLS USED IN COLUMN 16

AVERAGE MONTHLY: 58.5   TOTAL FOR MONTH:   5.83    1 = FOG OR MIST
DPTR FM NORMAL:   6.0   DPTR FM NORMAL:    1.61    2 = FOG REDUCING VISIBILITY
HIGHEST:    86 ON 27    GRTST 24HR  1.43 ON 24-24      TO 1/4 MILE OR LESS
LOWEST:     25 ON  1                               3 = THUNDER
                        SNOW, ICE PELLETS, HAIL    4 = ICE PELLETS
                        TOTAL MONTH:    M          5 = HAIL
                        GRTST 24HR    M  ON   M    6 = FREEZING RAIN OR DRIZZLE
                        GRTST DEPTH:  M  ON   M    7 = DUSTSTORM OR SANDSTORM:
                                                       VSBY 1/2 MILE OR LESS
                                                   8 = SMOKE OR HAZE
[NO. OF DAYS WITH]      [WEATHER - DAYS WITH]      9 = BLOWING SNOW
                                                   X = TORNADO
MAX 32 OR BELOW:   0    0.01 INCH OR MORE:  15
MAX 90 OR ABOVE:   0    0.10 INCH OR MORE:   8
MIN 32 OR BELOW:   3    0.50 INCH OR MORE:   5
MIN  0 OR BELOW:   0    1.00 INCH OR MORE:   1

[HDD (BASE 65) ]
TOTAL THIS MO.   231    CLEAR  (SCALE 0-3)  11
DPTR FM NORMAL  -151    PTCLDY (SCALE 4-7)  12
TOTAL FM JUL 1  2228    CLOUDY (SCALE 8-10)  7
DPTR FM NORMAL  -649

[CDD (BASE 65) ]
TOTAL THIS MO.    42
DPTR FM NORMAL    42    [PRESSURE DATA]
TOTAL FM JAN 1    42    HIGHEST SLP M ON M
DPTR FM NORMAL    42    LOWEST  SLP 29.74 ON  3

[REMARKS]
