000
CXUS53 KARX 280930
CF6ARX
PRELIMINARY LOCAL CLIMATOLOGICAL DATA (WS FORM: F-6)

                                          STATION:   La Crosse Weather Office WI
                                          MONTH:     FEBRUARY
                                          YEAR:      2020
                                          LATITUDE:   43 49 N
                                          LONGITUDE:  91 12 W

  TEMPERATURE IN F:       :PCPN:    SNOW:  WIND      :SUNSHINE: SKY     :PK WND
================================================================================
1   2   3   4   5  6A  6B    7    8   9   10  11  12  13   14  15   16   17  18
                                     12Z  AVG MX 2MIN
DY MAX MIN AVG DEP HDD CDD  WTR  SNW DPTH SPD SPD DIR MIN PSBL S-S WX    SPD DR
================================================================================

 1  38  29  34  17  31   0 0.00  0.0    7   M   M   M   M    M   M 12     33  M
 2  47  31  39  22  26   0 0.00  0.0    6   M   M   M   M    M   M        33  M
 3  36  26  31  14  34   0 0.00  0.0    3   M   M   M   M    M   M        28 330
 4  26  13  20   3  45   0 0.00  0.0    3   M   M   M   M    M   M        19  20
 5  26  10  18   0  47   0 0.00  0.0    3   M   M   M   M    M   M        19 350
 6  31  14  23   5  42   0 0.00  0.0    3   M   M   M   M    M   M        11 250
 7  31  18  25   7  40   0 0.00  0.0    3   M   M   M   M    M   M        12  M
 8  24  12  18   0  47   0 0.02  0.6    3   M   M   M   M    M   M        16  M
 9  20  12  16  -2  49   0 0.70  9.9    6   M   M   M   M    M   M        16  M
10  25   6  16  -3  49   0 0.00  0.0   11   M   M   M   M    M   M        21  M
11  27  13  20   1  45   0    T    T   10   M   M   M   M    M   M        25  M
12  33  12  23   4  42   0 0.08  1.0   10   M   M   M   M    M   M 1      25  M
13  12 -12   0 -20  65   0    T    T   11   M   M   M   M    M   M        25  M
14  11 -16  -2 -22  67   0 0.00  0.0   11   M   M   M   M    M   M        31 195
15  34   9  22   2  43   0    T    T   11   M   M   M   M    M   M        31  M
16  27  17  22   1  43   0    T    T    7   M   M   M   M    M   M        30  M
17  34  25  30   9  35   0 0.18  2.3    9   M   M   M   M    M   M 1      24  M
18  29   7  18  -3  47   0 0.01  0.2    9   M   M   M   M    M   M        25  M
19  14   0   7 -15  58   0 0.00  0.0    8   M   M   M   M    M   M        24  M
20  15  -8   4 -18  61   0 0.00  0.0    8   M   M   M   M    M   M        16  M
21  35   5  20  -2  45   0 0.00  0.0    8   M   M   M   M    M   M        35 250
22  41  24  33  10  32   0 0.00  0.0    8   M   M   M   M    M   M        23 190
23  50  29  40  17  25   0 0.00  0.0    6   M   M   M   M    M   M        21 330
24  39  24  32   8  33   0 0.00  0.0    4   M   M   M   M    M   M        12  50
25  31  26  29   5  36   0 0.00  0.0    4   M   M   M   M    M   M        21  M
26  29  18  24   0  41   0    T    T    4   M   M   M   M    M   M        21  M
27  23  14  19  -6  46   0    T  0.1    4   M   M   M   M    M   M        21  M
================================================================================
SM  788  358      1174   0  0.99    14.1     M          M        M
================================================================================
AV 29.2 13.3                                 M FASTST   M    M   4    MAX(MPH)
                                 MISC ---->     M   M               # 35  250
================================================================================
NOTES:
# LAST OF SEVERAL OCCURRENCES

COLUMN 17 PEAK WIND IN M.P.H.

PRELIMINARY LOCAL CLIMATOLOGICAL DATA (WS FORM: F-6) , PAGE 2

                                          STATION:  La Crosse Weather Office WI
                                          MONTH:    FEBRUARY
                                          YEAR:     2020
                                          LATITUDE:   43 49 N
                                          LONGITUDE:  91 12 W

[TEMPERATURE DATA]      [PRECIPITATION DATA]       SYMBOLS USED IN COLUMN 16

AVERAGE MONTHLY: 21.2   TOTAL FOR MONTH:   0.99    1 = FOG OR MIST
DPTR FM NORMAL:   1.0   DPTR FM NORMAL:    0.06    2 = FOG REDUCING VISIBILITY
HIGHEST:    50 ON 23    GRTST 24HR  0.70 ON  9- 9      TO 1/4 MILE OR LESS
LOWEST:    -16 ON 14                               3 = THUNDER
                        SNOW, ICE PELLETS, HAIL    4 = ICE PELLETS
                        TOTAL MONTH:  14.1 INCHES  5 = HAIL
                        GRTST 24HR   9.9 ON  9- 9  6 = FREEZING RAIN OR DRIZZLE
                        GRTST DEPTH:  11 ON 15,14  7 = DUSTSTORM OR SANDSTORM:
                                                       VSBY 1/2 MILE OR LESS
                                                   8 = SMOKE OR HAZE
[NO. OF DAYS WITH]      [WEATHER - DAYS WITH]      9 = BLOWING SNOW
                                                   X = TORNADO
MAX 32 OR BELOW:  17    0.01 INCH OR MORE:   5
MAX 90 OR ABOVE:   0    0.10 INCH OR MORE:   2
MIN 32 OR BELOW:  27    0.50 INCH OR MORE:   1
MIN  0 OR BELOW:   4    1.00 INCH OR MORE:   0

[HDD (BASE 65) ]
TOTAL THIS MO.  1174    CLEAR  (SCALE 0-3)   0
DPTR FM NORMAL   -33    PTCLDY (SCALE 4-7)   0
TOTAL FM JUL 1  5605    CLOUDY (SCALE 8-10)  0
DPTR FM NORMAL  -167

[CDD (BASE 65) ]
TOTAL THIS MO.     0
DPTR FM NORMAL     0    [PRESSURE DATA]
TOTAL FM JAN 1     0    HIGHEST SLP M ON M
DPTR FM NORMAL     0    LOWEST  SLP M ON M

[REMARKS]
