000
CXUS53 KARX 250930
CF6ARX
PRELIMINARY LOCAL CLIMATOLOGICAL DATA (WS FORM: F-6)

                                          STATION:   La Crosse Weather Office WI
                                          MONTH:     APRIL
                                          YEAR:      2019
                                          LATITUDE:   43 49 N
                                          LONGITUDE:  91 12 W

  TEMPERATURE IN F:       :PCPN:    SNOW:  WIND      :SUNSHINE: SKY     :PK WND
================================================================================
1   2   3   4   5  6A  6B    7    8   9   10  11  12  13   14  15   16   17  18
                                     12Z  AVG MX 2MIN
DY MAX MIN AVG DEP HDD CDD  WTR  SNW DPTH SPD SPD DIR MIN PSBL S-S WX    SPD DR
================================================================================

 1  49  30  40   0  25   0    T    T    0   M   M   M   M    M   M         M  M
 2  51  31  41   1  24   0 0.08  0.3    T   M   M   M   M    M   M         M  M
 3  54  29  42   1  23   0 0.00  0.0    0   M   M   M   M    M   M         M  M
 4  43  33  38  -3  27   0 0.02    T    0   M   M   M   M    M   M        23  M
 5  56  34  45   3  20   0    T  0.0    0   M   M   M   M    M   M        13  M
 6  68  45  57  15   8   0 0.02  0.0    0   M   M   M   M    M   M        25  M
 7  58  50  54  11  11   0 0.13  0.0    0   M   M   M   M    M   M        20  M
 8  73  45  59  16   6   0 0.00  0.0    0   M   M   M   M    M   M        40  M
 9  63  30  47   3  18   0 0.00  0.0    0   M   M   M   M    M   M        33  M
10  32  27  30 -14  35   0 0.72  4.5    0   M   M   M   M    M   M 34      M  M
11  33  27  30 -14  35   0 1.05  2.5    5   M   M   M   M    M   M 346     M  M
12  35  31  33 -12  32   0    T    T    5   M   M   M   M    M   M        37 230
13  36  29  33 -13  32   0    T    T    4   M   M   M   M    M   M        25 250
14  42  29  36 -10  29   0 0.00  0.0    4   M   M   M   M    M   M        18  10
15  54  30  42  -4  23   0 0.00  0.0    1   M   M   M   M    M   M         M  M
16  64  44  54   7  11   0    T  0.0    0   M   M   M   M    M   M        26  M
17  53  43  48   1  17   0 0.95  0.0    0   M   M   M   M    M   M 23     21  M
18  44  36  40  -8  25   0 0.01  0.0    0   M   M   M   M    M   M        21  M
19  61  35  48   0  17   0 0.00  0.0    0   M   M   M   M    M   M         M  M
20  69  42  56   8   9   0 0.00  0.0    0   M   M   M   M    M   M         M  M
21  83  55  69  20   0   4 0.00  0.0    0   M   M   M   M    M   M        22  M
22  69  42  56   7   9   0 0.36  0.0    0   M   M   M   M    M   M        26  M
23  65  39  52   2  13   0 0.00  0.0    0   M   M   M   M    M   M        19 350
24  68  48  58   8   7   0 0.00  0.0    0   M   M   M   M    M   M        23 190
================================================================================
SM 1323  884       456   4  3.34     7.3     M          M        M
================================================================================
AV 55.1 36.8                                 M FASTST   M    M   6    MAX(MPH)
                                 MISC ---->     M   M                 40    M
================================================================================
NOTES:
# LAST OF SEVERAL OCCURRENCES

COLUMN 17 PEAK WIND IN M.P.H.

PRELIMINARY LOCAL CLIMATOLOGICAL DATA (WS FORM: F-6) , PAGE 2

                                          STATION:  La Crosse Weather Office WI
                                          MONTH:    APRIL
                                          YEAR:     2019
                                          LATITUDE:   43 49 N
                                          LONGITUDE:  91 12 W

[TEMPERATURE DATA]      [PRECIPITATION DATA]       SYMBOLS USED IN COLUMN 16

AVERAGE MONTHLY: 46.0   TOTAL FOR MONTH:   3.34    1 = FOG OR MIST
DPTR FM NORMAL:   0.9   DPTR FM NORMAL:    0.74    2 = FOG REDUCING VISIBILITY
HIGHEST:    83 ON 21    GRTST 24HR  1.05 ON 11-11      TO 1/4 MILE OR LESS
LOWEST:     27 ON 11,10                            3 = THUNDER
                        SNOW, ICE PELLETS, HAIL    4 = ICE PELLETS
                        TOTAL MONTH:   7.3 INCHES  5 = HAIL
                        GRTST 24HR   4.5 ON 10-10  6 = FREEZING RAIN OR DRIZZLE
                        GRTST DEPTH:   5 ON 12,11  7 = DUSTSTORM OR SANDSTORM:
                                                       VSBY 1/2 MILE OR LESS
                                                   8 = SMOKE OR HAZE
[NO. OF DAYS WITH]      [WEATHER - DAYS WITH]      9 = BLOWING SNOW
                                                   X = TORNADO
MAX 32 OR BELOW:   1    0.01 INCH OR MORE:   9
MAX 90 OR ABOVE:   0    0.10 INCH OR MORE:   5
MIN 32 OR BELOW:  10    0.50 INCH OR MORE:   3
MIN  0 OR BELOW:   0    1.00 INCH OR MORE:   1

[HDD (BASE 65) ]
TOTAL THIS MO.   456    CLEAR  (SCALE 0-3)   0
DPTR FM NORMAL   -21    PTCLDY (SCALE 4-7)   0
TOTAL FM JUL 1  7682    CLOUDY (SCALE 8-10)  0
DPTR FM NORMAL   375

[CDD (BASE 65) ]
TOTAL THIS MO.     4
DPTR FM NORMAL     4    [PRESSURE DATA]
TOTAL FM JAN 1     4    HIGHEST SLP M ON M
DPTR FM NORMAL     4    LOWEST  SLP M ON M

[REMARKS]
