000
CXUS53 KARX 190930
CF6ARX
PRELIMINARY LOCAL CLIMATOLOGICAL DATA (WS FORM: F-6)

                                          STATION:   La Crosse Weather Office WI
                                          MONTH:     FEBRUARY
                                          YEAR:      2019
                                          LATITUDE:   43 49 N
                                          LONGITUDE:  91 12 W

  TEMPERATURE IN F:       :PCPN:    SNOW:  WIND      :SUNSHINE: SKY     :PK WND
================================================================================
1   2   3   4   5  6A  6B    7    8   9   10  11  12  13   14  15   16   17  18
                                     12Z  AVG MX 2MIN
DY MAX MIN AVG DEP HDD CDD  WTR  SNW DPTH SPD SPD DIR MIN PSBL S-S WX    SPD DR
================================================================================

 1  13  -6   4 -13  61   0    T  0.1   11   M   M   M   M    M   M        13  M
 2  40  12  26   9  39   0    T  0.0   11   M   M   M   M    M   M 12     29  M
 3  44  39  42  25  23   0 0.04  0.0    5   M   M   M   M    M   M 12     29  M
 4  45  10  28  11  37   0 0.21    T    0   M   M   M   M    M   M 126    23 270
 5  19   7  13  -5  52   0 0.02    T    0   M   M   M   M    M   M 146    23  60
 6  24  15  20   2  45   0 0.07  0.2    T   M   M   M   M    M   M 146    15  M
 7  24  -1  12  -6  53   0 0.27  3.4    T   M   M   M   M    M   M 6      22  M
 8   3 -11  -4 -22  69   0    T    T    3   M   M   M   M    M   M        22  M
 9  12 -13   0 -18  65   0 0.00  0.0    3   M   M   M   M    M   M        20  M
10  22  11  17  -2  48   0 0.10  1.5    3   M   M   M   M    M   M        15  M
11  23  18  21   2  44   0 0.11  2.0    5   M   M   M   M    M   M         M  M
12  23  14  19   0  46   0 0.63  8.2   12   M   M   M   M    M   M        28  M
13  19   6  13  -7  52   0    T    T   13   M   M   M   M    M   M        28  M
14  32   4  18  -2  47   0 0.01  0.2   13   M   M   M   M    M   M        27  M
15  12  -6   3 -17  62   0    T    T   12   M   M   M   M    M   M        27  M
16  20  -2   9 -12  56   0 0.00  0.0   12   M   M   M   M    M   M        22  M
17  21  14  18  -3  47   0 0.14  4.5   14   M   M   M   M    M   M        15  M
18  22   7  15  -6  50   0 0.01  0.1   14   M   M   M   M    M   M         M   9
================================================================================
SM  418  118       896   0  1.61    20.2     M          M        M
================================================================================
AV 23.2  6.6                                 M FASTST   M    M   7    MAX(MPH)
                                 MISC ---->     M   M                 29    M
================================================================================
NOTES:
# LAST OF SEVERAL OCCURRENCES

COLUMN 17 PEAK WIND IN M.P.H.

PRELIMINARY LOCAL CLIMATOLOGICAL DATA (WS FORM: F-6) , PAGE 2

                                          STATION:  La Crosse Weather Office WI
                                          MONTH:    FEBRUARY
                                          YEAR:     2019
                                          LATITUDE:   43 49 N
                                          LONGITUDE:  91 12 W

[TEMPERATURE DATA]      [PRECIPITATION DATA]       SYMBOLS USED IN COLUMN 16

AVERAGE MONTHLY: 14.9   TOTAL FOR MONTH:   1.61    1 = FOG OR MIST
DPTR FM NORMAL:  -3.9   DPTR FM NORMAL:    1.03    2 = FOG REDUCING VISIBILITY
HIGHEST:    45 ON  4    GRTST 24HR  0.63 ON 12-12      TO 1/4 MILE OR LESS
LOWEST:    -13 ON  9                               3 = THUNDER
                        SNOW, ICE PELLETS, HAIL    4 = ICE PELLETS
                        TOTAL MONTH:  20.2 INCHES  5 = HAIL
                        GRTST 24HR   8.2 ON 12-12  6 = FREEZING RAIN OR DRIZZLE
                        GRTST DEPTH:  14 ON 18,17  7 = DUSTSTORM OR SANDSTORM:
                                                       VSBY 1/2 MILE OR LESS
                                                   8 = SMOKE OR HAZE
[NO. OF DAYS WITH]      [WEATHER - DAYS WITH]      9 = BLOWING SNOW
                                                   X = TORNADO
MAX 32 OR BELOW:  15    0.01 INCH OR MORE:  11
MAX 90 OR ABOVE:   0    0.10 INCH OR MORE:   6
MIN 32 OR BELOW:  17    0.50 INCH OR MORE:   1
MIN  0 OR BELOW:   6    1.00 INCH OR MORE:   0

[HDD (BASE 65) ]
TOTAL THIS MO.   896    CLEAR  (SCALE 0-3)   0
DPTR FM NORMAL    65    PTCLDY (SCALE 4-7)   0
TOTAL FM JUL 1  5611    CLOUDY (SCALE 8-10)  0
DPTR FM NORMAL   215

[CDD (BASE 65) ]
TOTAL THIS MO.     0
DPTR FM NORMAL     0    [PRESSURE DATA]
TOTAL FM JAN 1     0    HIGHEST SLP M ON M
DPTR FM NORMAL     0    LOWEST  SLP M ON M

[REMARKS]
