000
CXUS53 KARX 260930
CF6ARX
PRELIMINARY LOCAL CLIMATOLOGICAL DATA (WS FORM: F-6)

                                          STATION:   La Crosse Weather Office WI
                                          MONTH:     JUNE
                                          YEAR:      2019
                                          LATITUDE:   43 49 N
                                          LONGITUDE:  91 12 W

  TEMPERATURE IN F:       :PCPN:    SNOW:  WIND      :SUNSHINE: SKY     :PK WND
================================================================================
1   2   3   4   5  6A  6B    7    8   9   10  11  12  13   14  15   16   17  18
                                     12Z  AVG MX 2MIN
DY MAX MIN AVG DEP HDD CDD  WTR  SNW DPTH SPD SPD DIR MIN PSBL S-S WX    SPD DR
================================================================================

 1  71  57  64   2   1   0    T  0.0    0   M   M   M   M    M   M        28  M
 2  71  51  61  -1   4   0 0.00  0.0    0   M   M   M   M    M   M        12  M
 3  72  45  59  -3   6   0 0.00  0.0    0   M   M   M   M    M   M        26  M
 4  76  57  67   4   0   2 0.51  0.0    0   M   M   M   M    M   M 13     34  M
 5  79  59  69   6   0   4    T  0.0    0   M   M   M   M    M   M        14 330
 6  83  60  72   9   0   7 0.00  0.0    0   M   M   M   M    M   M 12      8 320
 7  83  61  72   8   0   7 0.00  0.0    0   M   M   M   M    M   M        16  M
 8  82  61  72   8   0   7 0.00  0.0    0   M   M   M   M    M   M        18  M
 9  78  53  66   2   0   1 0.08  0.0    0   M   M   M   M    M   M        29  M
10  72  52  62  -3   3   0 0.00  0.0    0   M   M   M   M    M   M        22  M
11  65  53  59  -6   6   0 0.14  0.0    0   M   M   M   M    M   M        18  M
12  64  51  58  -7   7   0 1.16  0.0    0   M   M   M   M    M   M        23 360
13  67  45  56 -10   9   0 0.00  0.0    0   M   M   M   M    M   M        23 340
14  76  56  66   0   0   1    T  0.0    0   M   M   M   M    M   M        34 220
15  76  51  64  -2   1   0 0.84  0.0    0   M   M   M   M    M   M 3      25 110
16  60  50  55 -12  10   0    T  0.0    0   M   M   M   M    M   M        18 140
17  72  53  63  -4   2   0    T  0.0    0   M   M   M   M    M   M         9  M
18  73  60  67   0   0   2    T  0.0    0   M   M   M   M    M   M        10  M
19  76  54  65  -3   0   0 0.00  0.0    0   M   M   M   M    M   M        12  M
20  74  55  65  -3   0   0    T  0.0    0   M   M   M   M    M   M        10  M
21  72  55  64  -4   1   0 0.00  0.0    0   M   M   M   M    M   M        20  M
22  76  52  64  -4   1   0    T  0.0    0   M   M   M   M    M   M        19  M
23  69  62  66  -3   0   1 0.91  0.0    0   M   M   M   M    M   M 1      19  M
24  69  58  64  -5   1   0 0.01  0.0    0   M   M   M   M    M   M 1      27  M
25  79  57  68  -1   0   3 0.00  0.0    0   M   M   M   M    M   M        26  M
================================================================================
SM 1835 1368        52  35  3.65     0.0     M          M        M
================================================================================
AV 73.4 54.7                                 M FASTST   M    M   4    MAX(MPH)
                                 MISC ---->     M   M                 34    M
================================================================================
NOTES:
# LAST OF SEVERAL OCCURRENCES

COLUMN 17 PEAK WIND IN M.P.H.

PRELIMINARY LOCAL CLIMATOLOGICAL DATA (WS FORM: F-6) , PAGE 2

                                          STATION:  La Crosse Weather Office WI
                                          MONTH:    JUNE
                                          YEAR:     2019
                                          LATITUDE:   43 49 N
                                          LONGITUDE:  91 12 W

[TEMPERATURE DATA]      [PRECIPITATION DATA]       SYMBOLS USED IN COLUMN 16

AVERAGE MONTHLY: 64.1   TOTAL FOR MONTH:   3.65    1 = FOG OR MIST
DPTR FM NORMAL:  -1.5   DPTR FM NORMAL:   -0.43    2 = FOG REDUCING VISIBILITY
HIGHEST:    83 ON  7, 6 GRTST 24HR  1.16 ON 12-12      TO 1/4 MILE OR LESS
LOWEST:     45 ON 13, 3                            3 = THUNDER
                        SNOW, ICE PELLETS, HAIL    4 = ICE PELLETS
                        TOTAL MONTH:   0.0 INCH    5 = HAIL
                        GRTST 24HR     0.0         6 = FREEZING RAIN OR DRIZZLE
                        GRTST DEPTH:   0           7 = DUSTSTORM OR SANDSTORM:
                                                       VSBY 1/2 MILE OR LESS
                                                   8 = SMOKE OR HAZE
[NO. OF DAYS WITH]      [WEATHER - DAYS WITH]      9 = BLOWING SNOW
                                                   X = TORNADO
MAX 32 OR BELOW:   0    0.01 INCH OR MORE:   7
MAX 90 OR ABOVE:   0    0.10 INCH OR MORE:   5
MIN 32 OR BELOW:   0    0.50 INCH OR MORE:   4
MIN  0 OR BELOW:   0    1.00 INCH OR MORE:   1

[HDD (BASE 65) ]
TOTAL THIS MO.    52    CLEAR  (SCALE 0-3)   0
DPTR FM NORMAL    -6    PTCLDY (SCALE 4-7)   0
TOTAL FM JUL 1  8187    CLOUDY (SCALE 8-10)  0
DPTR FM NORMAL   468

[CDD (BASE 65) ]
TOTAL THIS MO.    35
DPTR FM NORMAL   -39    [PRESSURE DATA]
TOTAL FM JAN 1    53    HIGHEST SLP M ON M
DPTR FM NORMAL   -38    LOWEST  SLP M ON M

[REMARKS]
