000
CXUS51 KBOX 161908
CF6BDL
PRELIMINARY LOCAL CLIMATOLOGICAL DATA (WS FORM: F-6)

                                          STATION:   HARTFORD CT
                                          MONTH:     JUNE
                                          YEAR:      2019
                                          LATITUDE:   41 55 N
                                          LONGITUDE:  72 41 W

  TEMPERATURE IN F:       :PCPN:    SNOW:  WIND      :SUNSHINE: SKY     :PK WND
================================================================================
1   2   3   4   5  6A  6B    7    8   9   10  11  12  13   14  15   16   17  18
                                     12Z  AVG MX 2MIN
DY MAX MIN AVG DEP HDD CDD  WTR  SNW DPTH SPD SPD DIR MIN PSBL S-S WX    SPD DR
================================================================================

 1  81  53  67   3   0   2 0.00  0.0    0  6.3 17 160   M    M   8        21 150
 2  80  58  69   5   0   4 0.15  0.0    0  8.4 25 290   M    M   8 3      32 290
 3  72  50  61  -4   4   0 0.00  0.0    0  9.2 25 250   M    M   3        38 260
 4  72  48  60  -5   5   0 0.00  0.0    0  8.5 17 270   M    M   5        26 280
 5  84  62  73   8   0   8 0.01  0.0    0 11.1 20 190   M    M   8 1      25 190
 6  84  64  74   8   0   9 0.02  0.0    0  8.2 20 300   M    M   7 18     24 300
 7  82  58  70   4   0   5 0.00  0.0    0  6.6 15 170   M    M   7        18 190
 8  84  55  70   4   0   5 0.00  0.0    0  5.8 14 180   M    M   3        17 180
 9  82  50  66  -1   0   1 0.00  0.0    0  5.5 15 180   M    M   4        18 180
10  80  49  65  -2   0   0 0.35  0.0    0  6.0 18 140   M    M   8 1      24 120
11  76  58  67   0   0   2 0.43  0.0    0 10.5 23 300   M    M   6 12     32 310
12  78  52  65  -3   0   0 0.00  0.0    0  7.0 18 170   M    M   5        22 190
13  60  54  57 -11   8   0 0.24  0.0    0  6.9 20  20   M    M   9 1      27  10
14  74  54  64  -4   1   0    T  0.0    0 10.9 23 260   M    M   6 1      29 260
15  83  52  68  -1   0   3 0.00  0.0    0 11.8 22 200   M    M   5        30 200
================================================================================
SM 1172  817        18  39  1.20     0.0 122.7          M       92
================================================================================
AV 78.1 54.5                               8.2 FASTST   M    M   6    MAX(MPH)
                                 MISC ---->  # 25 290               # 38  260
================================================================================
NOTES:
# LAST OF SEVERAL OCCURRENCES

COLUMN 17 PEAK WIND IN M.P.H.

PRELIMINARY LOCAL CLIMATOLOGICAL DATA (WS FORM: F-6) , PAGE 2

                                          STATION:  HARTFORD CT
                                          MONTH:    JUNE
                                          YEAR:     2019
                                          LATITUDE:   41 55 N
                                          LONGITUDE:  72 41 W

[TEMPERATURE DATA]      [PRECIPITATION DATA]       SYMBOLS USED IN COLUMN 16

AVERAGE MONTHLY: 66.3   TOTAL FOR MONTH:   1.20    1 = FOG OR MIST
DPTR FM NORMAL:  -0.0   DPTR FM NORMAL:   -1.27    2 = FOG REDUCING VISIBILITY
HIGHEST:    84 ON  8, 6 GRTST 24HR  0.43 ON 11-11      TO 1/4 MILE OR LESS
LOWEST:     48 ON  4                               3 = THUNDER
                        SNOW, ICE PELLETS, HAIL    4 = ICE PELLETS
                        TOTAL MONTH:   0.0 INCH    5 = HAIL
                        GRTST 24HR     0.0         6 = FREEZING RAIN OR DRIZZLE
                        GRTST DEPTH:   0           7 = DUSTSTORM OR SANDSTORM:
                                                       VSBY 1/2 MILE OR LESS
                                                   8 = SMOKE OR HAZE
[NO. OF DAYS WITH]      [WEATHER - DAYS WITH]      9 = BLOWING SNOW
                                                   X = TORNADO
MAX 32 OR BELOW:   0    0.01 INCH OR MORE:   6
MAX 90 OR ABOVE:   0    0.10 INCH OR MORE:   4
MIN 32 OR BELOW:   0    0.50 INCH OR MORE:   0
MIN  0 OR BELOW:   0    1.00 INCH OR MORE:   0

[HDD (BASE 65) ]
TOTAL THIS MO.    18    CLEAR  (SCALE 0-3)   1
DPTR FM NORMAL   -14    PTCLDY (SCALE 4-7)  12
TOTAL FM JUL 1  5903    CLOUDY (SCALE 8-10)  2
DPTR FM NORMAL   -87

[CDD (BASE 65) ]
TOTAL THIS MO.    39
DPTR FM NORMAL   -13    [PRESSURE DATA]
TOTAL FM JAN 1    77    HIGHEST SLP M ON M
DPTR FM NORMAL   -14    LOWEST  SLP 29.61 ON  6

[REMARKS]
