000
CXUS51 KBOX 201200
CF6BDL
PRELIMINARY LOCAL CLIMATOLOGICAL DATA (WS FORM: F-6)

                                          STATION:   HARTFORD CT
                                          MONTH:     APRIL
                                          YEAR:      2019
                                          LATITUDE:   41 55 N
                                          LONGITUDE:  72 41 W

  TEMPERATURE IN F:       :PCPN:    SNOW:  WIND      :SUNSHINE: SKY     :PK WND
================================================================================
1   2   3   4   5  6A  6B    7    8   9   10  11  12  13   14  15   16   17  18
                                     12Z  AVG MX 2MIN
DY MAX MIN AVG DEP HDD CDD  WTR  SNW DPTH SPD SPD DIR MIN PSBL S-S WX    SPD DR
================================================================================

 1  45  26  36  -8  29   0 0.00  0.0    0 15.2 32 300   M    M   2        41 310
 2  52  22  37  -7  28   0    T  0.0    0  7.6 21 160   M    M   7        32 150
 3  67  38  53   8  12   0 0.03  0.0    0 12.2 32 300   M    M   5        43 250
 4  54  32  43  -2  22   0 0.00  0.0    0 14.5 29 310   M    M   3        36 310
 5  46  28  37  -8  28   0 0.20    T    0  5.4 20 210   M    M  10 1      23 210
 6  63  35  49   3  16   0 0.04  0.0    0  5.6 20 310   M    M   6 1      27 300
 7  70  36  53   7  12   0 0.00  0.0    0  7.6 21 200   M    M   7        26 200
 8  53  39  46  -1  19   0 0.71  0.0    0  8.2 17  10   M    M  10 1      22  20
 9  49  38  44  -3  21   0 0.26  0.0    0  5.9 15 360   M    M  10 12     18 350
10  53  34  44  -3  21   0 0.00  0.0    0 10.8 23 290   M    M   6 12     29 290
11  54  32  43  -5  22   0 0.00  0.0    0  5.5 12 260   M    M   8        14 200
12  59  41  50   2  15   0 0.45  0.0    0  7.1 16 190   M    M  10 1      21 180
13  78  54  66  17   0   1 0.50  0.0    0  9.5 18 190   M    M   9 1      23 200
14  76  54  65  16   0   0 0.08  0.0    0  7.1 20 170   M    M   9 18     25 170
15  68  44  56   7   9   0 1.24  0.0    0 16.5 39 310   M    M   8 13     51 300
16  62  41  52   2  13   0 0.00  0.0    0 18.5 39 300   M    M   4        52 310
17  65  38  52   2  13   0 0.00  0.0    0  6.4 17 160   M    M   4        20 160
18  53  43  48  -3  17   0 0.03  0.0    0  6.0 21 150   M    M   9 1      27 170
19  78  44  61  10   4   0 0.24  0.0    0 15.5 28 190   M    M   9 1      37 190
================================================================================
SM 1145  719       301   1  3.78    T    185.1          M      136
================================================================================
AV 60.3 37.8                               9.7 FASTST   M    M   7    MAX(MPH)
                                 MISC ---->  # 39 310               # 52  310
================================================================================
NOTES:
# LAST OF SEVERAL OCCURRENCES

COLUMN 17 PEAK WIND IN M.P.H.

PRELIMINARY LOCAL CLIMATOLOGICAL DATA (WS FORM: F-6) , PAGE 2

                                          STATION:  HARTFORD CT
                                          MONTH:    APRIL
                                          YEAR:     2019
                                          LATITUDE:   41 55 N
                                          LONGITUDE:  72 41 W

[TEMPERATURE DATA]      [PRECIPITATION DATA]       SYMBOLS USED IN COLUMN 16

AVERAGE MONTHLY: 49.1   TOTAL FOR MONTH:   3.78    1 = FOG OR MIST
DPTR FM NORMAL:   1.7   DPTR FM NORMAL:    1.41    2 = FOG REDUCING VISIBILITY
HIGHEST:    78 ON 19,13 GRTST 24HR  1.24 ON 15-15      TO 1/4 MILE OR LESS
LOWEST:     22 ON  2                               3 = THUNDER
                        SNOW, ICE PELLETS, HAIL    4 = ICE PELLETS
                        TOTAL MONTH:    T          5 = HAIL
                        GRTST 24HR    T  ON  5- 5  6 = FREEZING RAIN OR DRIZZLE
                        GRTST DEPTH:   0           7 = DUSTSTORM OR SANDSTORM:
                                                       VSBY 1/2 MILE OR LESS
                                                   8 = SMOKE OR HAZE
[NO. OF DAYS WITH]      [WEATHER - DAYS WITH]      9 = BLOWING SNOW
                                                   X = TORNADO
MAX 32 OR BELOW:   0    0.01 INCH OR MORE:  11
MAX 90 OR ABOVE:   0    0.10 INCH OR MORE:   7
MIN 32 OR BELOW:   5    0.50 INCH OR MORE:   3
MIN  0 OR BELOW:   0    1.00 INCH OR MORE:   1

[HDD (BASE 65) ]
TOTAL THIS MO.   301    CLEAR  (SCALE 0-3)   1
DPTR FM NORMAL   -37    PTCLDY (SCALE 4-7)  10
TOTAL FM JUL 1  5588    CLOUDY (SCALE 8-10)  8
DPTR FM NORMAL   -31

[CDD (BASE 65) ]
TOTAL THIS MO.     1
DPTR FM NORMAL     1    [PRESSURE DATA]
TOTAL FM JAN 1     1    HIGHEST SLP M ON M
DPTR FM NORMAL     1    LOWEST  SLP 29.18 ON 15

[REMARKS]
