000
CXUS55 KTBW 231000
CF6BKV
PRELIMINARY LOCAL CLIMATOLOGICAL DATA (WS FORM: F-6)

                                          STATION:   Brooksville
                                          MONTH:     FEBRUARY
                                          YEAR:      2019
                                          LATITUDE:   28 28 N
                                          LONGITUDE:  82 27 W

  TEMPERATURE IN F:       :PCPN:    SNOW:  WIND      :SUNSHINE: SKY     :PK WND
================================================================================
1   2   3   4   5  6A  6B    7    8   9   10  11  12  13   14  15   16   17  18
                                     12Z  AVG MX 2MIN
DY MAX MIN AVG DEP HDD CDD  WTR  SNW DPTH SPD SPD DIR MIN PSBL S-S WX    SPD DR
================================================================================

 1  76  50  63   5   2   0    T  0.0    0  6.6 13 130   M    M   5        16 120
 2  80  63  72  14   0   7 1.18  0.0    0  5.2 15 330   M    M   8 13     16 330
 3  75  59  67   9   0   2    T  0.0    0  3.4 14 270   M    M   9 12     17 260
 4  71  55  63   5   2   0 0.00  0.0    0  3.8 13  60   M    M   8 1      15  60
 5  81  54  68  10   0   3 0.00  0.0    0  1.8  7 310   M    M   5 12      9  40
 6  82  50  66   8   0   1 0.00  0.0    0  3.1 13 290   M    M   0 12     15 280
 7  83  51  67   9   0   2 0.00  0.0    0  4.3 14 160   M    M   1 12     17 130
 8  85  50  68   9   0   3 0.00  0.0    0  3.1 14 300   M    M   1 12     16 300
 9  78  55  67   8   0   2 0.00  0.0    0 12.0 22  40   M    M   4 12     32  60
10  77  61  69  10   0   4 0.10  0.0    0 10.1 17  80   M    M   8 18     23  80
11  85  59  72  13   0   7 0.00  0.0    0  4.5 16 160   M    M   4 12     19 170
12  84  65  75  16   0  10 0.06  0.0    0  8.2 22 310   M    M   7 12     27 320
13  66  43  55  -4  10   0 0.21  0.0    0  6.1 31 330   M    M   5 13     37 330
14  76  33  55  -4  10   0 0.00  0.0    0  3.3 13 120   M    M   0        17 120
15  77  44  61   1   4   0 0.00  0.0    0  4.3 15 280   M    M   0 1      19 290
16  80  50  65   5   0   0 0.00  0.0    0  6.0 21 270   M    M   4 1      25 260
17  86  59  73  13   0   8 0.00  0.0    0  8.0 21 210   M    M   3 1      28 190
18  87  63  75  15   0  10    T  0.0    0  6.2 16 290   M    M   5 1      21 190
19  88  64  76  16   0  11 0.00  0.0    0  6.7 13 150   M    M   4        17 100
20  89  68  79  19   0  14    T  0.0    0  8.8 22 160   M    M   4        28 160
21  86  63  75  15   0  10 0.00  0.0    0  5.4 15 270   M    M   2 12     19 280
22  88  63  76  15   0  11 0.00  0.0    0  4.8 14 280   M    M   5 12     18 150
================================================================================
SM 1780 1222        28 105  1.55     0.0 125.7          M       92
================================================================================
AV 80.9 55.6                               5.7 FASTST   M    M   4    MAX(MPH)
                                 MISC ---->  # 31 330               # 37  330
================================================================================
NOTES:
# LAST OF SEVERAL OCCURRENCES

COLUMN 17 PEAK WIND IN M.P.H.

PRELIMINARY LOCAL CLIMATOLOGICAL DATA (WS FORM: F-6) , PAGE 2

                                          STATION:  Brooksville
                                          MONTH:    FEBRUARY
                                          YEAR:     2019
                                          LATITUDE:   28 28 N
                                          LONGITUDE:  82 27 W

[TEMPERATURE DATA]      [PRECIPITATION DATA]       SYMBOLS USED IN COLUMN 16

AVERAGE MONTHLY: 68.2   TOTAL FOR MONTH:   1.55    1 = FOG OR MIST
DPTR FM NORMAL:   9.1   DPTR FM NORMAL:   -0.98    2 = FOG REDUCING VISIBILITY
HIGHEST:    89 ON 20    GRTST 24HR  1.18 ON  2- 2      TO 1/4 MILE OR LESS
LOWEST:     33 ON 14                               3 = THUNDER
                        SNOW, ICE PELLETS, HAIL    4 = ICE PELLETS
                        TOTAL MONTH:   0.0 INCH    5 = HAIL
                        GRTST 24HR     0.0         6 = FREEZING RAIN OR DRIZZLE
                        GRTST DEPTH:   0           7 = DUSTSTORM OR SANDSTORM:
                                                       VSBY 1/2 MILE OR LESS
                                                   8 = SMOKE OR HAZE
[NO. OF DAYS WITH]      [WEATHER - DAYS WITH]      9 = BLOWING SNOW
                                                   X = TORNADO
MAX 32 OR BELOW:   0    0.01 INCH OR MORE:   4
MAX 90 OR ABOVE:   0    0.10 INCH OR MORE:   3
MIN 32 OR BELOW:   0    0.50 INCH OR MORE:   1
MIN  0 OR BELOW:   0    1.00 INCH OR MORE:   1

[HDD (BASE 65) ]
TOTAL THIS MO.    28    CLEAR  (SCALE 0-3)   7
DPTR FM NORMAL  -127    PTCLDY (SCALE 4-7)  13
TOTAL FM JUL 1   584    CLOUDY (SCALE 8-10)  2
DPTR FM NORMAL    48

[CDD (BASE 65) ]
TOTAL THIS MO.   105
DPTR FM NORMAL    83    [PRESSURE DATA]
TOTAL FM JAN 1   131    HIGHEST SLP M ON M
DPTR FM NORMAL    78    LOWEST  SLP 29.89 ON 16

[REMARKS]
