000
CXUS52 KTBW 211000
CF6BKV
PRELIMINARY LOCAL CLIMATOLOGICAL DATA (WS FORM: F-6)

                                          STATION:   Brooksville
                                          MONTH:     JULY
                                          YEAR:      2019
                                          LATITUDE:   28 28 N
                                          LONGITUDE:  82 27 W

  TEMPERATURE IN F:       :PCPN:    SNOW:  WIND      :SUNSHINE: SKY     :PK WND
================================================================================
1   2   3   4   5  6A  6B    7    8   9   10  11  12  13   14  15   16   17  18
                                     12Z  AVG MX 2MIN
DY MAX MIN AVG DEP HDD CDD  WTR  SNW DPTH SPD SPD DIR MIN PSBL S-S WX    SPD DR
================================================================================

 1  94  72  83   3   0  18    T  0.0    0  5.8 17 260   M    M   0        21 260
 2  93  75  84   4   0  19 0.15  0.0    0  6.7 17 280   M    M   1 38     22 280
 3  95  75  85   5   0  20    T  0.0    0  4.4 20 290   M    M   0 13     24 290
 4  97  75  86   6   0  21 0.07  0.0    0  2.3 16 280   M    M   1 138    19 280
 5  94  74  84   4   0  19 0.07  0.0    0  4.2 16 250   M    M   1 138    22  70
 6  92  72  82   2   0  17 0.06  0.0    0  4.8 22 270   M    M   2 138    26 270
 7  88  74  81   1   0  16 2.52  0.0    0  3.5 24 190   M    M   3 138    29 210
 8  90  74  82   1   0  17 0.70    M    0  6.8 13 290   M    M   5 13      M  M
 9  87  76  82   1   0  17 0.86  0.0    M  5.9 10 190   M    M   4 1       M  M
10  87  76  82   1   0  17 0.17  0.0    M  6.3 17 240   M    M   3 18     25 230
11  89  75  82   1   0  17 0.95  0.0    0  7.8 29 140   M    M   2 138    37 130
12  90  72  81   0   0  16 0.84  0.0    0  6.9 26 260   M    M   4 138    37 250
13  91  73  82   1   0  17 0.00  0.0    0  4.4 13 100   M    M   0 8      17 100
14  96  72  84   3   0  19 0.00  0.0    0  3.1 12 320   M    M   1 128    27  80
15  96  72  84   3   0  19    T  0.0    0  3.1 17 300   M    M   1 38     22 310
16  96  72  84   3   0  19 0.78  0.0    0  3.6 24 170   M    M   2 1238   27 170
17  95  72  84   3   0  19 1.41  0.0    0  4.8 26 230   M    M   2 138    36 230
18  92  71  82   1   0  17 0.00  0.0    0  3.1 14 150   M    M   1 3      17 160
19  93  73  83   2   0  18 0.01  0.0    0  4.7 20 180   M    M   1 3      22 180
20  94  73  84   3   0  19 0.52  0.0    0  4.4 37 280   M    M   2 13     53 280
================================================================================
SM 1849 1468         0 361  9.11     0.0  96.6          M       36
================================================================================
AV 92.5 73.4                               4.8 FASTST   M    M   2    MAX(MPH)
                                 MISC ---->  # 37 280               # 53  280
================================================================================
NOTES:
# LAST OF SEVERAL OCCURRENCES

COLUMN 17 PEAK WIND IN M.P.H.

PRELIMINARY LOCAL CLIMATOLOGICAL DATA (WS FORM: F-6) , PAGE 2

                                          STATION:  Brooksville
                                          MONTH:    JULY
                                          YEAR:     2019
                                          LATITUDE:   28 28 N
                                          LONGITUDE:  82 27 W

[TEMPERATURE DATA]      [PRECIPITATION DATA]       SYMBOLS USED IN COLUMN 16

AVERAGE MONTHLY: 82.9   TOTAL FOR MONTH:   9.11    1 = FOG OR MIST
DPTR FM NORMAL:   2.3   DPTR FM NORMAL:    3.57    2 = FOG REDUCING VISIBILITY
HIGHEST:    97 ON  4    GRTST 24HR  2.52 ON  7- 7      TO 1/4 MILE OR LESS
LOWEST:     71 ON 18                               3 = THUNDER
                        SNOW, ICE PELLETS, HAIL    4 = ICE PELLETS
                        TOTAL MONTH:   0.0 INCH    5 = HAIL
                        GRTST 24HR     0.0         6 = FREEZING RAIN OR DRIZZLE
                        GRTST DEPTH:   0           7 = DUSTSTORM OR SANDSTORM:
                                                       VSBY 1/2 MILE OR LESS
                                                   8 = SMOKE OR HAZE
[NO. OF DAYS WITH]      [WEATHER - DAYS WITH]      9 = BLOWING SNOW
                                                   X = TORNADO
MAX 32 OR BELOW:   0    0.01 INCH OR MORE:  14
MAX 90 OR ABOVE:  16    0.10 INCH OR MORE:  10
MIN 32 OR BELOW:   0    0.50 INCH OR MORE:   8
MIN  0 OR BELOW:   0    1.00 INCH OR MORE:   2

[HDD (BASE 65) ]
TOTAL THIS MO.     0    CLEAR  (SCALE 0-3)  16
DPTR FM NORMAL     0    PTCLDY (SCALE 4-7)   4
TOTAL FM JUL 1     0    CLOUDY (SCALE 8-10)  0
DPTR FM NORMAL     0

[CDD (BASE 65) ]
TOTAL THIS MO.   361
DPTR FM NORMAL    52    [PRESSURE DATA]
TOTAL FM JAN 1  1752    HIGHEST SLP M ON M
DPTR FM NORMAL   440    LOWEST  SLP 29.91 ON  3

[REMARKS]
