754
CXUS51 KLWX 220620
CF6CHO
PRELIMINARY LOCAL CLIMATOLOGICAL DATA (WS FORM: F-6)

                                          STATION:   CHARLOTTESVILLE VA
                                          MONTH:     APRIL
                                          YEAR:      2018
                                          LATITUDE:   38  7 N
                                          LONGITUDE:  78 27 W

  TEMPERATURE IN F:       :PCPN:    SNOW:  WIND      :SUNSHINE: SKY     :PK WND
================================================================================
1   2   3   4   5  6A  6B    7    8   9   10  11  12  13   14  15   16   17  18
                                     12Z  AVG MX 2MIN
DY MAX MIN AVG DEP HDD CDD  WTR  SNW DPTH SPD SPD DIR MIN PSBL S-S WX    SPD DR
================================================================================

 1  71  48  60   9   5   0 0.00    M    M  6.4 15 190   M    M   4        20 250
 2  55  42  49  -3  16   0 0.06    M    M  7.9 16  40   M    M  10 1      20  40
 3  59  45  52   0  13   0    T    M    M  5.2 15 110   M    M   5        20 110
 4  70  41  56   4   9   0    T    M    M 12.2 23 190   M    M   3        34 300
 5  60  33  47  -5  18   0 0.00    M    M  3.7 14 310   M    M   0        19 310
 6  74  36  55   2  10   0 0.00    M    M 10.5 28 190   M    M   2        38 200
 7  63  32  48  -5  17   0 0.06    M    M  5.7 14  50   M    M   9 1      19 340
 8  55  30  43 -10  22   0 0.00    M    M  4.3 13  50   M    M   1        19  50
 9  42  34  38 -16  27   0 0.01    M    M  4.5 12  20   M    M   9 18     16  10
10  58  36  47  -7  18   0 0.00    M    M  4.4 12 340   M    M   6 12     18 350
11  63  40  52  -2  13   0 0.00    M    M  6.0 16 170   M    M   6        22 190
12  79  42  61   7   4   0    T    M    M 12.1 26 200   M    M   1        35 200
13  86  59  73  18   0   8 0.00    M    M 13.8 25 200   M    M   0        33 200
14  84  62  73  18   0   8 0.00    M    M 13.5 26 180   M    M   1        36 200
15  81  49  65  10   0   0 1.49    M    M 12.8 26  40   M    M   6 13     34  50
16  59  42  51  -5  14   0 0.51    M    M  7.2 21 320   M    M  10 1      25 290
17  52  38  45 -11  20   0 0.00    M    M  5.6 16 310   M    M   7        26 330
18  74  35  55  -1  10   0 0.00    M    M  5.6 16 180   M    M   2        21 130
19  64  40  52  -4  13   0 0.02    M    M  7.0 23 310   M    M   4 1      33 320
20  65  34  50  -7  15   0 0.00    M    M  6.8 15 350   M    M   0        27 330
21  67  37  52  -5  13   0 0.00    M    M  3.9 12 230   M    M   0        16 190
================================================================================
SM 1381  855       257  16  2.15    M    159.1          M       86
================================================================================
AV 65.8 40.7                               7.6 FASTST   M    M   4    MAX(MPH)
                                 MISC ---->  # 28 190               # 38  200
================================================================================
NOTES:
# LAST OF SEVERAL OCCURRENCES

COLUMN 17 PEAK WIND IN M.P.H.

PRELIMINARY LOCAL CLIMATOLOGICAL DATA (WS FORM: F-6) , PAGE 2

                                          STATION:  CHARLOTTESVILLE VA
                                          MONTH:    APRIL
                                          YEAR:     2018
                                          LATITUDE:   38  7 N
                                          LONGITUDE:  78 27 W

[TEMPERATURE DATA]      [PRECIPITATION DATA]       SYMBOLS USED IN COLUMN 16

AVERAGE MONTHLY: 53.2   TOTAL FOR MONTH:   2.15    1 = FOG OR MIST
DPTR FM NORMAL:  -0.9   DPTR FM NORMAL:   -0.23    2 = FOG REDUCING VISIBILITY
HIGHEST:    86 ON 13    GRTST 24HR  1.49 ON 15-15      TO 1/4 MILE OR LESS
LOWEST:     30 ON  8                               3 = THUNDER
                        SNOW, ICE PELLETS, HAIL    4 = ICE PELLETS
                        TOTAL MONTH:    M          5 = HAIL
                        GRTST 24HR    M  ON   M    6 = FREEZING RAIN OR DRIZZLE
                        GRTST DEPTH:  M  ON   M    7 = DUSTSTORM OR SANDSTORM:
                                                       VSBY 1/2 MILE OR LESS
                                                   8 = SMOKE OR HAZE
[NO. OF DAYS WITH]      [WEATHER - DAYS WITH]      9 = BLOWING SNOW
                                                   X = TORNADO
MAX 32 OR BELOW:   0    0.01 INCH OR MORE:   6
MAX 90 OR ABOVE:   0    0.10 INCH OR MORE:   2
MIN 32 OR BELOW:   2    0.50 INCH OR MORE:   2
MIN  0 OR BELOW:   0    1.00 INCH OR MORE:   1

[HDD (BASE 65) ]
TOTAL THIS MO.   257    CLEAR  (SCALE 0-3)  10
DPTR FM NORMAL    18    PTCLDY (SCALE 4-7)   7
TOTAL FM JUL 1  3799    CLOUDY (SCALE 8-10)  4
DPTR FM NORMAL  -444

[CDD (BASE 65) ]
TOTAL THIS MO.    16
DPTR FM NORMAL     3    [PRESSURE DATA]
TOTAL FM JAN 1    21    HIGHEST SLP M ON M
DPTR FM NORMAL     6    LOWEST  SLP 29.45 ON 16

[REMARKS]
