000
CXUS54 KHGX 271515
CF6CLL
PRELIMINARY LOCAL CLIMATOLOGICAL DATA (WS FORM: F-6)

                                          STATION:   COLLEGE STATION
                                          MONTH:     FEBRUARY
                                          YEAR:      2020
                                          LATITUDE:   30 34 N
                                          LONGITUDE:  96 22 W

  TEMPERATURE IN F:       :PCPN:    SNOW:  WIND      :SUNSHINE: SKY     :PK WND
================================================================================
1   2   3   4   5  6A  6B    7    8   9   10  11  12  13   14  15   16   17  18
                                     12Z  AVG MX 2MIN
DY MAX MIN AVG DEP HDD CDD  WTR  SNW DPTH SPD SPD DIR MIN PSBL S-S WX    SPD DR
================================================================================

 1  73  37  55   3  10   0 0.00  0.0    0  4.7 16 240   M    M   0        22 240
 2  80  41  61   9   4   0 0.00  0.0    0  8.1 18 180   M    M   0        25 170
 3  75  57  66  14   0   1    T  0.0    0 15.0 26 140   M    M   6        37 140
 4  79  51  65  12   0   0 0.01  0.0    0 12.3 22 350   M    M   8 1      27 350
 5  51  38  45  -8  20   0 0.02  0.0    0 14.4 22 330   M    M  10 18     29 320
 6  53  33  43 -10  22   0 0.01  0.0    0 11.2 25 300   M    M   3        34 300
 7  73  36  55   2  10   0 0.00  0.0    0  8.4 21 240   M    M   0        29 220
 8  72  47  60   7   5   0    T  0.0    0 10.7 18 150   M    M   4        25 150
 9  74  61  68  15   0   3 0.25  0.0    0 13.7 26 160   M    M   9 1      34 180
10  72  48  60   6   5   0 0.18  0.0    0  8.7 21 320   M    M  10 1      28 320
11  52  46  49  -5  16   0 0.14  0.0    0 10.8 17  10   M    M  10 1      21  40
12  56  45  51  -3  14   0 0.45  0.0    0  6.7 16 300   M    M   8 13     23 300
13  54  38  46  -8  19   0 0.00  0.0    0 11.2 21  20   M    M   4 1      27  10
14  61  33  47  -7  18   0 0.00  0.0    0  7.2 14  40   M    M   0        17  40
15  69  43  56   2   9   0 0.00  0.0    0  7.7 18 170   M    M   7        23 170
16  76  59  68  13   0   3 0.00  0.0    0  7.3 16 170   M    M   6 12     20 150
17  80  64  72  17   0   7 0.00  0.0    0 10.4 17 160   M    M   8 12     23 170
18  78  53  66  11   0   1 0.23  0.0    0  6.4 22 350   M    M  10 18     28 350
19  52  48  50  -5  15   0 0.09  0.0    0 11.8 15  40   M    M   9 1      20  40
20  54  45  50  -6  15   0 0.61  0.0    0 14.0 24  20   M    M   7 1      36 360
21  56  36  46 -10  19   0 0.00  0.0    0  8.0 18 350   M    M   1        22  10
22  64  40  52  -4  13   0 0.00  0.0    0  5.9 14 160   M    M   2        18 150
23  66  50  58   2   7   0    T  0.0    0  9.3 21 160   M    M   9 18     26 170
24  71  52  62   6   3   0 0.14  0.0    0  7.1 18 300   M    M   3 8      23 300
25  69  49  59   2   6   0 0.00  0.0    0 11.2 22 340   M    M   2        30 350
26  56  35  46 -11  19   0 0.00  0.0    0 14.9 29 340   M    M   4        39 300
================================================================================
SM 1716 1185       249  15  2.13     0.0 257.1          M      140
================================================================================
AV 66.0 45.6                               9.9 FASTST   M    M   5    MAX(MPH)
                                 MISC ---->  # 29 340               # 39  300
================================================================================
NOTES:
# LAST OF SEVERAL OCCURRENCES

COLUMN 17 PEAK WIND IN M.P.H.

PRELIMINARY LOCAL CLIMATOLOGICAL DATA (WS FORM: F-6) , PAGE 2

                                          STATION:  COLLEGE STATION
                                          MONTH:    FEBRUARY
                                          YEAR:     2020
                                          LATITUDE:   30 34 N
                                          LONGITUDE:  96 22 W

[TEMPERATURE DATA]      [PRECIPITATION DATA]       SYMBOLS USED IN COLUMN 16

AVERAGE MONTHLY: 55.8   TOTAL FOR MONTH:   2.13    1 = FOG OR MIST
DPTR FM NORMAL:   1.5   DPTR FM NORMAL:   -0.52    2 = FOG REDUCING VISIBILITY
HIGHEST:    80 ON 17, 2 GRTST 24HR  0.61 ON 20-20      TO 1/4 MILE OR LESS
LOWEST:     33 ON 14, 6                            3 = THUNDER
                        SNOW, ICE PELLETS, HAIL    4 = ICE PELLETS
                        TOTAL MONTH:   0.0 INCH    5 = HAIL
                        GRTST 24HR     0.0         6 = FREEZING RAIN OR DRIZZLE
                        GRTST DEPTH:   0           7 = DUSTSTORM OR SANDSTORM:
                                                       VSBY 1/2 MILE OR LESS
                                                   8 = SMOKE OR HAZE
[NO. OF DAYS WITH]      [WEATHER - DAYS WITH]      9 = BLOWING SNOW
                                                   X = TORNADO
MAX 32 OR BELOW:   0    0.01 INCH OR MORE:  11
MAX 90 OR ABOVE:   0    0.10 INCH OR MORE:   7
MIN 32 OR BELOW:   0    0.50 INCH OR MORE:   1
MIN  0 OR BELOW:   0    1.00 INCH OR MORE:   0

[HDD (BASE 65) ]
TOTAL THIS MO.   249    CLEAR  (SCALE 0-3)   8
DPTR FM NORMAL   -42    PTCLDY (SCALE 4-7)  10
TOTAL FM JUL 1  1095    CLOUDY (SCALE 8-10)  8
DPTR FM NORMAL  -274

[CDD (BASE 65) ]
TOTAL THIS MO.    15
DPTR FM NORMAL    -8    [PRESSURE DATA]
TOTAL FM JAN 1    39    HIGHEST SLP M ON M
DPTR FM NORMAL     5    LOWEST  SLP 29.70 ON  5

[REMARKS]
