000
CXUS54 KHGX 251317
CF6CLL
PRELIMINARY LOCAL CLIMATOLOGICAL DATA (WS FORM: F-6)

                                          STATION:   COLLEGE STATION
                                          MONTH:     APRIL
                                          YEAR:      2019
                                          LATITUDE:   30 34 N
                                          LONGITUDE:  96 22 W

  TEMPERATURE IN F:       :PCPN:    SNOW:  WIND      :SUNSHINE: SKY     :PK WND
================================================================================
1   2   3   4   5  6A  6B    7    8   9   10  11  12  13   14  15   16   17  18
                                     12Z  AVG MX 2MIN
DY MAX MIN AVG DEP HDD CDD  WTR  SNW DPTH SPD SPD DIR MIN PSBL S-S WX    SPD DR
================================================================================

 1  59  39  49 -16  16   0    T  0.0    0  4.5 10  50   M    M   4        16 350
 2  70  37  54 -11  11   0 0.00  0.0    0  5.2 12 150   M    M   0        16 190
 3  72  50  61  -5   4   0 0.01  0.0    0 10.7 21 140   M    M   8 1      26 130
 4  86  62  74   8   0   9 0.04  0.0    0  6.9 18 220   M    M   6 1      26 220
 5  82  67  75   9   0  10    T  0.0    0  7.2 14  80   M    M   6 18     24  80
 6  74  65  70   4   0   5 0.37  0.0    0  9.0 29 130   M    M   7 13     35 130
 7  72  61  67   1   0   2 1.16  0.0    0  9.1 28  10   M    M  10 13     35 360
 8  83  61  72   5   0   7 0.02  0.0    0  9.2 20 300   M    M   4 1      26 330
 9  87  55  71   4   0   6 0.00  0.0    0  2.4  7 160   M    M   1 12      M  M
10  89  61  75   8   0  10 0.00  0.0    0 14.7 28 160   M    M   0        34 160
11  82  58  70   3   0   5 0.00  0.0    0  9.2 22 170   M    M   2        28 160
12  79  55  67  -1   0   2 0.01  0.0    0  9.2 15 100   M    M   3        21  80
13  76  47  62  -6   3   0 0.20  0.0    0 14.3 35 300   M    M   9 13     47 290
14  70  46  58 -10   7   0 0.00  0.0    0  9.4 28 300   M    M   1        39 290
15  81  50  66  -2   0   1 0.00  0.0    0 11.2 22 160   M    M   0        27 150
16  82  60  71   2   0   6 0.00  0.0    0 14.1 26 170   M    M   3        32 170
17  77  68  73   4   0   8 0.01  0.0    0 14.1 24 160   M    M   9 13     35 160
18  74  56  65  -4   0   0 1.66  0.0    0 11.6 36 310   M    M   5 13     49 300
19  72  50  61  -8   4   0 0.00  0.0    0 12.4 26 350   M    M   0        38 310
20  77  46  62  -8   3   0 0.00  0.0    0  4.6 13 190   M    M   0        16 200
21  83  56  70   0   0   5 0.00  0.0    0 12.9 24 160   M    M   0        30 170
22  81  63  72   2   0   7 0.00  0.0    0 10.1 21 150   M    M   4 8      27 160
23  78  66  72   2   0   7 0.00  0.0    0  9.9 21 150   M    M   7        26 150
24  73  63  68  -3   0   3 2.07  0.0    0  7.9 26 120   M    M   9 13     33 130
================================================================================
SM 1859 1342        48  93  5.55     0.0 229.8          M       98
================================================================================
AV 77.5 55.9                               9.6 FASTST   M    M   4    MAX(MPH)
                                 MISC ---->  # 36 310               # 49  300
================================================================================
NOTES:
# LAST OF SEVERAL OCCURRENCES

COLUMN 17 PEAK WIND IN M.P.H.

PRELIMINARY LOCAL CLIMATOLOGICAL DATA (WS FORM: F-6) , PAGE 2

                                          STATION:  COLLEGE STATION
                                          MONTH:    APRIL
                                          YEAR:     2019
                                          LATITUDE:   30 34 N
                                          LONGITUDE:  96 22 W

[TEMPERATURE DATA]      [PRECIPITATION DATA]       SYMBOLS USED IN COLUMN 16

AVERAGE MONTHLY: 66.7   TOTAL FOR MONTH:   5.55    1 = FOG OR MIST
DPTR FM NORMAL:  -1.1   DPTR FM NORMAL:    3.55    2 = FOG REDUCING VISIBILITY
HIGHEST:    89 ON 10    GRTST 24HR  2.07 ON 24-24      TO 1/4 MILE OR LESS
LOWEST:     37 ON  2                               3 = THUNDER
                        SNOW, ICE PELLETS, HAIL    4 = ICE PELLETS
                        TOTAL MONTH:   0.0 INCH    5 = HAIL
                        GRTST 24HR     0.0         6 = FREEZING RAIN OR DRIZZLE
                        GRTST DEPTH:   0           7 = DUSTSTORM OR SANDSTORM:
                                                       VSBY 1/2 MILE OR LESS
                                                   8 = SMOKE OR HAZE
[NO. OF DAYS WITH]      [WEATHER - DAYS WITH]      9 = BLOWING SNOW
                                                   X = TORNADO
MAX 32 OR BELOW:   0    0.01 INCH OR MORE:  10
MAX 90 OR ABOVE:   0    0.10 INCH OR MORE:   5
MIN 32 OR BELOW:   0    0.50 INCH OR MORE:   3
MIN  0 OR BELOW:   0    1.00 INCH OR MORE:   3

[HDD (BASE 65) ]
TOTAL THIS MO.    48    CLEAR  (SCALE 0-3)  10
DPTR FM NORMAL     4    PTCLDY (SCALE 4-7)   9
TOTAL FM JUL 1  1699    CLOUDY (SCALE 8-10)  5
DPTR FM NORMAL    96

[CDD (BASE 65) ]
TOTAL THIS MO.    93
DPTR FM NORMAL   -17    [PRESSURE DATA]
TOTAL FM JAN 1   176    HIGHEST SLP M ON M
DPTR FM NORMAL   -21    LOWEST  SLP 29.50 ON 13

[REMARKS]
