000
CXUS54 KHGX 260741
CF6CLL
PRELIMINARY LOCAL CLIMATOLOGICAL DATA (WS FORM: F-6)

                                          STATION:   COLLEGE STATION
                                          MONTH:     JUNE
                                          YEAR:      2019
                                          LATITUDE:   30 34 N
                                          LONGITUDE:  96 22 W

  TEMPERATURE IN F:       :PCPN:    SNOW:  WIND      :SUNSHINE: SKY     :PK WND
================================================================================
1   2   3   4   5  6A  6B    7    8   9   10  11  12  13   14  15   16   17  18
                                     12Z  AVG MX 2MIN
DY MAX MIN AVG DEP HDD CDD  WTR  SNW DPTH SPD SPD DIR MIN PSBL S-S WX    SPD DR
================================================================================

 1  91  72  82   2   0  17 0.00  0.0    0  4.2 10 140   M    M   4        15 140
 2  93  76  85   5   0  20 0.00  0.0    0  4.7 13 270   M    M   3        18 270
 3  93  75  84   4   0  19 0.00  0.0    0  6.1 16 160   M    M   2        19 140
 4  90  74  82   2   0  17 0.19  0.0    0  6.0 21 130   M    M   1 13     27 130
 5  82  74  78  -3   0  13    M  0.0    0  8.2 16 120   M    M   8 1      21 110
 6  88  70  79  -2   0  14 0.11  0.0    0  5.3 28 320   M    M   1 1      35 310
 7  90  71  81   0   0  16 0.00  0.0    0  7.2 15 340   M    M   1        20 340
 8  94  72  83   2   0  18 0.00  0.0    0  6.3 13 320   M    M   0        18 290
 9  95  76  86   5   0  21    T  0.0    0  7.8 22  20   M    M   1 3      28  40
10  87  74  81  -1   0  16 0.00  0.0    0 11.7 20 360   M    M   2        24 360
11  86  72  79  -3   0  14    T  0.0    0  6.9 13  50   M    M   2        17  30
12  89  68  79  -3   0  14 0.00  0.0    0  2.7 12 340   M    M   1        16 300
13  89  72  81  -1   0  16 0.00  0.0    0  7.7 14  30   M    M   0        17  70
14  91  71  81  -1   0  16 0.00  0.0    0 10.9 21 160   M    M   1        27 170
15  95  74  85   3   0  20 0.00  0.0    0 13.1 26 160   M    M   3        32 170
16  88  63  76  -6   0  11 1.63  0.0    0 11.6 45 340   M    M   7 13     61 340
17  87  67  77  -6   0  12 0.17  0.0    0  5.4 17 160   M    M   3        21 160
18  92  74  83   0   0  18 0.00  0.0    0  5.0 16 310   M    M   1        20 290
19  95  71  83   0   0  18 0.05  0.0    0 11.3 33 320   M    M   2 1      44 300
20  94  71  83   0   0  18 0.00  0.0    0 13.0 20 160   M    M   1        25 160
21  94  81  88   5   0  23 0.00  0.0    0 14.3 22 160   M    M   7        28 160
22  93  82  88   5   0  23    T  0.0    0 15.9 25 160   M    M   6 3      31 160
23  94  81  88   5   0  23 0.01  0.0    0 16.0 24 170   M    M   7        30 160
24  84  69  77  -6   0  12 0.52  0.0    0  9.3 28 350   M    M   5 13     36 350
25  91  71  81  -2   0  16 0.00  0.0    0 10.5 28 160   M    M   1        33 170
================================================================================
SM 2265 1821         0 425  2.68     0.0 221.1          M       70
================================================================================
AV 90.6 72.8                               8.8 FASTST   M    M   3    MAX(MPH)
                                 MISC ---->  # 45 340               # 61  340
================================================================================
NOTES:
# LAST OF SEVERAL OCCURRENCES

COLUMN 17 PEAK WIND IN M.P.H.

PRELIMINARY LOCAL CLIMATOLOGICAL DATA (WS FORM: F-6) , PAGE 2

                                          STATION:  COLLEGE STATION
                                          MONTH:    JUNE
                                          YEAR:     2019
                                          LATITUDE:   30 34 N
                                          LONGITUDE:  96 22 W

[TEMPERATURE DATA]      [PRECIPITATION DATA]       SYMBOLS USED IN COLUMN 16

AVERAGE MONTHLY: 81.7   TOTAL FOR MONTH:   2.68    1 = FOG OR MIST
DPTR FM NORMAL:  -0.1   DPTR FM NORMAL:   -1.19    2 = FOG REDUCING VISIBILITY
HIGHEST:    95 ON 19,15 GRTST 24HR  1.63 ON 16-16      TO 1/4 MILE OR LESS
LOWEST:     63 ON 16                               3 = THUNDER
                        SNOW, ICE PELLETS, HAIL    4 = ICE PELLETS
                        TOTAL MONTH:   0.0 INCH    5 = HAIL
                        GRTST 24HR     0.0         6 = FREEZING RAIN OR DRIZZLE
                        GRTST DEPTH:   0           7 = DUSTSTORM OR SANDSTORM:
                                                       VSBY 1/2 MILE OR LESS
                                                   8 = SMOKE OR HAZE
[NO. OF DAYS WITH]      [WEATHER - DAYS WITH]      9 = BLOWING SNOW
                                                   X = TORNADO
MAX 32 OR BELOW:   0    0.01 INCH OR MORE:   7
MAX 90 OR ABOVE:  16    0.10 INCH OR MORE:   5
MIN 32 OR BELOW:   0    0.50 INCH OR MORE:   2
MIN  0 OR BELOW:   0    1.00 INCH OR MORE:   1

[HDD (BASE 65) ]
TOTAL THIS MO.     0    CLEAR  (SCALE 0-3)  18
DPTR FM NORMAL     0    PTCLDY (SCALE 4-7)   6
TOTAL FM JUL 1  1700    CLOUDY (SCALE 8-10)  1
DPTR FM NORMAL    92

[CDD (BASE 65) ]
TOTAL THIS MO.   425
DPTR FM NORMAL     3    [PRESSURE DATA]
TOTAL FM JAN 1  1039    HIGHEST SLP M ON M
DPTR FM NORMAL    29    LOWEST  SLP 29.64 ON  6

[REMARKS]
