000
CXUS54 KMAF 201100
CF6CNM
PRELIMINARY LOCAL CLIMATOLOGICAL DATA (WS FORM: F-6)

                                          STATION:   Carlsbad
                                          MONTH:     AUGUST
                                          YEAR:      2019
                                          LATITUDE:   32 20 N
                                          LONGITUDE: 104 15 W

  TEMPERATURE IN F:       :PCPN:    SNOW:  WIND      :SUNSHINE: SKY     :PK WND
================================================================================
1   2   3   4   5  6A  6B    7    8   9   10  11  12  13   14  15   16   17  18
                                     12Z  AVG MX 2MIN
DY MAX MIN AVG DEP HDD CDD  WTR  SNW DPTH SPD SPD DIR MIN PSBL S-S WX    SPD DR
================================================================================

 1  99  69  84   3   0  19 0.00  0.0    0  8.1 16 130   M    M   0        21 160
 2 101  69  85   4   0  20 0.00  0.0    0  7.7 15 140   M    M   0        20 140
 3 101  74  88   7   0  23    T  0.0    0  9.2 43 360   M    M   0 38     53 360
 4  97  76  87   6   0  22    T  0.0    0  7.0 20  80   M    M   3        23  80
 5  99  70  85   4   0  20 0.00  0.0    0  6.1 14  70   M    M   0        18  90
 6 100  72  86   5   0  21 0.00  0.0    0  5.5 18 360   M    M   1        24 330
 7 101  74  88   7   0  23    T  0.0    0  6.7 14 150   M    M   1 3      18 160
 8 102  76  89   8   0  24 0.00  0.0    0  5.0 16 150   M    M   0        19 160
 9 101  74  88   7   0  23 0.00  0.0    0  5.7 14 150   M    M   0        19  90
10 100  76  88   7   0  23 0.00  0.0    0  7.6 22 320   M    M   1        27 300
11  99  73  86   5   0  21    T  0.0    0  6.4 40 250   M    M   1 38     50 250
12 103  68  86   5   0  21 0.00  0.0    0  5.5 16 300   M    M   0        22 300
13 102  73  88   7   0  23    T  0.0    0 12.3 41  10   M    M   1 38     49  10
14  95  70  83   2   0  18    T  0.0    0  9.2 32 320   M    M   2 38     39 320
15  98  68  83   3   0  18 0.00  0.0    0  7.4 20 340   M    M   1 3      26 340
16 102  69  86   6   0  21 0.00  0.0    0  7.7 26 200   M    M   0 3      32 190
17 105  70  88   8   0  23 0.00  0.0    0  6.5 21 150   M    M   0        29 150
18 104  72  88   8   0  23 0.00  0.0    0  5.1 14 360   M    M   0        19  40
19 103  80  92  12   0  27 0.00  0.0    0  8.4 21 150   M    M   0        26 150
================================================================================
SM 1912 1373         0 413    T      0.0 137.1          M       11
================================================================================
AV100.6 72.3                               7.2 FASTST   M    M   1    MAX(MPH)
                                 MISC ---->  # 43 360               # 53  360
================================================================================
NOTES:
# LAST OF SEVERAL OCCURRENCES

COLUMN 17 PEAK WIND IN M.P.H.

PRELIMINARY LOCAL CLIMATOLOGICAL DATA (WS FORM: F-6) , PAGE 2

                                          STATION:  Carlsbad
                                          MONTH:    AUGUST
                                          YEAR:     2019
                                          LATITUDE:   32 20 N
                                          LONGITUDE: 104 15 W

[TEMPERATURE DATA]      [PRECIPITATION DATA]       SYMBOLS USED IN COLUMN 16

AVERAGE MONTHLY: 86.5   TOTAL FOR MONTH:      T    1 = FOG OR MIST
DPTR FM NORMAL:   5.7   DPTR FM NORMAL:   -1.17    2 = FOG REDUCING VISIBILITY
HIGHEST:   105 ON 17    GRTST 24HR    T  ON 14-14      TO 1/4 MILE OR LESS
LOWEST:     68 ON 15,12                            3 = THUNDER
                        SNOW, ICE PELLETS, HAIL    4 = ICE PELLETS
                        TOTAL MONTH:   0.0 INCH    5 = HAIL
                        GRTST 24HR     0.0         6 = FREEZING RAIN OR DRIZZLE
                        GRTST DEPTH:   0           7 = DUSTSTORM OR SANDSTORM:
                                                       VSBY 1/2 MILE OR LESS
                                                   8 = SMOKE OR HAZE
[NO. OF DAYS WITH]      [WEATHER - DAYS WITH]      9 = BLOWING SNOW
                                                   X = TORNADO
MAX 32 OR BELOW:   0    0.01 INCH OR MORE:   0
MAX 90 OR ABOVE:  19    0.10 INCH OR MORE:   0
MIN 32 OR BELOW:   0    0.50 INCH OR MORE:   0
MIN  0 OR BELOW:   0    1.00 INCH OR MORE:   0

[HDD (BASE 65) ]
TOTAL THIS MO.     0    CLEAR  (SCALE 0-3)  19
DPTR FM NORMAL     0    PTCLDY (SCALE 4-7)   0
TOTAL FM JUL 1     0    CLOUDY (SCALE 8-10)  0
DPTR FM NORMAL     0

[CDD (BASE 65) ]
TOTAL THIS MO.   413
DPTR FM NORMAL   113    [PRESSURE DATA]
TOTAL FM JAN 1  1726    HIGHEST SLP M ON M
DPTR FM NORMAL   136    LOWEST  SLP 29.66 ON 18

[REMARKS]
