000
CXUS54 KMAF 241100
CF6CNM
PRELIMINARY LOCAL CLIMATOLOGICAL DATA (WS FORM: F-6)

                                          STATION:   Carlsbad
                                          MONTH:     APRIL
                                          YEAR:      2018
                                          LATITUDE:   32 20 N
                                          LONGITUDE: 104 15 W

  TEMPERATURE IN F:       :PCPN:    SNOW:  WIND      :SUNSHINE: SKY     :PK WND
================================================================================
1   2   3   4   5  6A  6B    7    8   9   10  11  12  13   14  15   16   17  18
                                     12Z  AVG MX 2MIN
DY MAX MIN AVG DEP HDD CDD  WTR  SNW DPTH SPD SPD DIR MIN PSBL S-S WX    SPD DR
================================================================================

 1  85  45  65   6   0   0 0.00  0.0    0  6.6 16 110   M    M   0        20 200
 2  89  45  67   8   0   2 0.00  0.0    0 13.0 30 250   M    M   0        36 220
 3  85  47  66   6   0   1 0.00  0.0    0 18.1 32 270   M    M   0 8      39 280
 4  68  35  52  -8  13   0 0.00  0.0    0 12.1 23 140   M    M   0        30 140
 5  86  42  64   4   1   0 0.00  0.0    0  6.9 14 150   M    M   0        16 150
 6  86  43  65   5   0   0 0.00  0.0    0 10.6 29  70   M    M   0 8      35  70
 7  60  36  48 -13  17   0 0.00  0.0    0 10.8 23 160   M    M   0        29 160
 8  94  41  68   7   0   3 0.00  0.0    0 17.0 33 260   M    M   2        40 260
 9  83  46  65   4   0   0 0.00  0.0    0  8.9 22 110   M    M   0        29 100
10  76  44  60  -2   5   0 0.00  0.0    0 11.0 21 140   M    M   0        26 170
11  96  48  72  10   0   7 0.00  0.0    0 10.5 28 260   M    M   2        36 250
12  93  57  75  13   0  10    T  0.0    0 21.5 36 240   M    M   2        53 260
13  77  41  59  -3   6   0    T  0.0    0 28.1 46 270   M    M   0        59 260
14  66  36  51 -12  14   0 0.00  0.0    0  7.0 13 200   M    M   0        16 190
15  77  37  57  -6   8   0 0.00  0.0    0  6.8 14 140   M    M   0        18 110
16  92  38  65   2   0   0 0.00  0.0    0  8.5 22 200   M    M   0        27 180
17  91  56  74  10   0   9 0.00  0.0    0 18.1 33 250   M    M   0        43 240
18  74  48  61  -3   4   0 0.00  0.0    0  9.6 22 240   M    M   0        27 350
19  77  48  63  -1   2   0 0.00  0.0    0 15.2 29 120   M    M   1        38 120
20  87  51  69   5   0   4 0.00  0.0    0 17.3 35 270   M    M   1 8      44 260
21  77  47  62  -3   3   0 0.00  0.0    0 11.0 24 350   M    M   0        28 330
22  71  42  57  -8   8   0 0.00  0.0    0  6.4 15 160   M    M   0        25 180
23  86  44  65   0   0   0 0.00  0.0    0  9.3 17 160   M    M   0        23 160
================================================================================
SM 1876 1017        81  36    T      0.0 284.3          M        8
================================================================================
AV 81.6 44.2                              12.4 FASTST   M    M   0    MAX(MPH)
                                 MISC ---->  # 46 270               # 59  260
================================================================================
NOTES:
# LAST OF SEVERAL OCCURRENCES

COLUMN 17 PEAK WIND IN M.P.H.

PRELIMINARY LOCAL CLIMATOLOGICAL DATA (WS FORM: F-6) , PAGE 2

                                          STATION:  Carlsbad
                                          MONTH:    APRIL
                                          YEAR:     2018
                                          LATITUDE:   32 20 N
                                          LONGITUDE: 104 15 W

[TEMPERATURE DATA]      [PRECIPITATION DATA]       SYMBOLS USED IN COLUMN 16

AVERAGE MONTHLY: 62.9   TOTAL FOR MONTH:      T    1 = FOG OR MIST
DPTR FM NORMAL:   0.8   DPTR FM NORMAL:   -0.41    2 = FOG REDUCING VISIBILITY
HIGHEST:    96 ON 11    GRTST 24HR    T  ON 13-13      TO 1/4 MILE OR LESS
LOWEST:     35 ON  4                               3 = THUNDER
                        SNOW, ICE PELLETS, HAIL    4 = ICE PELLETS
                        TOTAL MONTH:   0.0 INCH    5 = HAIL
                        GRTST 24HR     0.0         6 = FREEZING RAIN OR DRIZZLE
                        GRTST DEPTH:   0           7 = DUSTSTORM OR SANDSTORM:
                                                       VSBY 1/2 MILE OR LESS
                                                   8 = SMOKE OR HAZE
[NO. OF DAYS WITH]      [WEATHER - DAYS WITH]      9 = BLOWING SNOW
                                                   X = TORNADO
MAX 32 OR BELOW:   0    0.01 INCH OR MORE:   0
MAX 90 OR ABOVE:   5    0.10 INCH OR MORE:   0
MIN 32 OR BELOW:   0    0.50 INCH OR MORE:   0
MIN  0 OR BELOW:   0    1.00 INCH OR MORE:   0

[HDD (BASE 65) ]
TOTAL THIS MO.    81    CLEAR  (SCALE 0-3)  23
DPTR FM NORMAL   -26    PTCLDY (SCALE 4-7)   0
TOTAL FM JUL 1  2598    CLOUDY (SCALE 8-10)  0
DPTR FM NORMAL  -193

[CDD (BASE 65) ]
TOTAL THIS MO.    36
DPTR FM NORMAL    -5    [PRESSURE DATA]
TOTAL FM JAN 1    54    HIGHEST SLP M ON M
DPTR FM NORMAL     3    LOWEST  SLP 29.48 ON 12

[REMARKS]
