000
CXUS54 KMAF 201100
CF6CNM
PRELIMINARY LOCAL CLIMATOLOGICAL DATA (WS FORM: F-6)

                                          STATION:   Carlsbad
                                          MONTH:     FEBRUARY
                                          YEAR:      2019
                                          LATITUDE:   32 20 N
                                          LONGITUDE: 104 15 W

  TEMPERATURE IN F:       :PCPN:    SNOW:  WIND      :SUNSHINE: SKY     :PK WND
================================================================================
1   2   3   4   5  6A  6B    7    8   9   10  11  12  13   14  15   16   17  18
                                     12Z  AVG MX 2MIN
DY MAX MIN AVG DEP HDD CDD  WTR  SNW DPTH SPD SPD DIR MIN PSBL S-S WX    SPD DR
================================================================================

 1  68  34  51   6  14   0 0.00  0.0    0  5.1 15 160   M    M   4        18 190
 2  71  36  54   8  11   0 0.00  0.0    0  8.3 25 260   M    M   3 12     32 250
 3  74  45  60  14   5   0 0.00  0.0    0 13.0 31 260   M    M   1        40 260
 4  77  48  63  17   2   0 0.00  0.0    0  8.8 22 250   M    M   1        27 250
 5  71  43  57  11   8   0 0.00  0.0    0  9.2 26 230   M    M   0        31 230
 6  73  46  60  14   5   0 0.00  0.0    0 17.5 33 240   M    M   3 8      41 230
 7  54  28  41  -5  24   0 0.00  0.0    0 10.8 25 290   M    M   0        35 280
 8  45  23  34 -13  31   0 0.00  0.0    0 10.2 23 130   M    M   1        28 140
 9  47  24  36 -11  29   0 0.00  0.0    0  8.0 20 150   M    M   0        24 160
10  49  33  41  -6  24   0 0.00  0.0    0  6.9 14 140   M    M   5        17 150
11  64  33  49   2  16   0    T    M    0 15.7 45 240   M    M   3        53 250
12  61  22  42  -5  23   0 0.00  0.0    0  9.1 17 120   M    M   0        22 140
13  71  24  48   0  17   0 0.00  0.0    0  5.8 22 240   M    M   0        30 220
14  77  58  68  20   0   3 0.00  0.0    0 18.3 38 270   M    M   1 8      47 260
15  78  58  68  20   0   3 0.00  0.0    0 19.0 37 260   M    M   0        47 260
16  72  42  57   9   8   0 0.00  0.0    0 19.9 39 260   M    M   0        49 260
17  62  32  47  -1  18   0 0.00  0.0    0  8.2 26 260   M    M   0        31 270
18  50  27  39 -10  26   0 0.00  0.0    0 11.1 23 140   M    M   0        31 130
19  42  26  34 -15  31   0    T    M    0  9.4 29 260   M    M   7        35 260
================================================================================
SM 1206  682       292   6    T      0.0 214.3          M       29
================================================================================
AV 63.5 35.9                              11.3 FASTST   M    M   2    MAX(MPH)
                                 MISC ---->  # 45 240               # 53  250
================================================================================
NOTES:
# LAST OF SEVERAL OCCURRENCES

COLUMN 17 PEAK WIND IN M.P.H.

PRELIMINARY LOCAL CLIMATOLOGICAL DATA (WS FORM: F-6) , PAGE 2

                                          STATION:  Carlsbad
                                          MONTH:    FEBRUARY
                                          YEAR:     2019
                                          LATITUDE:   32 20 N
                                          LONGITUDE: 104 15 W

[TEMPERATURE DATA]      [PRECIPITATION DATA]       SYMBOLS USED IN COLUMN 16

AVERAGE MONTHLY: 49.7   TOTAL FOR MONTH:      T    1 = FOG OR MIST
DPTR FM NORMAL:   2.6   DPTR FM NORMAL:   -0.35    2 = FOG REDUCING VISIBILITY
HIGHEST:    78 ON 15    GRTST 24HR    T  ON 19-19      TO 1/4 MILE OR LESS
LOWEST:     22 ON 12                               3 = THUNDER
                        SNOW, ICE PELLETS, HAIL    4 = ICE PELLETS
                        TOTAL MONTH:   0.0 INCH    5 = HAIL
                        GRTST 24HR     0.0         6 = FREEZING RAIN OR DRIZZLE
                        GRTST DEPTH:   0           7 = DUSTSTORM OR SANDSTORM:
                                                       VSBY 1/2 MILE OR LESS
                                                   8 = SMOKE OR HAZE
[NO. OF DAYS WITH]      [WEATHER - DAYS WITH]      9 = BLOWING SNOW
                                                   X = TORNADO
MAX 32 OR BELOW:   0    0.01 INCH OR MORE:   0
MAX 90 OR ABOVE:   0    0.10 INCH OR MORE:   0
MIN 32 OR BELOW:   8    0.50 INCH OR MORE:   0
MIN  0 OR BELOW:   0    1.00 INCH OR MORE:   0

[HDD (BASE 65) ]
TOTAL THIS MO.   292    CLEAR  (SCALE 0-3)  16
DPTR FM NORMAL   -49    PTCLDY (SCALE 4-7)   3
TOTAL FM JUL 1  2216    CLOUDY (SCALE 8-10)  0
DPTR FM NORMAL    -7

[CDD (BASE 65) ]
TOTAL THIS MO.     6
DPTR FM NORMAL     6    [PRESSURE DATA]
TOTAL FM JAN 1     6    HIGHEST SLP M ON M
DPTR FM NORMAL     6    LOWEST  SLP 29.49 ON 16

[REMARKS]
