000
CXUS54 KFWD 260730
CF6CRS
PRELIMINARY LOCAL CLIMATOLOGICAL DATA (WS FORM: F-6)

                                          STATION:   CORSICANA
                                          MONTH:     JUNE
                                          YEAR:      2019
                                          LATITUDE:   32  1 N
                                          LONGITUDE:  96 24 W

  TEMPERATURE IN F:       :PCPN:    SNOW:  WIND      :SUNSHINE: SKY     :PK WND
================================================================================
1   2   3   4   5  6A  6B    7    8   9   10  11  12  13   14  15   16   17  18
                                     12Z  AVG MX 2MIN
DY MAX MIN AVG DEP HDD CDD  WTR  SNW DPTH SPD SPD DIR MIN PSBL S-S WX    SPD DR
================================================================================

 1  90  68  79   1   0  14 2.25  0.0    0  3.7 46 310   M    M   1 13     55 310
 2  89  70  80   2   0  15 0.11  0.0    0  5.9 26 220   M    M   3 13     32 220
 3  91  73  82   4   0  17 0.00  0.0    0  8.1 17 180   M    M   0        22 160
 4  85  74  80   2   0  15 0.00  0.0    0  5.3 13 230   M    M   1        16 200
 5  76  73  75  -3   0  10 1.28  0.0    0  6.4 14 170   M    M   8 1      18 170
 6  89  67  78  -1   0  13 0.07  0.0    0  6.5 22 290   M    M   4 18     28 290
 7  86  68  77  -2   0  12 0.00  0.0    0  6.4 13 340   M    M   3        20 310
 8  91  70  81   2   0  16 0.00  0.0    0  6.1 12 330   M    M   0        16  20
 9  90  71  81   2   0  16 0.24  0.0    0  6.7 29  10   M    M   2 138    43 360
10  85  69  77  -2   0  12 0.00  0.0    0 10.8 18 350   M    M   3        27 350
11  81  66  74  -6   0   9    T  0.0    0  4.9 14 110   M    M   0        18 100
12  88  62  75  -5   0  10 0.00  0.0    0  4.6 13  20   M    M   2        18 310
13  86  64  75  -5   0  10 0.00  0.0    0  4.7 12  80   M    M   0        14  90
14  90  68  79  -1   0  14 0.00  0.0    0 11.2 22 180   M    M   1        28 180
15  93  73  83   3   0  18 0.00  0.0    0 15.5 23 160   M    M   3        31 170
16  80  65  73  -7   0   8 1.17  0.0    0 10.4 28 320   M    M   6 13     33 350
17  86  66  76  -5   0  11    T  0.0    0  3.0 12 160   M    M   4        14 160
18  90  69  80  -1   0  15 0.00  0.0    0  5.9 15 130   M    M   0 1      19 230
19  93  70  82   1   0  17 0.09  0.0    0 12.9 25 180   M    M   1 13     38 230
20  94  72  83   2   0  18 0.03  0.0    0 11.2 23 210   M    M   1 138    33 210
21  95  79  87   6   0  22 0.00  0.0    0 14.4 25 180   M    M   5        32 190
22  91  79  85   4   0  20 0.00  0.0    0 12.7 24 170   M    M   5 1      33 180
23  93  68  81   0   0  16 1.30  0.0    0 13.3 24 200   M    M   7 13     36  10
24  78  68  73  -9   0   8 0.06  0.0    0  7.4 24 140   M    M   1 13     31 130
25  91  69  80  -2   0  15 0.00  0.0    M  8.8 22 190   M    M   2 13     31 180
================================================================================
SM 2201 1741         0 351  6.60     0.0 206.8          M       63
================================================================================
AV 88.0 69.6                               8.3 FASTST   M    M   3    MAX(MPH)
                                 MISC ---->  # 46 310               # 55  310
================================================================================
NOTES:
# LAST OF SEVERAL OCCURRENCES

COLUMN 17 PEAK WIND IN M.P.H.

PRELIMINARY LOCAL CLIMATOLOGICAL DATA (WS FORM: F-6) , PAGE 2

                                          STATION:  CORSICANA
                                          MONTH:    JUNE
                                          YEAR:     2019
                                          LATITUDE:   32  1 N
                                          LONGITUDE:  96 24 W

[TEMPERATURE DATA]      [PRECIPITATION DATA]       SYMBOLS USED IN COLUMN 16

AVERAGE MONTHLY: 78.8   TOTAL FOR MONTH:   6.60    1 = FOG OR MIST
DPTR FM NORMAL:  -1.0   DPTR FM NORMAL:    2.99    2 = FOG REDUCING VISIBILITY
HIGHEST:    95 ON 21    GRTST 24HR  2.25 ON  1- 1      TO 1/4 MILE OR LESS
LOWEST:     62 ON 12                               3 = THUNDER
                        SNOW, ICE PELLETS, HAIL    4 = ICE PELLETS
                        TOTAL MONTH:   0.0 INCH    5 = HAIL
                        GRTST 24HR     0.0         6 = FREEZING RAIN OR DRIZZLE
                        GRTST DEPTH:   0           7 = DUSTSTORM OR SANDSTORM:
                                                       VSBY 1/2 MILE OR LESS
                                                   8 = SMOKE OR HAZE
[NO. OF DAYS WITH]      [WEATHER - DAYS WITH]      9 = BLOWING SNOW
                                                   X = TORNADO
MAX 32 OR BELOW:   0    0.01 INCH OR MORE:  10
MAX 90 OR ABOVE:  13    0.10 INCH OR MORE:   6
MIN 32 OR BELOW:   0    0.50 INCH OR MORE:   4
MIN  0 OR BELOW:   0    1.00 INCH OR MORE:   4

[HDD (BASE 65) ]
TOTAL THIS MO.     0    CLEAR  (SCALE 0-3)  18
DPTR FM NORMAL     0    PTCLDY (SCALE 4-7)   6
TOTAL FM JUL 1  2180    CLOUDY (SCALE 8-10)  1
DPTR FM NORMAL    89

[CDD (BASE 65) ]
TOTAL THIS MO.   351
DPTR FM NORMAL   -20    [PRESSURE DATA]
TOTAL FM JAN 1   790    HIGHEST SLP M ON M
DPTR FM NORMAL    -2    LOWEST  SLP 29.57 ON 19

[REMARKS]
