000
CXUS54 KFWD 170730
CF6CRS
PRELIMINARY LOCAL CLIMATOLOGICAL DATA (WS FORM: F-6)

                                          STATION:   CORSICANA
                                          MONTH:     FEBRUARY
                                          YEAR:      2019
                                          LATITUDE:   32  1 N
                                          LONGITUDE:  96 24 W

  TEMPERATURE IN F:       :PCPN:    SNOW:  WIND      :SUNSHINE: SKY     :PK WND
================================================================================
1   2   3   4   5  6A  6B    7    8   9   10  11  12  13   14  15   16   17  18
                                     12Z  AVG MX 2MIN
DY MAX MIN AVG DEP HDD CDD  WTR  SNW DPTH SPD SPD DIR MIN PSBL S-S WX    SPD DR
================================================================================

 1  65  52  59  10   6   0 0.00  0.0    0  4.7 10 160   M    M   8 1      12 160
 2  67  53  60  11   5   0 0.00  0.0    0  7.2 14 150   M    M   8 1      17 150
 3  67  60  64  15   1   0 0.01  0.0    0 10.2 15 190   M    M   9 12     19 170
 4  78  62  70  21   0   5 0.00  0.0    0 10.1 17 180   M    M   5 18     25 210
 5  76  64  70  21   0   5    T  0.0    0 10.8 20 190   M    M   7 18     25 170
 6  75  68  72  22   0   7 0.00  0.0    0 14.1 31 160   M    M   9 18     40 160
 7  73  32  53   3  12   0 0.14  0.0    0 15.0 32 300   M    M   6 1      38 300
 8  35  26  31 -19  34   0 0.06    M    0 10.0 18  10   M    M   4 6      25  10
 9  37  33  35 -15  30   0 0.08    M    0  8.1 15  60   M    M  10 1      21  50
10  45  37  41  -9  24   0 0.03    M    0  4.2 10 120   M    M  10 1      13 130
11  59  45  52   2  13   0 0.27    M    0  8.6 17 250   M    M   9 12     22 260
12  58  39  49  -2  16   0 0.00  0.0    0 11.3 25 340   M    M   1 1      33 350
13  61  32  47  -4  18   0 0.00  0.0    0 10.6 22 190   M    M   0        31 190
14  73  51  62  11   3   0 0.00  0.0    0 16.6 32 210   M    M   0        40 210
15  81  42  62  11   3   0 0.00  0.0    0 12.1 23  10   M    M   1        32  10
16  45  37  41 -11  24   0    T    M    0  6.1 16  10   M    M   9 12     22  10
================================================================================
SM  995  733       189  17  0.59     0.0 159.7          M       96
================================================================================
AV 62.2 45.8                              10.0 FASTST   M    M   6    MAX(MPH)
                                 MISC ---->  # 32 300               # 40  160
================================================================================
NOTES:
# LAST OF SEVERAL OCCURRENCES

COLUMN 17 PEAK WIND IN M.P.H.

PRELIMINARY LOCAL CLIMATOLOGICAL DATA (WS FORM: F-6) , PAGE 2

                                          STATION:  CORSICANA
                                          MONTH:    FEBRUARY
                                          YEAR:     2019
                                          LATITUDE:   32  1 N
                                          LONGITUDE:  96 24 W

[TEMPERATURE DATA]      [PRECIPITATION DATA]       SYMBOLS USED IN COLUMN 16

AVERAGE MONTHLY: 54.0   TOTAL FOR MONTH:   0.59    1 = FOG OR MIST
DPTR FM NORMAL:   3.9   DPTR FM NORMAL:   -1.21    2 = FOG REDUCING VISIBILITY
HIGHEST:    81 ON 15    GRTST 24HR  0.27 ON 11-11      TO 1/4 MILE OR LESS
LOWEST:     26 ON  8                               3 = THUNDER
                        SNOW, ICE PELLETS, HAIL    4 = ICE PELLETS
                        TOTAL MONTH:   0.0 INCH    5 = HAIL
                        GRTST 24HR     0.0         6 = FREEZING RAIN OR DRIZZLE
                        GRTST DEPTH:   0           7 = DUSTSTORM OR SANDSTORM:
                                                       VSBY 1/2 MILE OR LESS
                                                   8 = SMOKE OR HAZE
[NO. OF DAYS WITH]      [WEATHER - DAYS WITH]      9 = BLOWING SNOW
                                                   X = TORNADO
MAX 32 OR BELOW:   0    0.01 INCH OR MORE:   6
MAX 90 OR ABOVE:   0    0.10 INCH OR MORE:   2
MIN 32 OR BELOW:   3    0.50 INCH OR MORE:   0
MIN  0 OR BELOW:   0    1.00 INCH OR MORE:   0

[HDD (BASE 65) ]
TOTAL THIS MO.   189    CLEAR  (SCALE 0-3)   4
DPTR FM NORMAL   -53    PTCLDY (SCALE 4-7)   5
TOTAL FM JUL 1  1600    CLOUDY (SCALE 8-10)  7
DPTR FM NORMAL   -22

[CDD (BASE 65) ]
TOTAL THIS MO.    17
DPTR FM NORMAL    17    [PRESSURE DATA]
TOTAL FM JAN 1    17    HIGHEST SLP M ON M
DPTR FM NORMAL    14    LOWEST  SLP 29.64 ON M

[REMARKS]
