000
CXUS54 KFWD 280730
CF6CRS
PRELIMINARY LOCAL CLIMATOLOGICAL DATA (WS FORM: F-6)

                                          STATION:   CORSICANA
                                          MONTH:     FEBRUARY
                                          YEAR:      2020
                                          LATITUDE:   32  1 N
                                          LONGITUDE:  96 24 W

  TEMPERATURE IN F:       :PCPN:    SNOW:  WIND      :SUNSHINE: SKY     :PK WND
================================================================================
1   2   3   4   5  6A  6B    7    8   9   10  11  12  13   14  15   16   17  18
                                     12Z  AVG MX 2MIN
DY MAX MIN AVG DEP HDD CDD  WTR  SNW DPTH SPD SPD DIR MIN PSBL S-S WX    SPD DR
================================================================================

 1  66  33  50   1  15   0 0.00  0.0    0  6.6 13 270   M    M   0        16 250
 2  80  42  61  12   4   0 0.00  0.0    0 10.8 20 170   M    M   0        24 170
 3  73  52  63  14   2   0 0.01  0.0    0 15.2 33 210   M    M   5        43 210
 4  72  43  58   9   7   0    T    M    0 12.2 24 310   M    M  10 8      30 310
 5  43  34  39 -10  26   0    T    M    0 14.8 22 330   M    M  10 1      29 340
 6  48  28  38 -12  27   0 0.02    M    M 11.6 25 310   M    M   3 1      33 300
 7  63  32  48  -2  17   0 0.00  0.0    0  6.7 13 320   M    M   0 8      18 270
 8  66  34  50   0  15   0 0.00  0.0    0  7.6 16 130   M    M   4        22 150
 9  72  58  65  15   0   0 0.13  0.0    0 13.0 24 170   M    M  10 13     30 180
10  69  43  56   6   9   0 0.13  0.0    0 11.0 21 330   M    M  10 13     27 330
11  46  42  44  -6  21   0 0.88  0.0    0 10.0 16 360   M    M  10 13     23  10
12  51  41  46  -5  19   0 2.93  0.0    0  8.8 20  30   M    M   8 13     27  30
13  46  33  40 -11  25   0 0.00  0.0    0  8.6 18  10   M    M   5        24  10
14  53  28  41 -10  24   0 0.00  0.0    0  6.2 12 100   M    M   0 8      15  80
15  64  37  51   0  14   0 0.00  0.0    0 10.2 21 190   M    M   5        26 200
16  77  53  65  13   0   0 0.00  0.0    0  9.3 15 200   M    M   4 18     18 210
17  77  59  68  16   0   3 0.00  0.0    0 12.7 23 190   M    M   6 18     29 190
18  70  50  60   8   5   0    T  0.0    0 10.8 21 340   M    M   9 1      27  40
19  50  43  47  -5  18   0 1.42  0.0    0  9.1 16  40   M    M  10 12     23  40
20  55  38  47  -5  18   0 0.04  0.0    0 12.7 21  10   M    M   8 18     33  10
21  51  32  42 -11  23   0 0.00  0.0    0  5.9 14 360   M    M   0 8      19  10
22  57  39  48  -5  17   0 0.00  0.0    0  8.3 15 160   M    M   4        19 180
23  61  47  54   1  11   0    T  0.0    0 10.8 23 150   M    M   8 18     29 160
24  71  51  61   8   4   0 0.00  0.0    0 13.4 23 280   M    M   3        30 280
25  62  41  52  -2  13   0 0.00  0.0    0  9.7 21 330   M    M   2 1      27 320
26  50  34  42 -12  23   0 0.00  0.0    0 16.0 28 310   M    M   4 8      36 340
27  59  28  44 -10  21   0 0.00  0.0    0  6.8 15 220   M    M   0 8      19 220
================================================================================
SM 1652 1095       378   3  5.56     0.0 278.8          M      138
================================================================================
AV 61.2 40.6                              10.3 FASTST   M    M   5    MAX(MPH)
                                 MISC ---->  # 33 210               # 43  210
================================================================================
NOTES:
# LAST OF SEVERAL OCCURRENCES

COLUMN 17 PEAK WIND IN M.P.H.

PRELIMINARY LOCAL CLIMATOLOGICAL DATA (WS FORM: F-6) , PAGE 2

                                          STATION:  CORSICANA
                                          MONTH:    FEBRUARY
                                          YEAR:     2020
                                          LATITUDE:   32  1 N
                                          LONGITUDE:  96 24 W

[TEMPERATURE DATA]      [PRECIPITATION DATA]       SYMBOLS USED IN COLUMN 16

AVERAGE MONTHLY: 50.9   TOTAL FOR MONTH:   5.56    1 = FOG OR MIST
DPTR FM NORMAL:  -0.4   DPTR FM NORMAL:    2.32    2 = FOG REDUCING VISIBILITY
HIGHEST:    80 ON  2    GRTST 24HR  2.93 ON 12-12      TO 1/4 MILE OR LESS
LOWEST:     28 ON 27,14                            3 = THUNDER
                        SNOW, ICE PELLETS, HAIL    4 = ICE PELLETS
                        TOTAL MONTH:   0.0 INCH    5 = HAIL
                        GRTST 24HR     0.0         6 = FREEZING RAIN OR DRIZZLE
                        GRTST DEPTH:   0           7 = DUSTSTORM OR SANDSTORM:
                                                       VSBY 1/2 MILE OR LESS
                                                   8 = SMOKE OR HAZE
[NO. OF DAYS WITH]      [WEATHER - DAYS WITH]      9 = BLOWING SNOW
                                                   X = TORNADO
MAX 32 OR BELOW:   0    0.01 INCH OR MORE:   8
MAX 90 OR ABOVE:   0    0.10 INCH OR MORE:   5
MIN 32 OR BELOW:   5    0.50 INCH OR MORE:   3
MIN  0 OR BELOW:   0    1.00 INCH OR MORE:   2

[HDD (BASE 65) ]
TOTAL THIS MO.   378    CLEAR  (SCALE 0-3)   9
DPTR FM NORMAL    -2    PTCLDY (SCALE 4-7)   9
TOTAL FM JUL 1  1619    CLOUDY (SCALE 8-10)  9
DPTR FM NORMAL  -141

[CDD (BASE 65) ]
TOTAL THIS MO.     3
DPTR FM NORMAL    -2    [PRESSURE DATA]
TOTAL FM JAN 1     8    HIGHEST SLP M ON M
DPTR FM NORMAL     0    LOWEST  SLP 29.66 ON  4

[REMARKS]
