000
CXUS56 KOTX 260900
CF6DEW
PRELIMINARY LOCAL CLIMATOLOGICAL DATA (WS FORM: F-6)

                                          STATION:   DEER_PARK WA AIRPORT
                                          MONTH:     APRIL
                                          YEAR:      2019
                                          LATITUDE:   47 58 N
                                          LONGITUDE: 117 25 W

  TEMPERATURE IN F:       :PCPN:    SNOW:  WIND      :SUNSHINE: SKY     :PK WND
================================================================================
1   2   3   4   5  6A  6B    7    8   9   10  11  12  13   14  15   16   17  18
                                     12Z  AVG MX 2MIN
DY MAX MIN AVG DEP HDD CDD  WTR  SNW DPTH SPD SPD DIR MIN PSBL S-S WX    SPD DR
================================================================================

 1  61  27  44   2  21   0 0.00    M    M  4.7 13  50   M    M   0 1      16  60
 2  64  33  49   7  16   0 0.00    M    M  9.0 22  50   M    M   0        26  50
 3  51  37  44   1  21   0 0.12    M    M  5.1 12 180   M    M   8 13     15 210
 4  57  32  45   2  20   0 0.00    M    M  3.2 13 180   M    M   4        16 180
 5  54  42  48   5  17   0 0.47    M    M  6.9 24 210   M    M   9 13     32 200
 6  50  33  42  -1  23   0 0.11    M    M  5.1 17 180   M    M   7 1      23 180
 7  53  36  45   2  20   0 0.26    M    M  6.1 14 240   M    M   8 1      19 250
 8  51  41  46   2  19   0 0.12    M    M  3.6  9  70   M    M  10 18     12  60
 9  51  34  43  -1  22   0 0.37    M    M  4.5 14 310   M    M   7 1      16 330
10  57  28  43  -1  22   0    T    M    M  7.2 24 220   M    M   7 12     30 210
11  53  28  41  -3  24   0    T    M    M  2.8 13 240   M    M   4 12     15 240
12  53  26  40  -4  25   0 0.02    M    M  2.9 15 210   M    M   5        18 210
13  45  34  40  -4  25   0 0.36    M    M  7.9 23 210   M    M  10 1      26 220
14  51  35  43  -1  22   0 0.01    M    M 11.5 24 200   M    M   5        30 200
15  51  33  42  -3  23   0 0.00    M    M  6.5 15 170   M    M   5        19 160
16  57  27  42  -3  23   0 0.00    M    M  6.6 18 230   M    M   4        23 220
17  64  42  53   8  12   0    T    M    M 12.0 23 200   M    M   2        28 200
18  65  43  54   9  11   0    T    M    M  2.6 10 180   M    M   8        12 180
19  63  48  56  11   9   0 0.01    M    M  5.7 21 240   M    M  10        28 240
20  65  34  50   4  15   0 0.05    M    M  3.8 16 320   M    M   6 8      20 260
21  66  30  48   2  17   0 0.00    M    M  4.2 13  30   M    M   0        16  20
22  66  31  49   3  16   0 0.01    M    M  7.7 21 220   M    M   4        29 230
23  68  45  57  11   8   0 0.00    M    M 12.2 24 210   M    M   4        31 210
24  65  32  49   3  16   0 0.00    M    M  4.2 15 300   M    M   2        22 280
25   M   M   M   M   M   M    M    M    M   M   M   M   M    M   M         M  M
================================================================================
SM 1381  831       447   0  1.91    M    146.0          M      129
================================================================================
AV 57.5 34.6                               6.1 FASTST   M    M   5    MAX(MPH)
                                 MISC ---->  # 24 210               # 32  200
================================================================================
NOTES:
# LAST OF SEVERAL OCCURRENCES

COLUMN 17 PEAK WIND IN M.P.H.

PRELIMINARY LOCAL CLIMATOLOGICAL DATA (WS FORM: F-6) , PAGE 2

                                          STATION:  DEER_PARK WA AIRPORT
                                          MONTH:    APRIL
                                          YEAR:     2019
                                          LATITUDE:   47 58 N
                                          LONGITUDE: 117 25 W

[TEMPERATURE DATA]      [PRECIPITATION DATA]       SYMBOLS USED IN COLUMN 16

AVERAGE MONTHLY: 46.1   TOTAL FOR MONTH:   1.91    1 = FOG OR MIST
DPTR FM NORMAL:   1.7   DPTR FM NORMAL:    0.53    2 = FOG REDUCING VISIBILITY
HIGHEST:    68 ON 23    GRTST 24HR  0.47 ON  5- 5      TO 1/4 MILE OR LESS
LOWEST:     26 ON 12                               3 = THUNDER
                        SNOW, ICE PELLETS, HAIL    4 = ICE PELLETS
                        TOTAL MONTH:    M          5 = HAIL
                        GRTST 24HR    M  ON   M    6 = FREEZING RAIN OR DRIZZLE
                        GRTST DEPTH:  M  ON   M    7 = DUSTSTORM OR SANDSTORM:
                                                       VSBY 1/2 MILE OR LESS
                                                   8 = SMOKE OR HAZE
[NO. OF DAYS WITH]      [WEATHER - DAYS WITH]      9 = BLOWING SNOW
                                                   X = TORNADO
MAX 32 OR BELOW:   0    0.01 INCH OR MORE:  12
MAX 90 OR ABOVE:   0    0.10 INCH OR MORE:   7
MIN 32 OR BELOW:   9    0.50 INCH OR MORE:   0
MIN  0 OR BELOW:   0    1.00 INCH OR MORE:   0

[HDD (BASE 65) ]
TOTAL THIS MO.   447    CLEAR  (SCALE 0-3)   5
DPTR FM NORMAL   -70    PTCLDY (SCALE 4-7)  13
TOTAL FM JUL 1  6882    CLOUDY (SCALE 8-10)  6
DPTR FM NORMAL   158

[CDD (BASE 65) ]
TOTAL THIS MO.     0
DPTR FM NORMAL     0    [PRESSURE DATA]
TOTAL FM JAN 1     0    HIGHEST SLP M ON M
DPTR FM NORMAL     0    LOWEST  SLP 29.65 ON  5

[REMARKS]
