000
CXUS54 KMAF 171100
CF6E11
PRELIMINARY LOCAL CLIMATOLOGICAL DATA (WS FORM: F-6)

                                          STATION:   Andrews County Airport
                                          MONTH:     AUGUST
                                          YEAR:      2019
                                          LATITUDE:   32 19 N
                                          LONGITUDE: 102 32 W

  TEMPERATURE IN F:       :PCPN:    SNOW:  WIND      :SUNSHINE: SKY     :PK WND
================================================================================
1   2   3   4   5  6A  6B    7    8   9   10  11  12  13   14  15   16   17  18
                                     12Z  AVG MX 2MIN
DY MAX MIN AVG DEP HDD CDD  WTR  SNW DPTH SPD SPD DIR MIN PSBL S-S WX    SPD DR
================================================================================

 1  99  73  86   M   0  21 0.00  0.0    0  9.4 15 160   M    M   0        24 160
 2 101  72  87   M   0  22 0.00  0.0    0  9.0 14 170   M    M   0        23 220
 3 101  72  87   M   0  22 0.00  0.0    0  6.2 17  10   M    M   1 8      32  10
 4  96  73  85   M   0  20 0.00  0.0    0  9.0 17  10   M    M   2        24  70
 5  98  65  82   M   0  17 0.00  0.0    0  4.5 13 100   M    M   0        18  80
 6 101  72  87   M   0  22 0.00  0.0    0  5.3  9 190   M    M   3         M  M
 7 102  75  89   M   0  24 0.00  0.0    0  8.0 13 150   M    M   1 3      20  90
 8 101  77  89   M   0  24 0.00  0.0    0  9.8 14 170   M    M   0        21 130
 9 100  74  87   M   0  22 0.00  0.0    0  9.2 15 130   M    M   0        23 160
10 101  73  87   M   0  22 0.00  0.0    0  7.5 13 140   M    M   1        20 170
11 102  72  87   M   0  22 0.00  0.0    0  8.2 16 140   M    M   1        21 160
12 104  73  89   M   0  24 0.00  0.0    0  6.7 15 290   M    M   1        21 220
13 100  72  86   M   0  21 0.00  0.0    0  9.1 16  30   M    M   0        23  40
14  96  74  85   M   0  20 0.00  0.0    0  9.5 21  30   M    M   1        29  60
15  96  69  83   M   0  18 0.76  0.0    0  5.0 28  20   M    M   2 3      55  20
16 101  70  86   M   0  21 0.00  0.0    0  7.1 10 140   M    M   1        21 140
================================================================================
SM 1599 1156         0 342  0.76     0.0 123.5          M       14
================================================================================
AV 99.9 72.3                               7.7 FASTST   M    M   1    MAX(MPH)
                                 MISC ---->  # 28  20               # 55   20
================================================================================
NOTES:
# LAST OF SEVERAL OCCURRENCES

COLUMN 17 PEAK WIND IN M.P.H.

PRELIMINARY LOCAL CLIMATOLOGICAL DATA (WS FORM: F-6) , PAGE 2

                                          STATION:  Andrews County Airport
                                          MONTH:    AUGUST
                                          YEAR:     2019
                                          LATITUDE:   32 19 N
                                          LONGITUDE: 102 32 W

[TEMPERATURE DATA]      [PRECIPITATION DATA]       SYMBOLS USED IN COLUMN 16

AVERAGE MONTHLY: 86.1   TOTAL FOR MONTH:   0.76    1 = FOG OR MIST
DPTR FM NORMAL:     M   DPTR FM NORMAL:       M    2 = FOG REDUCING VISIBILITY
HIGHEST:   104 ON 12    GRTST 24HR  0.76 ON 15-15      TO 1/4 MILE OR LESS
LOWEST:     65 ON  5                               3 = THUNDER
                        SNOW, ICE PELLETS, HAIL    4 = ICE PELLETS
                        TOTAL MONTH:   0.0 INCH    5 = HAIL
                        GRTST 24HR     0.0         6 = FREEZING RAIN OR DRIZZLE
                        GRTST DEPTH:   0           7 = DUSTSTORM OR SANDSTORM:
                                                       VSBY 1/2 MILE OR LESS
                                                   8 = SMOKE OR HAZE
[NO. OF DAYS WITH]      [WEATHER - DAYS WITH]      9 = BLOWING SNOW
                                                   X = TORNADO
MAX 32 OR BELOW:   0    0.01 INCH OR MORE:   1
MAX 90 OR ABOVE:  16    0.10 INCH OR MORE:   1
MIN 32 OR BELOW:   0    0.50 INCH OR MORE:   1
MIN  0 OR BELOW:   0    1.00 INCH OR MORE:   0

[HDD (BASE 65) ]
TOTAL THIS MO.     0    CLEAR  (SCALE 0-3)  16
DPTR FM NORMAL     M    PTCLDY (SCALE 4-7)   0
TOTAL FM JUL 1     0    CLOUDY (SCALE 8-10)  0
DPTR FM NORMAL     M

[CDD (BASE 65) ]
TOTAL THIS MO.   342
DPTR FM NORMAL     M    [PRESSURE DATA]
TOTAL FM JAN 1  1581    HIGHEST SLP M ON M
DPTR FM NORMAL     M    LOWEST  SLP M ON M

[REMARKS]
