000
CXUS54 KMAF 191100
CF6E11
PRELIMINARY LOCAL CLIMATOLOGICAL DATA (WS FORM: F-6)

                                          STATION:   Andrews County Airport
                                          MONTH:     FEBRUARY
                                          YEAR:      2019
                                          LATITUDE:   32 19 N
                                          LONGITUDE: 102 32 W

  TEMPERATURE IN F:       :PCPN:    SNOW:  WIND      :SUNSHINE: SKY     :PK WND
================================================================================
1   2   3   4   5  6A  6B    7    8   9   10  11  12  13   14  15   16   17  18
                                     12Z  AVG MX 2MIN
DY MAX MIN AVG DEP HDD CDD  WTR  SNW DPTH SPD SPD DIR MIN PSBL S-S WX    SPD DR
================================================================================

 1  71  32  52   M  13   0 0.00  0.0    0  6.7 16 230   M    M   5 2      27 230
 2  70  48  59   M   6   0 0.00  0.0    0 11.3 17 210   M    M   3 1      22 210
 3  74  47  61   M   4   0 0.00  0.0    0 14.2 28 260   M    M   0        33 260
 4  75  48  62   M   3   0 0.00  0.0    0 10.2 18 230   M    M   0        25 230
 5  74  49  62   M   3   0 0.00  0.0    0 10.5 20 250   M    M   0        28 240
 6  76  53  65   M   0   0 0.00  0.0    0 12.4 27 220   M    M   2        38 250
 7  58  30  44   M  21   0 0.00  0.0    0 12.1 23 340   M    M   0        29 340
 8  37  18  28   M  37   0 0.00  0.0    0 10.3 17 130   M    M   3        24 120
 9  41  20  31   M  34   0 0.00  0.0    0  9.1 14 140   M    M   6        20 150
10  57  34  46   M  19   0 0.00  0.0    0  5.0 12 220   M    M   6        17 220
11  64  38  51   M  14   0 0.01    M    0 13.6 33 270   M    M   4 8      44 270
12  59  27  43   M  22   0 0.00  0.0    0  6.9 16 300   M    M   0        23 320
13  69  35  52   M  13   0 0.00  0.0    0 12.0 18 230   M    M   0        24 210
14  79  49  64   M   1   0 0.00  0.0    0 13.2 17 250   M    M   0        23 260
15  79  55  67   M   0   2 0.00  0.0    0 13.6 27 290   M    M   0        36 270
16  75  31  53   M  12   0 0.00  0.0    0 15.2 33 260   M    M   0        45 260
17  58  27  43   M  22   0 0.00  0.0    0  6.5 12 140   M    M   0         M  M
18  40  28  34   M  31   0 0.00  0.0    0 14.7 21 100   M    M   0        27 100
================================================================================
SM 1156  669       255   2  0.01     0.0 197.5          M       29
================================================================================
AV 64.2 37.2                              11.0 FASTST   M    M   2    MAX(MPH)
                                 MISC ---->  # 33 270               # 45  260
================================================================================
NOTES:
# LAST OF SEVERAL OCCURRENCES

COLUMN 17 PEAK WIND IN M.P.H.

PRELIMINARY LOCAL CLIMATOLOGICAL DATA (WS FORM: F-6) , PAGE 2

                                          STATION:  Andrews County Airport
                                          MONTH:    FEBRUARY
                                          YEAR:     2019
                                          LATITUDE:   32 19 N
                                          LONGITUDE: 102 32 W

[TEMPERATURE DATA]      [PRECIPITATION DATA]       SYMBOLS USED IN COLUMN 16

AVERAGE MONTHLY: 50.7   TOTAL FOR MONTH:   0.01    1 = FOG OR MIST
DPTR FM NORMAL:     M   DPTR FM NORMAL:       M    2 = FOG REDUCING VISIBILITY
HIGHEST:    79 ON 15,14 GRTST 24HR  0.01 ON 11-11      TO 1/4 MILE OR LESS
LOWEST:     18 ON  8                               3 = THUNDER
                        SNOW, ICE PELLETS, HAIL    4 = ICE PELLETS
                        TOTAL MONTH:   0.0 INCH    5 = HAIL
                        GRTST 24HR     0.0         6 = FREEZING RAIN OR DRIZZLE
                        GRTST DEPTH:   0           7 = DUSTSTORM OR SANDSTORM:
                                                       VSBY 1/2 MILE OR LESS
                                                   8 = SMOKE OR HAZE
[NO. OF DAYS WITH]      [WEATHER - DAYS WITH]      9 = BLOWING SNOW
                                                   X = TORNADO
MAX 32 OR BELOW:   0    0.01 INCH OR MORE:   1
MAX 90 OR ABOVE:   0    0.10 INCH OR MORE:   0
MIN 32 OR BELOW:   8    0.50 INCH OR MORE:   0
MIN  0 OR BELOW:   0    1.00 INCH OR MORE:   0

[HDD (BASE 65) ]
TOTAL THIS MO.   255    CLEAR  (SCALE 0-3)  14
DPTR FM NORMAL     M    PTCLDY (SCALE 4-7)   4
TOTAL FM JUL 1  2144    CLOUDY (SCALE 8-10)  0
DPTR FM NORMAL     M

[CDD (BASE 65) ]
TOTAL THIS MO.     2
DPTR FM NORMAL     M    [PRESSURE DATA]
TOTAL FM JAN 1     2    HIGHEST SLP M ON M
DPTR FM NORMAL     M    LOWEST  SLP M ON M

[REMARKS]
