000
CSUS54 KMAF 251100
CF6E11
PRELIMINARY LOCAL CLIMATOLOGICAL DATA (WS FORM: F-6)

                                          STATION:   Andrews County Airport
                                          MONTH:     APRIL
                                          YEAR:      2019
                                          LATITUDE:   32 19 N
                                          LONGITUDE: 102 32 W

  TEMPERATURE IN F:       :PCPN:    SNOW:  WIND      :SUNSHINE: SKY     :PK WND
================================================================================
1   2   3   4   5  6A  6B    7    8   9   10  11  12  13   14  15   16   17  18
                                     12Z  AVG MX 2MIN
DY MAX MIN AVG DEP HDD CDD  WTR  SNW DPTH SPD SPD DIR MIN PSBL S-S WX    SPD DR
================================================================================

 1  63  30  47   M  18   0 0.00  0.0    0  7.0 14 210   M    M   2        18 250
 2  78  38  58   M   7   0 0.00  0.0    0 11.2 17 190   M    M   0        23 160
 3  82  50  66   M   0   1 0.00  0.0    0 14.4 23 230   M    M   0        33 230
 4  80  49  65   M   0   0 0.00  0.0    0  7.0 13 350   M    M   0        20 360
 5  82  47  65   M   0   0 0.03    M    0  9.9 17 160   M    M   2 3      24 160
 6  80  53  67   M   0   2 0.00  0.0    0  8.5 15 290   M    M   1 3      23 220
 7  84  51  68   M   0   3 0.00  0.0    0  7.4 12 310   M    M   0        20 340
 8  87  47  67   M   0   2 0.00  0.0    0  5.6 13 230   M    M   0        17 250
 9  93  47  70   M   0   5 0.00  0.0    0  9.2 17 250   M    M   0        28 270
10  92  57  75   M   0  10 0.00  0.0    0 19.7 31 290   M    M   3 8      43 250
11  70  43  57   M   8   0 0.00  0.0    0 11.3 27 310   M    M   2        38 310
12  73  37  55   M  10   0 0.00  0.0    0  9.8 21  50   M    M   2 3      41  90
13  49  40  45   M  20   0 1.43    M    0 13.3 20  10   M    M   9 3      25  30
14  73  37  55   M  10   0 0.00  0.0    0  9.1 17 250   M    M   0        24 250
15  84  52  68   M   0   3 0.00  0.0    0 12.1 16 190   M    M   0        22 220
16  82  58  70   M   0   5 0.00  0.0    0 11.5 16 180   M    M   0        23 180
17  76  54  65   M   0   0 0.00  0.0    0 14.1 29 270   M    M   1 1      37 270
18  72  52  62   M   3   0 0.00  0.0    0 11.9 22  20   M    M   1        33  20
19  73  41  57   M   8   0 0.00  0.0    0  5.7 12  70   M    M   0         M  M
20  87  43  65   M   0   0 0.00  0.0    0 11.3 18 180   M    M   0        24 200
21  88  58  73   M   0   8 0.00  0.0    0 12.9 21 280   M    M   0        28 280
22  72  58  65   M   0   0 0.00  0.0    0  7.5 16  60   M    M   5 3      16 190
23  70  55  63   M   2   0 0.68  0.0    0 11.3 23  20   M    M  10 13     30  50
24  67  50  59   M   6   0 0.00  0.0    0  5.0 10  60   M    M   4         M  M
================================================================================
SM 1857 1147        92  39  2.14     0.0 246.7          M       42
================================================================================
AV 77.4 47.8                              10.3 FASTST   M    M   2    MAX(MPH)
                                 MISC ---->  # 31 290               # 43  250
================================================================================
NOTES:
# LAST OF SEVERAL OCCURRENCES

COLUMN 17 PEAK WIND IN M.P.H.

PRELIMINARY LOCAL CLIMATOLOGICAL DATA (WS FORM: F-6) , PAGE 2

                                          STATION:  Andrews County Airport
                                          MONTH:    APRIL
                                          YEAR:     2019
                                          LATITUDE:   32 19 N
                                          LONGITUDE: 102 32 W

[TEMPERATURE DATA]      [PRECIPITATION DATA]       SYMBOLS USED IN COLUMN 16

AVERAGE MONTHLY: 62.6   TOTAL FOR MONTH:   2.14    1 = FOG OR MIST
DPTR FM NORMAL:     M   DPTR FM NORMAL:       M    2 = FOG REDUCING VISIBILITY
HIGHEST:    93 ON  9    GRTST 24HR  1.43 ON 13-13      TO 1/4 MILE OR LESS
LOWEST:     30 ON  1                               3 = THUNDER
                        SNOW, ICE PELLETS, HAIL    4 = ICE PELLETS
                        TOTAL MONTH:   0.0 INCH    5 = HAIL
                        GRTST 24HR     0.0         6 = FREEZING RAIN OR DRIZZLE
                        GRTST DEPTH:   0           7 = DUSTSTORM OR SANDSTORM:
                                                       VSBY 1/2 MILE OR LESS
                                                   8 = SMOKE OR HAZE
[NO. OF DAYS WITH]      [WEATHER - DAYS WITH]      9 = BLOWING SNOW
                                                   X = TORNADO
MAX 32 OR BELOW:   0    0.01 INCH OR MORE:   3
MAX 90 OR ABOVE:   2    0.10 INCH OR MORE:   2
MIN 32 OR BELOW:   1    0.50 INCH OR MORE:   2
MIN  0 OR BELOW:   0    1.00 INCH OR MORE:   1

[HDD (BASE 65) ]
TOTAL THIS MO.    92    CLEAR  (SCALE 0-3)  20
DPTR FM NORMAL     M    PTCLDY (SCALE 4-7)   2
TOTAL FM JUL 1  2825    CLOUDY (SCALE 8-10)  2
DPTR FM NORMAL     M

[CDD (BASE 65) ]
TOTAL THIS MO.    39
DPTR FM NORMAL     M    [PRESSURE DATA]
TOTAL FM JAN 1    56    HIGHEST SLP M ON M
DPTR FM NORMAL     M    LOWEST  SLP M ON M

[REMARKS]
