000
CXUS54 KEWX 200910
CF6ERV
PRELIMINARY LOCAL CLIMATOLOGICAL DATA (WS FORM: F-6)

                                          STATION:   KERRVILLE
                                          MONTH:     APRIL
                                          YEAR:      2019
                                          LATITUDE:   29 58 N
                                          LONGITUDE:  99  5 W

  TEMPERATURE IN F:       :PCPN:    SNOW:  WIND      :SUNSHINE: SKY     :PK WND
================================================================================
1   2   3   4   5  6A  6B    7    8   9   10  11  12  13   14  15   16   17  18
                                     12Z  AVG MX 2MIN
DY MAX MIN AVG DEP HDD CDD  WTR  SNW DPTH SPD SPD DIR MIN PSBL S-S WX    SPD DR
================================================================================

 1  64  36  50   M  15   0 0.00    M    M  1.4  8 140   M    M   5         M  M
 2  72  31  52   M  13   0 0.00    M    M  5.3 14 150   M    M   1        28 160
 3  64  56  60   M   5   0 0.00    M    M 11.6 17 160   M    M  10 1      25 160
 4  89  56  73   M   0   8 0.01    M    M  5.9 13 150   M    M   5 1      17 150
 5  84  44  64   M   1   0 0.00    M    M  4.1 15 130   M    M   1 1      20 120
 6  82  64  73   M   0   8 0.01    M    M  3.7 12 170   M    M   6 138    16 170
 7  72  54  63   M   2   0 0.18    M    M  4.1 17 220   M    M   5 13     25 220
 8  85  51  68   M   0   3 0.07    M    M  3.0 12  10   M    M   0        16 360
 9  89  47  68   M   0   3 0.01    M    M  4.7 15 170   M    M   0        21 170
10  92  63  78   M   0  13 0.00    M    M 11.1 24 180   M    M   0        33 180
11  79  53  66   M   0   1 0.00    M    M  7.7 18 340   M    M   1        25 290
12  82  41  62   M   3   0 0.00    M    M  6.6 17 120   M    M   2        23 100
13  66  44  55   M  10   0 0.03    M    M 12.7 25 300   M    M   8 1      36 300
14  76  41  59   M   6   0 0.00    M    M  6.3 16 340   M    M   1        25 330
15  79  51  65   M   0   0 0.00    M    M 10.5 18 170   M    M   0        27 170
16  77  61  69   M   0   4 0.00    M    M 14.1 22 160   M    M   9        28 170
17  84  58  71   M   0   6 0.01    M    M 12.3 20 290   M    M   8 38     41 290
18  74  48  61   M   4   0 0.01    M    M 10.9 24 340   M    M   3 3      36 330
19  76  44  60   M   5   0 0.00    M    M  5.9 20 340   M    M   0        29 340
================================================================================
SM 1486  943        64  46  0.33    M    141.9          M       65
================================================================================
AV 78.2 49.6                               7.5 FASTST   M    M   3    MAX(MPH)
                                 MISC ---->  # 25 300               # 41  290
================================================================================
NOTES:
# LAST OF SEVERAL OCCURRENCES

COLUMN 17 PEAK WIND IN M.P.H.

PRELIMINARY LOCAL CLIMATOLOGICAL DATA (WS FORM: F-6) , PAGE 2

                                          STATION:  KERRVILLE
                                          MONTH:    APRIL
                                          YEAR:     2019
                                          LATITUDE:   29 58 N
                                          LONGITUDE:  99  5 W

[TEMPERATURE DATA]      [PRECIPITATION DATA]       SYMBOLS USED IN COLUMN 16

AVERAGE MONTHLY: 63.9   TOTAL FOR MONTH:   0.33    1 = FOG OR MIST
DPTR FM NORMAL:     M   DPTR FM NORMAL:       M    2 = FOG REDUCING VISIBILITY
HIGHEST:    92 ON 10    GRTST 24HR  0.18 ON  7- 7      TO 1/4 MILE OR LESS
LOWEST:     31 ON  2                               3 = THUNDER
                        SNOW, ICE PELLETS, HAIL    4 = ICE PELLETS
                        TOTAL MONTH:    M          5 = HAIL
                        GRTST 24HR    M  ON   M    6 = FREEZING RAIN OR DRIZZLE
                        GRTST DEPTH:  M  ON   M    7 = DUSTSTORM OR SANDSTORM:
                                                       VSBY 1/2 MILE OR LESS
                                                   8 = SMOKE OR HAZE
[NO. OF DAYS WITH]      [WEATHER - DAYS WITH]      9 = BLOWING SNOW
                                                   X = TORNADO
MAX 32 OR BELOW:   0    0.01 INCH OR MORE:   8
MAX 90 OR ABOVE:   1    0.10 INCH OR MORE:   1
MIN 32 OR BELOW:   1    0.50 INCH OR MORE:   0
MIN  0 OR BELOW:   0    1.00 INCH OR MORE:   0

[HDD (BASE 65) ]
TOTAL THIS MO.    64    CLEAR  (SCALE 0-3)  10
DPTR FM NORMAL     M    PTCLDY (SCALE 4-7)   6
TOTAL FM JUL 1  2130    CLOUDY (SCALE 8-10)  3
DPTR FM NORMAL     M

[CDD (BASE 65) ]
TOTAL THIS MO.    46
DPTR FM NORMAL     M    [PRESSURE DATA]
TOTAL FM JAN 1    84    HIGHEST SLP M ON M
DPTR FM NORMAL     M    LOWEST  SLP M ON M

[REMARKS]
