000
CXAK56 PAFG 181241
CF6FAI
PRELIMINARY LOCAL CLIMATOLOGICAL DATA (WS FORM: F-6)

                                          STATION:   FAIRBANKS AK
                                          MONTH:     AUGUST
                                          YEAR:      2019
                                          LATITUDE:   64 49 N
                                          LONGITUDE: 147 52 W

  TEMPERATURE IN F:       :PCPN:    SNOW:  WIND      :SUNSHINE: SKY     :PK WND
================================================================================
1   2   3   4   5  6A  6B    7    8   9   10  11  12  13   14  15   16   17  18
                                     12Z  AVG MX 2MIN
DY MAX MIN AVG DEP HDD CDD  WTR  SNW DPTH SPD SPD DIR MIN PSBL S-S WX    SPD DR
================================================================================

 1  67  54  61   1   4   0 0.29  0.0    0  6.7 18 250   M    M   9 1      23 260
 2  63  51  57  -3   8   0 1.27  0.0    0  4.2 13 170   M    M   9 1      15 180
 3  68  58  63   3   2   0 0.76  0.0    0  5.9 16 240   M    M   8 1      28 240
 4  64  53  59   0   6   0 0.04  0.0    0  4.7 13 200   M    M   8        17 200
 5  63  53  58  -1   7   0 0.26  0.0    0  3.3  9 210   M    M  10 1      15 210
 6  69  56  63   4   2   0 0.49  0.0    0  6.9 16  30   M    M   8 1      20 250
 7  66  53  60   1   5   0 0.03  0.0    0  2.4 15  70   M    M   8 1      17 250
 8  70  48  59   1   6   0 0.00  0.0    0  2.8  7 250   M    M   7 1      10 190
 9  68  55  62   4   3   0 0.01  0.0    0  5.4 14 250   M    M   8        19 280
10  65  52  59   1   6   0 0.02  0.0    0  2.4 12 260   M    M   8        14 260
11  71  49  60   2   5   0 0.00  0.0    0  3.7 14 260   M    M   6 1      18 250
12  74  46  60   3   5   0    T  0.0    0  3.7 10 260   M    M   6        14 270
13  64  59  62   5   3   0 1.11  0.0    0  7.7 17 280   M    M  10 1      25 280
14  63  55  59   2   6   0 0.01  0.0    0  8.7 23 260   M    M   7        30 270
15  58  53  56  -1   9   0 0.13  0.0    0  4.4 10 260   M    M  10 1      13 260
16  56  48  52  -4  13   0 0.91  0.0    0 10.1 28 260   M    M  10 1      35 260
17  63  44  54  -2  11   0    T  0.0    0  4.2 14  40   M    M   5        18  10
================================================================================
SM 1112  887       101   0  5.33     0.0  87.2          M      137
================================================================================
AV 65.4 52.2                               5.1 FASTST   M    M   8    MAX(MPH)
                                 MISC ---->  # 28 260               # 35  260
================================================================================
NOTES:
# LAST OF SEVERAL OCCURRENCES

COLUMN 17 PEAK WIND IN M.P.H.

PRELIMINARY LOCAL CLIMATOLOGICAL DATA (WS FORM: F-6) , PAGE 2

                                          STATION:  FAIRBANKS AK
                                          MONTH:    AUGUST
                                          YEAR:     2019
                                          LATITUDE:   64 49 N
                                          LONGITUDE: 147 52 W

[TEMPERATURE DATA]      [PRECIPITATION DATA]       SYMBOLS USED IN COLUMN 16

AVERAGE MONTHLY: 58.8   TOTAL FOR MONTH:   5.33    1 = FOG OR MIST
DPTR FM NORMAL:   0.7   DPTR FM NORMAL:    4.23    2 = FOG REDUCING VISIBILITY
HIGHEST:    74 ON 12    GRTST 24HR  1.27 ON  2- 2      TO 1/4 MILE OR LESS
LOWEST:     44 ON 17                               3 = THUNDER
                        SNOW, ICE PELLETS, HAIL    4 = ICE PELLETS
                        TOTAL MONTH:   0.0 INCH    5 = HAIL
                        GRTST 24HR     0.0         6 = FREEZING RAIN OR DRIZZLE
                        GRTST DEPTH:   0           7 = DUSTSTORM OR SANDSTORM:
                                                       VSBY 1/2 MILE OR LESS
                                                   8 = SMOKE OR HAZE
[NO. OF DAYS WITH]      [WEATHER - DAYS WITH]      9 = BLOWING SNOW
                                                   X = TORNADO
MAX 32 OR BELOW:   0    0.01 INCH OR MORE:  13
MAX 90 OR ABOVE:   0    0.10 INCH OR MORE:   8
MIN 32 OR BELOW:   0    0.50 INCH OR MORE:   4
MIN  0 OR BELOW:   0    1.00 INCH OR MORE:   2

[HDD (BASE 65) ]
TOTAL THIS MO.   101    CLEAR  (SCALE 0-3)   0
DPTR FM NORMAL   -21    PTCLDY (SCALE 4-7)   8
TOTAL FM JUL 1   138    CLOUDY (SCALE 8-10)  9
DPTR FM NORMAL   -92

[CDD (BASE 65) ]
TOTAL THIS MO.     0
DPTR FM NORMAL     0    [PRESSURE DATA]
TOTAL FM JAN 1   123    HIGHEST SLP M ON M
DPTR FM NORMAL    68    LOWEST  SLP 29.84 ON  1

[REMARKS]
