000
CXUS52 KFFC 201110
CF6FFC
PRELIMINARY LOCAL CLIMATOLOGICAL DATA (WS FORM: F-6)

                                          STATION:   PEACHTREE CITY
                                          MONTH:     APRIL
                                          YEAR:      2019
                                          LATITUDE:   33 20 N
                                          LONGITUDE:  84 34 W

  TEMPERATURE IN F:       :PCPN:    SNOW:  WIND      :SUNSHINE: SKY     :PK WND
================================================================================
1   2   3   4   5  6A  6B    7    8   9   10  11  12  13   14  15   16   17  18
                                     12Z  AVG MX 2MIN
DY MAX MIN AVG DEP HDD CDD  WTR  SNW DPTH SPD SPD DIR MIN PSBL S-S WX    SPD DR
================================================================================

 1  64  35  50  -7  15   0 0.00  0.0    0  4.9 15 120   M    M   0        21  90
 2  66  41  54  -3  11   0 0.00  0.0    0  4.1 15 310   M    M   4        18 310
 3  75  35  55  -2  10   0 0.00  0.0    0  1.2 10 130   M    M   0        15 130
 4  72  40  56  -2   9   0 0.13    M    0  5.1 17 140   M    M   2 1      24 150
 5  78  59  69  11   0   4 0.03  0.0    0  4.1 14 300   M    M   8 1      20 160
 6  73  57  65   7   0   0 0.00  0.0    0  4.4 10 130   M    M   9 138    16 130
 7  82  62  72  14   0   7 1.34  0.0    0  3.4 17 310   M    M   5 123    24 320
 8  76  61  69  10   0   4 0.07  0.0    0  2.6 10 210   M    M   5 1      19 180
 9  74  58  66   7   0   1 0.38  0.0    0  3.0 12 110   M    M   6 13     15  90
10  85  51  68   9   0   3 0.00  0.0    0  1.8 12 130   M    M   2 12     16 120
11  84  56  70  11   0   5 0.00  0.0    0  6.4 20 130   M    M   1 1      27 130
12  79  61  70  10   0   5    T  0.0    0  3.8 15 130   M    M   4        20 140
13  84  58  71  11   0   6 0.00  0.0    0  5.2 17 130   M    M   2        22 170
14  79  55  67   7   0   2 0.38  0.0    0  9.7 21 300   M    M   7 13     32 290
15  69  47  58  -2   7   0 0.01    M    0 10.1 22 320   M    M   2        32 330
16  78  41  60  -1   5   0 0.00  0.0    0  2.7 13 120   M    M   0        18 130
17  83  47  65   4   0   0 0.00  0.0    0  1.9 10 160   M    M   0        16 130
18  81  58  70   9   0   5 0.05  0.0    0  5.8 18 270   M    M   3 13     28 250
19  71  49  60  -1   5   0 4.37    M    0  7.9 20 260   M    M   9 138    30 250
================================================================================
SM 1453  971        62  42  6.76     0.0  88.1          M       69
================================================================================
AV 76.5 51.1                               4.6 FASTST   M    M   4    MAX(MPH)
                                 MISC ---->  # 22 320               # 32  290
================================================================================
NOTES:
# LAST OF SEVERAL OCCURRENCES

COLUMN 17 PEAK WIND IN M.P.H.

PRELIMINARY LOCAL CLIMATOLOGICAL DATA (WS FORM: F-6) , PAGE 2

                                          STATION:  PEACHTREE CITY
                                          MONTH:    APRIL
                                          YEAR:     2019
                                          LATITUDE:   33 20 N
                                          LONGITUDE:  84 34 W

[TEMPERATURE DATA]      [PRECIPITATION DATA]       SYMBOLS USED IN COLUMN 16

AVERAGE MONTHLY: 63.8   TOTAL FOR MONTH:   6.76    1 = FOG OR MIST
DPTR FM NORMAL:   4.7   DPTR FM NORMAL:    4.17    2 = FOG REDUCING VISIBILITY
HIGHEST:    85 ON 10    GRTST 24HR  4.37 ON 19-19      TO 1/4 MILE OR LESS
LOWEST:     35 ON  3, 1                            3 = THUNDER
                        SNOW, ICE PELLETS, HAIL    4 = ICE PELLETS
                        TOTAL MONTH:   0.0 INCH    5 = HAIL
                        GRTST 24HR     0.0         6 = FREEZING RAIN OR DRIZZLE
                        GRTST DEPTH:   0           7 = DUSTSTORM OR SANDSTORM:
                                                       VSBY 1/2 MILE OR LESS
                                                   8 = SMOKE OR HAZE
[NO. OF DAYS WITH]      [WEATHER - DAYS WITH]      9 = BLOWING SNOW
                                                   X = TORNADO
MAX 32 OR BELOW:   0    0.01 INCH OR MORE:   9
MAX 90 OR ABOVE:   0    0.10 INCH OR MORE:   5
MIN 32 OR BELOW:   0    0.50 INCH OR MORE:   2
MIN  0 OR BELOW:   0    1.00 INCH OR MORE:   2

[HDD (BASE 65) ]
TOTAL THIS MO.    62    CLEAR  (SCALE 0-3)  10
DPTR FM NORMAL   -64    PTCLDY (SCALE 4-7)   7
TOTAL FM JUL 1  2296    CLOUDY (SCALE 8-10)  2
DPTR FM NORMAL  -582

[CDD (BASE 65) ]
TOTAL THIS MO.    42
DPTR FM NORMAL    29    [PRESSURE DATA]
TOTAL FM JAN 1    55    HIGHEST SLP M ON M
DPTR FM NORMAL    37    LOWEST  SLP 29.41 ON 19

[REMARKS]
