000
CXUS53 KARX 160930
CF6FKA
PRELIMINARY LOCAL CLIMATOLOGICAL DATA (WS FORM: F-6)

                                          STATION:   PRESTON MN
                                          MONTH:     JUNE
                                          YEAR:      2019
                                          LATITUDE:   43 40 N
                                          LONGITUDE:  92 11 W

  TEMPERATURE IN F:       :PCPN:    SNOW:  WIND      :SUNSHINE: SKY     :PK WND
================================================================================
1   2   3   4   5  6A  6B    7    8   9   10  11  12  13   14  15   16   17  18
                                     12Z  AVG MX 2MIN
DY MAX MIN AVG DEP HDD CDD  WTR  SNW DPTH SPD SPD DIR MIN PSBL S-S WX    SPD DR
================================================================================

 1  70  55  63   M   2   0    M  0.0    0  8.4 15 360   M    M   2 3      20 310
 2  73  47  60   M   5   0 0.00  0.0    0  7.4 16 310   M    M   2        23 320
 3  77  49  63   M   2   0 0.00  0.0    0  8.2 20 190   M    M   0        23 220
 4  80  56  68   M   0   3 0.63  0.0    0 11.1 18 190   M    M   6 3      25 280
 5  79  59  69   M   0   4 0.00  0.0    0  5.4 10 310   M    M   0         M  M
 6  82  59  71   M   0   6 0.00  0.0    0  2.8  6  10   M    M   1         M  M
 7  83  58  71   M   0   6 0.00  0.0    0  6.2 13 140   M    M   0        16 130
 8  82  60  71   M   0   6 0.00  0.0    0  7.7 13 120   M    M   0        17 130
 9  77  54  66   M   0   1 0.00  0.0    0  9.3 22 340   M    M   2        29 320
10  74  51  63   M   2   0 0.00  0.0    0  8.9 18 310   M    M   0        24 330
11  65  51  58   M   7   0    M  0.0    0  3.7  7 240   M    M   4 1       M  M
12  66  52  59   M   6   0 0.52  0.0    0  8.2 16 350   M    M   6        27 340
13  67  45  56   M   9   0 0.00  0.0    0  4.9  9 360   M    M   0         M  M
14  75  55  65   M   0   0    T  0.0    0 13.3 27 230   M    M   3        35 230
15  78  57  68   M   0   3 1.80  0.0    0  8.2 18  20   M    M   5 3      30  20
================================================================================
SM 1128  808        33  29  2.95     0.0 113.7          M       31
================================================================================
AV 75.2 53.9                               7.6 FASTST   M    M   2    MAX(MPH)
                                 MISC ---->  # 27 230               # 35  230
================================================================================
NOTES:
# LAST OF SEVERAL OCCURRENCES

COLUMN 17 PEAK WIND IN M.P.H.

PRELIMINARY LOCAL CLIMATOLOGICAL DATA (WS FORM: F-6) , PAGE 2

                                          STATION:  PRESTON MN
                                          MONTH:    JUNE
                                          YEAR:     2019
                                          LATITUDE:   43 40 N
                                          LONGITUDE:  92 11 W

[TEMPERATURE DATA]      [PRECIPITATION DATA]       SYMBOLS USED IN COLUMN 16

AVERAGE MONTHLY: 64.5   TOTAL FOR MONTH:   2.95    1 = FOG OR MIST
DPTR FM NORMAL:     M   DPTR FM NORMAL:       M    2 = FOG REDUCING VISIBILITY
HIGHEST:    83 ON  7    GRTST 24HR  1.80 ON 15-15      TO 1/4 MILE OR LESS
LOWEST:     45 ON 13                               3 = THUNDER
                        SNOW, ICE PELLETS, HAIL    4 = ICE PELLETS
                        TOTAL MONTH:   0.0 INCH    5 = HAIL
                        GRTST 24HR     0.0         6 = FREEZING RAIN OR DRIZZLE
                        GRTST DEPTH:   0           7 = DUSTSTORM OR SANDSTORM:
                                                       VSBY 1/2 MILE OR LESS
                                                   8 = SMOKE OR HAZE
[NO. OF DAYS WITH]      [WEATHER - DAYS WITH]      9 = BLOWING SNOW
                                                   X = TORNADO
MAX 32 OR BELOW:   0    0.01 INCH OR MORE:   3
MAX 90 OR ABOVE:   0    0.10 INCH OR MORE:   3
MIN 32 OR BELOW:   0    0.50 INCH OR MORE:   3
MIN  0 OR BELOW:   0    1.00 INCH OR MORE:   1

[HDD (BASE 65) ]
TOTAL THIS MO.    33    CLEAR  (SCALE 0-3)  11
DPTR FM NORMAL     M    PTCLDY (SCALE 4-7)   4
TOTAL FM JUL 1  8437    CLOUDY (SCALE 8-10)  0
DPTR FM NORMAL     M

[CDD (BASE 65) ]
TOTAL THIS MO.    29
DPTR FM NORMAL     M    [PRESSURE DATA]
TOTAL FM JAN 1    45    HIGHEST SLP M ON M
DPTR FM NORMAL     M    LOWEST  SLP M ON M

[REMARKS]
