000
CXUS54 KJAN 221414
CF6HBG
PRELIMINARY LOCAL CLIMATOLOGICAL DATA (WS FORM: F-6)

                                          STATION:   HATTIESBURG
                                          MONTH:     MARCH
                                          YEAR:      2019
                                          LATITUDE:   31 16 N
                                          LONGITUDE:  89 15 W

  TEMPERATURE IN F:       :PCPN:    SNOW:  WIND      :SUNSHINE: SKY     :PK WND
================================================================================
1   2   3   4   5  6A  6B    7    8   9   10  11  12  13   14  15   16   17  18
                                     12Z  AVG MX 2MIN
DY MAX MIN AVG DEP HDD CDD  WTR  SNW DPTH SPD SPD DIR MIN PSBL S-S WX    SPD DR
================================================================================

 1  72  61  67  11   0   2 0.21  0.0    0  3.6 14 300   M    M   6 1      17 290
 2  65  58  62   6   3   0 0.05  0.0    0  3.9 10 360   M    M  10 12     12 360
 3  72  43  58   2   7   0 1.06  0.0    0  9.9 24 310   M    M  10 123    35 200
 4  45  35  40 -17  25   0 0.20  0.0    0 10.4 18 350   M    M   9 1      24 330
 5  51  29  40 -17  25   0 0.00  0.0    0  9.5 18 360   M    M   1        25 360
 6  56  27  42 -15  23   0 0.00  0.0    0  3.5 14  20   M    M   0        17  20
 7  64  31  48  -9  17   0 0.00  0.0    0  4.8 15 190   M    M   6        19 170
 8  74  55  65   7   0   0 0.00  0.0    0  8.5 18 190   M    M   8        24 190
 9  79  66  73  15   0   8 0.00  0.0    0 10.4 24 170   M    M   8        34 170
10  76  65  71  13   0   6 0.28  0.0    0  4.2  9 310   M    M   9 1      12 310
11  78  55  67   9   0   2 0.14  0.0    0  6.2 21 350   M    M   9 1      28 360
12  71  51  61   3   4   0 0.00  0.0    0  3.1 12  80   M    M   0        16  80
13  80  54  67   8   0   2    T  0.0    0 12.2 25 150   M    M   8 1      32 150
14  84  68  76  17   0  11 0.26  0.0    0 11.4 25 200   M    M   8 13     33 180
15  68  52  60   1   5   0 0.83  0.0    0  7.6 18 330   M    M   6 13     27 330
16  58  45  52  -7  13   0 0.00  0.0    0  7.0 16  30   M    M   3        22  30
17  63  41  52  -7  13   0 0.00  0.0    0  4.0 14 360   M    M   0        20  20
18  66  37  52  -8  13   0 0.00  0.0    0  3.3 13  20   M    M   0        17  10
19  65  37  51  -9  14   0 0.00  0.0    0  4.3 17  30   M    M   0        22  10
20  71  34  53  -7  12   0 0.00  0.0    0  2.2 13 340   M    M   0        16 330
21  72  41  57  -3   8   0 0.00  0.0    0  6.1 18 290   M    M   0        26 290
================================================================================
SM 1430  985       182  31  3.03     0.0 136.1          M      101
================================================================================
AV 68.1 46.9                               6.5 FASTST   M    M   5    MAX(MPH)
                                 MISC ---->  # 25 150               # 35  200
================================================================================
NOTES:
# LAST OF SEVERAL OCCURRENCES

COLUMN 17 PEAK WIND IN M.P.H.

PRELIMINARY LOCAL CLIMATOLOGICAL DATA (WS FORM: F-6) , PAGE 2

                                          STATION:  HATTIESBURG
                                          MONTH:    MARCH
                                          YEAR:     2019
                                          LATITUDE:   31 16 N
                                          LONGITUDE:  89 15 W

[TEMPERATURE DATA]      [PRECIPITATION DATA]       SYMBOLS USED IN COLUMN 16

AVERAGE MONTHLY: 57.5   TOTAL FOR MONTH:   3.03    1 = FOG OR MIST
DPTR FM NORMAL:  -0.6   DPTR FM NORMAL:   -0.72    2 = FOG REDUCING VISIBILITY
HIGHEST:    84 ON 14    GRTST 24HR  1.06 ON  3- 3      TO 1/4 MILE OR LESS
LOWEST:     27 ON  6                               3 = THUNDER
                        SNOW, ICE PELLETS, HAIL    4 = ICE PELLETS
                        TOTAL MONTH:   0.0 INCH    5 = HAIL
                        GRTST 24HR     0.0         6 = FREEZING RAIN OR DRIZZLE
                        GRTST DEPTH:   0           7 = DUSTSTORM OR SANDSTORM:
                                                       VSBY 1/2 MILE OR LESS
                                                   8 = SMOKE OR HAZE
[NO. OF DAYS WITH]      [WEATHER - DAYS WITH]      9 = BLOWING SNOW
                                                   X = TORNADO
MAX 32 OR BELOW:   0    0.01 INCH OR MORE:   8
MAX 90 OR ABOVE:   0    0.10 INCH OR MORE:   7
MIN 32 OR BELOW:   3    0.50 INCH OR MORE:   2
MIN  0 OR BELOW:   0    1.00 INCH OR MORE:   1

[HDD (BASE 65) ]
TOTAL THIS MO.   182    CLEAR  (SCALE 0-3)   9
DPTR FM NORMAL    18    PTCLDY (SCALE 4-7)   3
TOTAL FM JUL 1  1599    CLOUDY (SCALE 8-10)  9
DPTR FM NORMAL  -243

[CDD (BASE 65) ]
TOTAL THIS MO.    31
DPTR FM NORMAL    10    [PRESSURE DATA]
TOTAL FM JAN 1    72    HIGHEST SLP M ON M
DPTR FM NORMAL    36    LOWEST  SLP 29.77 ON M

[REMARKS]
