000
CXUS54 KJAN 201414
CF6HKS
PRELIMINARY LOCAL CLIMATOLOGICAL DATA (WS FORM: F-6)

                                          STATION:   JACKSON HAWKINS
                                          MONTH:     FEBRUARY
                                          YEAR:      2019
                                          LATITUDE:   32 20 N
                                          LONGITUDE:  90 14 W

  TEMPERATURE IN F:       :PCPN:    SNOW:  WIND      :SUNSHINE: SKY     :PK WND
================================================================================
1   2   3   4   5  6A  6B    7    8   9   10  11  12  13   14  15   16   17  18
                                     12Z  AVG MX 2MIN
DY MAX MIN AVG DEP HDD CDD  WTR  SNW DPTH SPD SPD DIR MIN PSBL S-S WX    SPD DR
================================================================================

 1  65  42  54   6  11   0 0.00  0.0    0  5.3 14 120   M    M   4        17 150
 2  65  37  51   3  14   0    T  0.0    0  2.3  9 150   M    M   4 12     12 160
 3  65  50  58  10   7   0 0.00  0.0    0  6.2 10 150   M    M   8 12     13 150
 4  71  55  63  15   2   0 0.00  0.0    0  7.8 14 170   M    M   8 1      17 170
 5  74  65  70  22   0   5 0.12  0.0    0  7.7 16 150   M    M  10 1      20 180
 6  79  67  73  24   0   8    T  0.0    0 10.2 20 190   M    M   8 1      26 170
 7  83  48  66  17   0   1 0.01  0.0    0 13.3 25 300   M    M   7        32 300
 8  48  33  41  -8  24   0    T  0.0    0  8.7 15 360   M    M   4        22  10
 9  54  33  44  -5  21   0 0.04  0.0    0  7.3 13  70   M    M   7        19  40
10  67  45  56   7   9   0 0.00  0.0    0  6.8 14 160   M    M   8        17 160
11  72  57  65  15   0   0 0.01  0.0    0  9.8 17 180   M    M   8 1      24 180
12  67  40  54   4  11   0 0.55  0.0    0  8.8 23 290   M    M   5 1      31 220
13  62  33  48  -2  17   0 0.00  0.0    0  3.7 10 170   M    M   0        15 190
14  68  44  56   6   9   0 0.00  0.0    0 10.4 21 170   M    M   1        27 200
15  68  56  62  11   3   0    T  0.0    0  8.2 15 170   M    M   8 1      20 170
16  67  41  54   3  11   0 0.01  0.0    0  6.3 18 330   M    M  10 1      27 320
17  67  45  56   5   9   0 0.48  0.0    0  6.7 15 320   M    M  10 1      21 310
18  57  37  47  -4  18   0 0.01  0.0    0  8.3 14  50   M    M   4        23  50
19  54  43  49  -3  16   0 0.38  0.0    0 10.8 16  90   M    M  10 13     23  70
================================================================================
SM 1253  871       182  14  1.61     0.0 148.6          M      124
================================================================================
AV 66.0 45.8                               7.8 FASTST   M    M   7    MAX(MPH)
                                 MISC ---->  # 25 300               # 32  300
================================================================================
NOTES:
# LAST OF SEVERAL OCCURRENCES

COLUMN 17 PEAK WIND IN M.P.H.

PRELIMINARY LOCAL CLIMATOLOGICAL DATA (WS FORM: F-6) , PAGE 2

                                          STATION:  JACKSON HAWKINS
                                          MONTH:    FEBRUARY
                                          YEAR:     2019
                                          LATITUDE:   32 20 N
                                          LONGITUDE:  90 14 W

[TEMPERATURE DATA]      [PRECIPITATION DATA]       SYMBOLS USED IN COLUMN 16

AVERAGE MONTHLY: 55.9   TOTAL FOR MONTH:   1.61    1 = FOG OR MIST
DPTR FM NORMAL:   6.4   DPTR FM NORMAL:   -1.44    2 = FOG REDUCING VISIBILITY
HIGHEST:    83 ON  7    GRTST 24HR  0.55 ON 12-12      TO 1/4 MILE OR LESS
LOWEST:     33 ON 13, 9                            3 = THUNDER
                        SNOW, ICE PELLETS, HAIL    4 = ICE PELLETS
                        TOTAL MONTH:   0.0 INCH    5 = HAIL
                        GRTST 24HR     0.0         6 = FREEZING RAIN OR DRIZZLE
                        GRTST DEPTH:   0           7 = DUSTSTORM OR SANDSTORM:
                                                       VSBY 1/2 MILE OR LESS
                                                   8 = SMOKE OR HAZE
[NO. OF DAYS WITH]      [WEATHER - DAYS WITH]      9 = BLOWING SNOW
                                                   X = TORNADO
MAX 32 OR BELOW:   0    0.01 INCH OR MORE:   9
MAX 90 OR ABOVE:   0    0.10 INCH OR MORE:   4
MIN 32 OR BELOW:   0    0.50 INCH OR MORE:   1
MIN  0 OR BELOW:   0    1.00 INCH OR MORE:   0

[HDD (BASE 65) ]
TOTAL THIS MO.   182    CLEAR  (SCALE 0-3)   2
DPTR FM NORMAL  -117    PTCLDY (SCALE 4-7)   9
TOTAL FM JUL 1  1630    CLOUDY (SCALE 8-10)  8
DPTR FM NORMAL  -121

[CDD (BASE 65) ]
TOTAL THIS MO.    14
DPTR FM NORMAL    14    [PRESSURE DATA]
TOTAL FM JAN 1    14    HIGHEST SLP M ON M
DPTR FM NORMAL    10    LOWEST  SLP 29.66 ON 17

[REMARKS]
