000
CXUS54 KJAN 251414
CF6HKS
PRELIMINARY LOCAL CLIMATOLOGICAL DATA (WS FORM: F-6)

                                          STATION:   JACKSON HAWKINS
                                          MONTH:     APRIL
                                          YEAR:      2019
                                          LATITUDE:   32 20 N
                                          LONGITUDE:  90 14 W

  TEMPERATURE IN F:       :PCPN:    SNOW:  WIND      :SUNSHINE: SKY     :PK WND
================================================================================
1   2   3   4   5  6A  6B    7    8   9   10  11  12  13   14  15   16   17  18
                                     12Z  AVG MX 2MIN
DY MAX MIN AVG DEP HDD CDD  WTR  SNW DPTH SPD SPD DIR MIN PSBL S-S WX    SPD DR
================================================================================

 1  60  38  49 -12  16   0 0.00  0.0    0  5.2 15 300   M    M   3        22 330
 2  66  39  53  -8  12   0 0.00  0.0    0  4.1 13 300   M    M   1        19 330
 3  74  40  57  -5   8   0 0.00  0.0    0  5.7 15 160   M    M   1 8      21 140
 4  61  56  59  -3   6   0 0.71  0.0    0  9.9 20 120   M    M   9 13     24 140
 5  76  59  68   6   0   3 0.00  0.0    0  0.9  6  20   M    M   8 18      9  40
 6  75  59  67   5   0   2 0.48  0.0    0  5.1 22 290   M    M   7 123    30 290
 7  82  63  73  10   0   8 0.47  0.0    0  7.5 17 150   M    M   8 1238   23 150
 8  82  63  73  10   0   8 0.16  0.0    0  7.6 20 210   M    M   6 18     26 220
 9  79  59  69   6   0   4 0.34  0.0    0  6.0 14 350   M    M   5 18     19 350
10  85  54  70   7   0   5 0.00  0.0    0  5.0 14 160   M    M   0 1      18 170
11  83  61  72   8   0   7 0.00  0.0    0 11.2 23 180   M    M   0        31 150
12  73  56  65   1   0   0 0.66  0.0    0  5.7 18 320   M    M   6 13     27 320
13  77  59  68   4   0   3 1.85  0.0    0 10.1 33 150   M    M   9 13     49 150
14  65  44  55  -9  10   0    T  0.0    0 10.3 25 280   M    M   6 1      31 270
15  74  41  58  -7   7   0 0.00  0.0    0  1.8 10 290   M    M   0 18     13 290
16  79  49  64  -1   1   0 0.00  0.0    0  5.6 16 160   M    M   0 8      23 170
17  78  58  68   3   0   3 0.00  0.0    0  8.6 20 150   M    M   1        28 150
18  77  54  66   0   0   1 2.08  0.0    0  9.2 40 290   M    M   8 13     50 300
19  59  49  54 -12  11   0 0.06  0.0    0  8.4 22 290   M    M  10 1      33 300
20  70  45  58  -8   7   0 0.00  0.0    0  7.1 23 300   M    M   1        29 300
21  79  45  62  -4   3   0 0.00  0.0    0  4.0 14 160   M    M   0 8      20 180
22  81  49  65  -2   0   0 0.00  0.0    0  3.9 15 180   M    M   0        19 180
23  77  55  66  -1   0   1 0.00  0.0    0  3.8 15 140   M    M   0        20 160
24  81  59  70   3   0   5 0.00  0.0    0  7.6 17 180   M    M   2 8      22 190
================================================================================
SM 1793 1254        81  50  6.81     0.0 154.3          M       91
================================================================================
AV 74.7 52.3                               6.4 FASTST   M    M   4    MAX(MPH)
                                 MISC ---->  # 40 290               # 50  300
================================================================================
NOTES:
# LAST OF SEVERAL OCCURRENCES

COLUMN 17 PEAK WIND IN M.P.H.

PRELIMINARY LOCAL CLIMATOLOGICAL DATA (WS FORM: F-6) , PAGE 2

                                          STATION:  JACKSON HAWKINS
                                          MONTH:    APRIL
                                          YEAR:     2019
                                          LATITUDE:   32 20 N
                                          LONGITUDE:  90 14 W

[TEMPERATURE DATA]      [PRECIPITATION DATA]       SYMBOLS USED IN COLUMN 16

AVERAGE MONTHLY: 63.5   TOTAL FOR MONTH:   6.81    1 = FOG OR MIST
DPTR FM NORMAL:  -0.6   DPTR FM NORMAL:    2.50    2 = FOG REDUCING VISIBILITY
HIGHEST:    85 ON 10    GRTST 24HR  2.08 ON 18-18      TO 1/4 MILE OR LESS
LOWEST:     38 ON  1                               3 = THUNDER
                        SNOW, ICE PELLETS, HAIL    4 = ICE PELLETS
                        TOTAL MONTH:   0.0 INCH    5 = HAIL
                        GRTST 24HR     0.0         6 = FREEZING RAIN OR DRIZZLE
                        GRTST DEPTH:   0           7 = DUSTSTORM OR SANDSTORM:
                                                       VSBY 1/2 MILE OR LESS
                                                   8 = SMOKE OR HAZE
[NO. OF DAYS WITH]      [WEATHER - DAYS WITH]      9 = BLOWING SNOW
                                                   X = TORNADO
MAX 32 OR BELOW:   0    0.01 INCH OR MORE:   9
MAX 90 OR ABOVE:   0    0.10 INCH OR MORE:   8
MIN 32 OR BELOW:   0    0.50 INCH OR MORE:   4
MIN  0 OR BELOW:   0    1.00 INCH OR MORE:   2

[HDD (BASE 65) ]
TOTAL THIS MO.    81    CLEAR  (SCALE 0-3)  13
DPTR FM NORMAL    -2    PTCLDY (SCALE 4-7)   8
TOTAL FM JUL 1  2055    CLOUDY (SCALE 8-10)  3
DPTR FM NORMAL  -147

[CDD (BASE 65) ]
TOTAL THIS MO.    50
DPTR FM NORMAL   -12    [PRESSURE DATA]
TOTAL FM JAN 1    95    HIGHEST SLP M ON M
DPTR FM NORMAL    -6    LOWEST  SLP 29.41 ON 13

[REMARKS]
