000
CXUS54 KJAN 281200
CF6HKS
PRELIMINARY LOCAL CLIMATOLOGICAL DATA (WS FORM: F-6)

                                          STATION:   JACKSON HAWKINS
                                          MONTH:     FEBRUARY
                                          YEAR:      2020
                                          LATITUDE:   32 20 N
                                          LONGITUDE:  90 14 W

  TEMPERATURE IN F:       :PCPN:    SNOW:  WIND      :SUNSHINE: SKY     :PK WND
================================================================================
1   2   3   4   5  6A  6B    7    8   9   10  11  12  13   14  15   16   17  18
                                     12Z  AVG MX 2MIN
DY MAX MIN AVG DEP HDD CDD  WTR  SNW DPTH SPD SPD DIR MIN PSBL S-S WX    SPD DR
================================================================================

 1  57  39  48   0  17   0 0.00  0.0    0  6.1 18 280   M    M   7        25 310
 2  74  35  55   7  10   0 0.00  0.0    0  5.1 15 260   M    M   0        21 250
 3  73  47  60  12   5   0    T    M    0 10.0 20 180   M    M   0        26 180
 4  72  60  66  18   0   1 0.05  0.0    0  9.4 23 140   M    M   8 1      34 140
 5  74  47  61  13   4   0 0.64  0.0    0  9.1 24 290   M    M  10 138    35 270
 6  48  35  42  -7  23   0 0.44    M    0 10.5 25 300   M    M  10 13     36 290
 7  54  30  42  -7  23   0 0.00  0.0    0  6.7 15 260   M    M   2 8      19 250
 8  63  37  50   1  15   0 0.00  0.0    0  4.5 14 180   M    M   1        18 150
 9  74  48  61  12   4   0 0.00  0.0    0 13.1 23 170   M    M   6        33 180
10  75  61  68  19   0   3 2.71  0.0    0  8.1 24 150   M    M   9 13     33 150
11  71  47  59   9   6   0 0.48  0.0    0  6.9 18 280   M    M  10 1      30 200
12  78  49  64  14   1   0 2.53  0.0    0  8.9 30 260   M    M   9 13     44 260
13  57  43  50   0  15   0 0.21  0.0    0  8.4 18 300   M    M  10 18     27 360
14  51  33  42  -8  23   0 0.00  0.0    0  6.4 13  40   M    M   1        23  20
15  66  33  50  -1  15   0    T  0.0    0  7.8 14 150   M    M   3        19 140
16  63  49  56   5   9   0 0.11  0.0    0  5.1 13 160   M    M  10 1      16 160
17  67  54  61  10   4   0 0.02  0.0    0  8.4 15 160   M    M   9 1      20 170
18  75  54  65  14   0   0 0.10  0.0    0  7.0 17 220   M    M  10 12     25 200
19  56  47  52   0  13   0 0.41  0.0    0  6.0 13  10   M    M   9 1      20  10
20  46  38  42 -10  23   0 2.40  0.0    0 10.6 16  10   M    M  10 1      27  10
21  48  31  40 -12  25   0 0.00  0.0    0  6.8 15  20   M    M   0        25  20
22  58  29  44  -8  21   0 0.00  0.0    0  1.6  8 150   M    M   0        13 190
23  58  41  50  -3  15   0 0.00  0.0    0  5.3 13 150   M    M   7        17 150
24  63  53  58   5   7   0 0.55  0.0    0  8.8 17 150   M    M   9 1      24 140
25  69  47  58   5   7   0 0.00  0.0    0  1.9 10 300   M    M   2 12     15 290
26  52  41  47  -6  18   0 0.13  0.0    0  7.5 21 290   M    M  10 1      33 310
27  51  35  43 -11  22   0 0.00  0.0    0  5.2 14 280   M    M   2        25 350
================================================================================
SM 1693 1163       325   4 10.78     0.0 195.2          M      164
================================================================================
AV 62.7 43.1                               7.2 FASTST   M    M   6    MAX(MPH)
                                 MISC ---->  # 30 260               # 44  260
================================================================================
NOTES:
# LAST OF SEVERAL OCCURRENCES

COLUMN 17 PEAK WIND IN M.P.H.

PRELIMINARY LOCAL CLIMATOLOGICAL DATA (WS FORM: F-6) , PAGE 2

                                          STATION:  JACKSON HAWKINS
                                          MONTH:    FEBRUARY
                                          YEAR:     2020
                                          LATITUDE:   32 20 N
                                          LONGITUDE:  90 14 W

[TEMPERATURE DATA]      [PRECIPITATION DATA]       SYMBOLS USED IN COLUMN 16

AVERAGE MONTHLY: 52.9   TOTAL FOR MONTH:  10.78    1 = FOG OR MIST
DPTR FM NORMAL:   2.4   DPTR FM NORMAL:    6.56    2 = FOG REDUCING VISIBILITY
HIGHEST:    78 ON 12    GRTST 24HR  2.71 ON 10-10      TO 1/4 MILE OR LESS
LOWEST:     29 ON 22                               3 = THUNDER
                        SNOW, ICE PELLETS, HAIL    4 = ICE PELLETS
                        TOTAL MONTH:   0.0 INCH    5 = HAIL
                        GRTST 24HR     0.0         6 = FREEZING RAIN OR DRIZZLE
                        GRTST DEPTH:   0           7 = DUSTSTORM OR SANDSTORM:
                                                       VSBY 1/2 MILE OR LESS
                                                   8 = SMOKE OR HAZE
[NO. OF DAYS WITH]      [WEATHER - DAYS WITH]      9 = BLOWING SNOW
                                                   X = TORNADO
MAX 32 OR BELOW:   0    0.01 INCH OR MORE:  14
MAX 90 OR ABOVE:   0    0.10 INCH OR MORE:  12
MIN 32 OR BELOW:   3    0.50 INCH OR MORE:   5
MIN  0 OR BELOW:   0    1.00 INCH OR MORE:   3

[HDD (BASE 65) ]
TOTAL THIS MO.   325    CLEAR  (SCALE 0-3)  10
DPTR FM NORMAL   -74    PTCLDY (SCALE 4-7)   4
TOTAL FM JUL 1  1582    CLOUDY (SCALE 8-10) 13
DPTR FM NORMAL  -269

[CDD (BASE 65) ]
TOTAL THIS MO.     4
DPTR FM NORMAL     4    [PRESSURE DATA]
TOTAL FM JAN 1    14    HIGHEST SLP M ON M
DPTR FM NORMAL    10    LOWEST  SLP 29.50 ON M

[REMARKS]
