000
CXUS52 TJSJ 160425
CF6IST
PRELIMINARY LOCAL CLIMATOLOGICAL DATA (WS FORM: F-6)

                                          STATION:   CYRIL E. KING AP/ST THOMAS
                                          MONTH:     JUNE
                                          YEAR:      2019
                                          LATITUDE:   18 19 N
                                          LONGITUDE:  64 58 W

  TEMPERATURE IN F:       :PCPN:    SNOW:  WIND      :SUNSHINE: SKY     :PK WND
================================================================================
1   2   3   4   5  6A  6B    7    8   9   10  11  12  13   14  15   16   17  18
                                     12Z  AVG MX 2MIN
DY MAX MIN AVG DEP HDD CDD  WTR  SNW DPTH SPD SPD DIR MIN PSBL S-S WX    SPD DR
================================================================================

 1  86  76  81  -2   0  16 0.05  0.0    0 10.6 26 120   M    M   2 8      37 130
 2  86  77  82  -1   0  17 0.00  0.0    0 10.4 20  80   M    M   3        23 130
 3  87  78  83   0   0  18    T  0.0    0  7.2 13 130   M    M   2        17 140
 4  87  79  83   0   0  18 0.00  0.0    0  8.4 15 140   M    M   3        19 130
 5  87  77  82  -1   0  17 0.24  0.0    0  8.4 17 110   M    M   5 1      21 110
 6  87  80  84   1   0  19    T  0.0    0  7.4 13 120   M    M   4        17 110
 7  87  80  84   1   0  19 0.00  0.0    0  8.2 16 120   M    M   2        20 120
 8  88  80  84   1   0  19 0.00  0.0    0 10.7 17 120   M    M   2        23 120
 9  88  81  85   2   0  20 0.00  0.0    0 12.8 18 110   M    M   6        25 130
10  88  81  85   2   0  20    T  0.0    0 14.7 22 110   M    M   7        28 110
11  89  79  84   1   0  19 0.00  0.0    0 10.1 18  60   M    M   5        24 110
12  90  79  85   2   0  20    T  0.0    0 10.9 18  60   M    M   3        24  80
13  88  80  84   0   0  19 0.00  0.0    0 12.9 24 110   M    M   2        29 110
14  89  78  84   0   0  19 0.03  0.0    0 11.5 18  90   M    M   2        26  50
15  91  80  86   2   0  21    T  0.0    0 12.3 21  90   M    M   2        26  90
================================================================================
SM 1318 1185         0 281  0.32     0.0 156.5          M       50
================================================================================
AV 87.9 79.0                              10.4 FASTST   M    M   3    MAX(MPH)
                                 MISC ---->  # 26 120               # 37  130
================================================================================
NOTES:
# LAST OF SEVERAL OCCURRENCES

COLUMN 17 PEAK WIND IN M.P.H.

PRELIMINARY LOCAL CLIMATOLOGICAL DATA (WS FORM: F-6) , PAGE 2

                                          STATION:  CYRIL E. KING AP/ST THOMAS
                                          MONTH:    JUNE
                                          YEAR:     2019
                                          LATITUDE:   18 19 N
                                          LONGITUDE:  64 58 W

[TEMPERATURE DATA]      [PRECIPITATION DATA]       SYMBOLS USED IN COLUMN 16

AVERAGE MONTHLY: 83.4   TOTAL FOR MONTH:   0.32    1 = FOG OR MIST
DPTR FM NORMAL:   0.2   DPTR FM NORMAL:   -0.91    2 = FOG REDUCING VISIBILITY
HIGHEST:    91 ON 15    GRTST 24HR  0.24 ON  5- 5      TO 1/4 MILE OR LESS
LOWEST:     76 ON  1                               3 = THUNDER
                        SNOW, ICE PELLETS, HAIL    4 = ICE PELLETS
                        TOTAL MONTH:   0.0 INCH    5 = HAIL
                        GRTST 24HR     0.0         6 = FREEZING RAIN OR DRIZZLE
                        GRTST DEPTH:   0           7 = DUSTSTORM OR SANDSTORM:
                                                       VSBY 1/2 MILE OR LESS
                                                   8 = SMOKE OR HAZE
[NO. OF DAYS WITH]      [WEATHER - DAYS WITH]      9 = BLOWING SNOW
                                                   X = TORNADO
MAX 32 OR BELOW:   0    0.01 INCH OR MORE:   3
MAX 90 OR ABOVE:   2    0.10 INCH OR MORE:   1
MIN 32 OR BELOW:   0    0.50 INCH OR MORE:   0
MIN  0 OR BELOW:   0    1.00 INCH OR MORE:   0

[HDD (BASE 65) ]
TOTAL THIS MO.     0    CLEAR  (SCALE 0-3)  10
DPTR FM NORMAL     0    PTCLDY (SCALE 4-7)   5
TOTAL FM JUL 1     0    CLOUDY (SCALE 8-10)  0
DPTR FM NORMAL     0

[CDD (BASE 65) ]
TOTAL THIS MO.   281
DPTR FM NORMAL     9    [PRESSURE DATA]
TOTAL FM JAN 1  2511    HIGHEST SLP M ON M
DPTR FM NORMAL   -13    LOWEST  SLP 29.92 ON  6

[REMARKS]
