000
CXHW53 PHFO 191250
CF6ITO
PRELIMINARY LOCAL CLIMATOLOGICAL DATA (WS FORM: F-6)

                                          STATION:   HILO HI
                                          MONTH:     FEBRUARY
                                          YEAR:      2019
                                          LATITUDE:   19 43 N
                                          LONGITUDE: 155  4 W

  TEMPERATURE IN F:       :PCPN:    SNOW:  WIND      :SUNSHINE: SKY     :PK WND
================================================================================
1   2   3   4   5  6A  6B    7    8   9   10  11  12  13   14  15   16   17  18
                                     12Z  AVG MX 2MIN
DY MAX MIN AVG DEP HDD CDD  WTR  SNW DPTH SPD SPD DIR MIN PSBL S-S WX    SPD DR
================================================================================

 1  80  64  72   1   0   7    T  0.0    M  5.5 15  90   M    M   M 1      18 100
 2  81  66  74   3   0   9 0.12  0.0    M  5.3 12  50   M    M   M 1      15  50
 3  78  65  72   1   0   7 0.32  0.0    M  7.2 16  50   M    M   M 18     21  10
 4  78  66  72   1   0   7 0.46  0.0    M  8.4 20 350   M    M   M 18     24 350
 5  78  61  70  -1   0   5    T  0.0    M  7.4 17 360   M    M   M 1      22  10
 6  85  63  74   3   0   9 0.00  0.0    M  6.8 18 140   M    M   M        25 140
 7  81  65  73   2   0   8 0.00  0.0    M  4.6 13  20   M    M   M        15  20
 8   M   M   M   M   M   M    M    M    M   M   M   M   M    M   M         M  M
 9  76  62  69  -2   0   4    T  0.0    M 12.6 28 350   M    M   M        33 340
10  78  61  70  -1   0   5 0.01  0.0    M  7.3 23  60   M    M   M        30  60
11  78  59  69  -2   0   4 0.00  0.0    M 11.2 28 350   M    M   M        37 350
12  75  60  68  -3   0   3 0.00  0.0    M  9.7 23 360   M    M   M        30 360
13  75  57  66  -5   0   1 0.01  0.0    M  8.5 26 350   M    M   M 8      36 340
14  70  57  64  -7   1   0 1.44  0.0    M 11.8 25 350   M    M   M 18     34 350
15  75  63  69  -2   0   4 0.23  0.0    M 11.7 23 340   M    M   M 18     29 350
16  79  60  70  -1   0   5 0.00  0.0    M  6.3 13  10   M    M   M        16  20
17  78  59  69  -2   0   4 0.03  0.0    M  4.8 12  50   M    M   M        14  10
18  80  61  71   0   0   6 0.76  0.0    M  6.4 15  90   M    M   M 1      19  70
================================================================================
SM 1325 1049         1  88  3.38     0.0 135.5          M        M
================================================================================
AV 77.9 61.7                               8.0 FASTST   M    M   0    MAX(MPH)
                                 MISC ---->  # 28 350               # 37  350
================================================================================
NOTES:
# LAST OF SEVERAL OCCURRENCES

COLUMN 17 PEAK WIND IN M.P.H.

PRELIMINARY LOCAL CLIMATOLOGICAL DATA (WS FORM: F-6) , PAGE 2

                                          STATION:  HILO HI
                                          MONTH:    FEBRUARY
                                          YEAR:     2019
                                          LATITUDE:   19 43 N
                                          LONGITUDE: 155  4 W

[TEMPERATURE DATA]      [PRECIPITATION DATA]       SYMBOLS USED IN COLUMN 16

AVERAGE MONTHLY: 69.8   TOTAL FOR MONTH:   3.38    1 = FOG OR MIST
DPTR FM NORMAL:  -1.2   DPTR FM NORMAL:   -2.65    2 = FOG REDUCING VISIBILITY
HIGHEST:    85 ON  6    GRTST 24HR  1.44 ON 14-14      TO 1/4 MILE OR LESS
LOWEST:     57 ON 14,13                            3 = THUNDER
                        SNOW, ICE PELLETS, HAIL    4 = ICE PELLETS
                        TOTAL MONTH:   0.0 INCH    5 = HAIL
                        GRTST 24HR     0.0         6 = FREEZING RAIN OR DRIZZLE
                        GRTST DEPTH:  M  ON   M    7 = DUSTSTORM OR SANDSTORM:
                                                       VSBY 1/2 MILE OR LESS
                                                   8 = SMOKE OR HAZE
[NO. OF DAYS WITH]      [WEATHER - DAYS WITH]      9 = BLOWING SNOW
                                                   X = TORNADO
MAX 32 OR BELOW:   0    0.01 INCH OR MORE:   9
MAX 90 OR ABOVE:   0    0.10 INCH OR MORE:   6
MIN 32 OR BELOW:   0    0.50 INCH OR MORE:   2
MIN  0 OR BELOW:   0    1.00 INCH OR MORE:   1

[HDD (BASE 65) ]
TOTAL THIS MO.     1    CLEAR  (SCALE 0-3)   0
DPTR FM NORMAL     1    PTCLDY (SCALE 4-7)   0
TOTAL FM JUL 1     1    CLOUDY (SCALE 8-10)  0
DPTR FM NORMAL     1

[CDD (BASE 65) ]
TOTAL THIS MO.    88
DPTR FM NORMAL   -20    [PRESSURE DATA]
TOTAL FM JAN 1   320    HIGHEST SLP M ON M
DPTR FM NORMAL    14    LOWEST  SLP 29.65 ON 10

[REMARKS]
