000
CXHW53 PHFO 251250
CF6ITO
PRELIMINARY LOCAL CLIMATOLOGICAL DATA (WS FORM: F-6)

                                          STATION:   HILO HI
                                          MONTH:     APRIL
                                          YEAR:      2019
                                          LATITUDE:   19 43 N
                                          LONGITUDE: 155  4 W

  TEMPERATURE IN F:       :PCPN:    SNOW:  WIND      :SUNSHINE: SKY     :PK WND
================================================================================
1   2   3   4   5  6A  6B    7    8   9   10  11  12  13   14  15   16   17  18
                                     12Z  AVG MX 2MIN
DY MAX MIN AVG DEP HDD CDD  WTR  SNW DPTH SPD SPD DIR MIN PSBL S-S WX    SPD DR
================================================================================

 1  82  68  75   3   0  10 0.00  0.0    M  4.7 12  40   M    M   M        13  40
 2  75  68  72   0   0   7 0.53  0.0    M  7.4 14 330   M    M   M 18     19  20
 3  80  68  74   2   0   9 0.10  0.0    M  8.2 16  50   M    M   M 1      21  60
 4  80  65  73   1   0   8 0.00  0.0    M  6.6 14  70   M    M   M        17  90
 5  82  65  74   2   0   9 0.00  0.0    M  7.9 16 100   M    M   M        21 100
 6  83  65  74   2   0   9 0.03  0.0    M  6.9 15  90   M    M   M 1      20 110
 7  82  66  74   2   0   9 0.08  0.0    M  6.7 13  60   M    M   M 1      17  20
 8  83  68  76   4   0  11 0.09  0.0    M  7.0 16  90   M    M   M 1      21 100
 9  82  68  75   3   0  10 0.36  0.0    M  6.3 17  50   M    M   M 18     23  60
10  80  69  75   3   0  10 0.47  0.0    M  5.8 21  80   M    M   M 18     30  80
11  76  66  71  -1   0   6 3.07  0.0    M  5.3 15 250   M    M   M 138    17 240
12  79  65  72   0   0   7 1.74  0.0    M  7.9 20  80   M    M   M 18     24 100
13  76  66  71  -1   0   6 3.20  0.0    M  5.5 21 130   M    M   M 18     25 120
14  79  67  73   1   0   8 0.80  0.0    M  8.9 18  60   M    M   M 18     27  30
15  78  66  72   0   0   7 0.53  0.0    M  7.2 17  60   M    M   M 1      20  50
16  81  65  73   1   0   8 0.18  0.0    M  6.0 15  90   M    M   M 1      21 100
17  81  68  75   3   0  10 0.04  0.0    M  6.5 14  40   M    M   M 1      19  50
18  80  65  73   1   0   8 0.12  0.0    M  7.3 15  90   M    M   M 18     20 130
19  81  66  74   2   0   9 0.27  0.0    M  6.8 18  80   M    M   M 1      22  70
20  82  67  75   3   0  10 0.23  0.0    M  7.0 18  80   M    M   M 18     22  90
21  82  66  74   2   0   9    T  0.0    M  5.9 15  90   M    M   M        19  80
22  82  67  75   3   0  10 0.01  0.0    M  7.0 16  90   M    M   M 8      23  90
23  80  69  75   3   0  10 0.08  0.0    M  5.8 12  50   M    M   M 18     16  60
24  79  68  74   2   0   9 0.28  0.0    M  5.5 15  40   M    M   M 18     19  50
================================================================================
SM 1925 1601         0 209 12.21     0.0 160.1          M        M
================================================================================
AV 80.2 66.7                               6.7 FASTST   M    M   0    MAX(MPH)
                                 MISC ---->  # 21  80               # 30   80
================================================================================
NOTES:
# LAST OF SEVERAL OCCURRENCES

COLUMN 17 PEAK WIND IN M.P.H.

PRELIMINARY LOCAL CLIMATOLOGICAL DATA (WS FORM: F-6) , PAGE 2

                                          STATION:  HILO HI
                                          MONTH:    APRIL
                                          YEAR:     2019
                                          LATITUDE:   19 43 N
                                          LONGITUDE: 155  4 W

[TEMPERATURE DATA]      [PRECIPITATION DATA]       SYMBOLS USED IN COLUMN 16

AVERAGE MONTHLY: 73.5   TOTAL FOR MONTH:  12.21    1 = FOG OR MIST
DPTR FM NORMAL:   1.5   DPTR FM NORMAL:    2.64    2 = FOG REDUCING VISIBILITY
HIGHEST:    83 ON  8, 6 GRTST 24HR  3.20 ON 13-13      TO 1/4 MILE OR LESS
LOWEST:     65 ON 18,16                            3 = THUNDER
                        SNOW, ICE PELLETS, HAIL    4 = ICE PELLETS
                        TOTAL MONTH:   0.0 INCH    5 = HAIL
                        GRTST 24HR     0.0         6 = FREEZING RAIN OR DRIZZLE
                        GRTST DEPTH:  M  ON   M    7 = DUSTSTORM OR SANDSTORM:
                                                       VSBY 1/2 MILE OR LESS
                                                   8 = SMOKE OR HAZE
[NO. OF DAYS WITH]      [WEATHER - DAYS WITH]      9 = BLOWING SNOW
                                                   X = TORNADO
MAX 32 OR BELOW:   0    0.01 INCH OR MORE:  20
MAX 90 OR ABOVE:   0    0.10 INCH OR MORE:  14
MIN 32 OR BELOW:   0    0.50 INCH OR MORE:   6
MIN  0 OR BELOW:   0    1.00 INCH OR MORE:   3

[HDD (BASE 65) ]
TOTAL THIS MO.     0    CLEAR  (SCALE 0-3)   0
DPTR FM NORMAL     0    PTCLDY (SCALE 4-7)   0
TOTAL FM JUL 1     1    CLOUDY (SCALE 8-10)  0
DPTR FM NORMAL     1

[CDD (BASE 65) ]
TOTAL THIS MO.   209
DPTR FM NORMAL    41    [PRESSURE DATA]
TOTAL FM JAN 1   796    HIGHEST SLP M ON M
DPTR FM NORMAL    47    LOWEST  SLP 29.98 ON  1

[REMARKS]
