000
CXUS55 KBOI 251002
CF6JER
PRELIMINARY LOCAL CLIMATOLOGICAL DATA (WS FORM: F-6)

                                          STATION:   JEROME ID
                                          MONTH:     APRIL
                                          YEAR:      2019
                                          LATITUDE:   42 43 N
                                          LONGITUDE: 114 27 W

  TEMPERATURE IN F:       :PCPN:    SNOW:  WIND      :SUNSHINE: SKY     :PK WND
================================================================================
1   2   3   4   5  6A  6B    7    8   9   10  11  12  13   14  15   16   17  18
                                     12Z  AVG MX 2MIN
DY MAX MIN AVG DEP HDD CDD  WTR  SNW DPTH SPD SPD DIR MIN PSBL S-S WX    SPD DR
================================================================================

 1  58  33  46   2  19   0 0.00    M    M  7.3 16  40   M    M   4        20  40
 2  48  43  46   2  19   0 0.28    M    M 12.3 20  40   M    M   9 1      24  30
 3  58  43  51   7  14   0 0.02    M    M  7.5 21 260   M    M   8 12     24 240
 4  64  41  53   8  12   0    T    M    M  8.4 17  60   M    M   5        21  60
 5  60  45  53   8  12   0 0.04    M    M  7.7 17 260   M    M   7 1      22 270
 6  47  39  43  -2  22   0 0.00    M    M  6.9 12 220   M    M   2         M  M
 7   M   M   M   M   M   M    M    M    M   M   M   M   M    M   M         M  M
 8  69  49  59  14   6   0 0.11    M    M 11.2 24 230   M    M   6 13     32 250
 9  52  37  45   0  20   0 0.26    M    M 22.1 38 240   M    M   7 1      46 260
10  53  34  44  -2  21   0 0.00    M    M 29.7 41 260   M    M   1        51 260
11  52  35  44  -2  21   0 0.00    M    M 18.1 28 250   M    M   3        34 270
12  52  32  42  -4  23   0    T    M    M  8.3 28 270   M    M   4        34 280
13  59  33  46   0  19   0 0.00    M    M  5.8 15 230   M    M   3        23 220
14  51  38  45  -1  20   0 0.38    M    M 13.1 25 230   M    M  10 1      32 240
15  56  38  47   1  18   0 0.25    M    M  7.3 16 250   M    M   7 1      19 240
16  55  40  48   1  17   0    T    M    M 17.8 31 250   M    M   4 1      37 250
17  61  36  49   2  16   0 0.00    M    M 16.2 31 250   M    M   2        37 250
18  68  39  54   7  11   0 0.00    M    M  6.5 16 230   M    M   0        23 260
19  79  44  62  15   3   0 0.00    M    M  7.9 18  40   M    M   1        21  40
20  68  48  58  10   7   0 0.01    M    M  9.4 28 240   M    M   5 1      35 230
21  60  44  52   4  13   0    T    M    M 12.3 21 230   M    M   9 1      27 250
22  64  43  54   6  11   0 0.00    M    M  7.6 14 250   M    M   4        19 230
23  71  44  58  10   7   0 0.00    M    M 10.5 24 240   M    M   0        32 230
24  70  47  59  11   6   0 0.00    M    M 12.1 28 260   M    M   2 8      35 260
================================================================================
SM 1375  925       337   0  1.35    M    266.0          M      103
================================================================================
AV 59.8 40.2                              11.6 FASTST   M    M   4    MAX(MPH)
                                 MISC ---->  # 41 260               # 51  260
================================================================================
NOTES:
# LAST OF SEVERAL OCCURRENCES

COLUMN 17 PEAK WIND IN M.P.H.

PRELIMINARY LOCAL CLIMATOLOGICAL DATA (WS FORM: F-6) , PAGE 2

                                          STATION:  JEROME ID
                                          MONTH:    APRIL
                                          YEAR:     2019
                                          LATITUDE:   42 43 N
                                          LONGITUDE: 114 27 W

[TEMPERATURE DATA]      [PRECIPITATION DATA]       SYMBOLS USED IN COLUMN 16

AVERAGE MONTHLY: 50.0   TOTAL FOR MONTH:   1.35    1 = FOG OR MIST
DPTR FM NORMAL:   3.9   DPTR FM NORMAL:    0.30    2 = FOG REDUCING VISIBILITY
HIGHEST:    79 ON 19    GRTST 24HR  0.38 ON 14-14      TO 1/4 MILE OR LESS
LOWEST:     32 ON 12                               3 = THUNDER
                        SNOW, ICE PELLETS, HAIL    4 = ICE PELLETS
                        TOTAL MONTH:    M          5 = HAIL
                        GRTST 24HR    M  ON   M    6 = FREEZING RAIN OR DRIZZLE
                        GRTST DEPTH:  M  ON   M    7 = DUSTSTORM OR SANDSTORM:
                                                       VSBY 1/2 MILE OR LESS
                                                   8 = SMOKE OR HAZE
[NO. OF DAYS WITH]      [WEATHER - DAYS WITH]      9 = BLOWING SNOW
                                                   X = TORNADO
MAX 32 OR BELOW:   0    0.01 INCH OR MORE:   8
MAX 90 OR ABOVE:   0    0.10 INCH OR MORE:   5
MIN 32 OR BELOW:   1    0.50 INCH OR MORE:   0
MIN  0 OR BELOW:   0    1.00 INCH OR MORE:   0

[HDD (BASE 65) ]
TOTAL THIS MO.   337    CLEAR  (SCALE 0-3)   8
DPTR FM NORMAL  -117    PTCLDY (SCALE 4-7)  12
TOTAL FM JUL 1  5639    CLOUDY (SCALE 8-10)  3
DPTR FM NORMAL  -471

[CDD (BASE 65) ]
TOTAL THIS MO.     0
DPTR FM NORMAL     0    [PRESSURE DATA]
TOTAL FM JAN 1     0    HIGHEST SLP M ON M
DPTR FM NORMAL     0    LOWEST  SLP 29.62 ON M

[REMARKS]
