000
CXUS55 KBOI 191002
CF6JER
PRELIMINARY LOCAL CLIMATOLOGICAL DATA (WS FORM: F-6)

                                          STATION:   JEROME ID
                                          MONTH:     FEBRUARY
                                          YEAR:      2019
                                          LATITUDE:   42 43 N
                                          LONGITUDE: 114 27 W

  TEMPERATURE IN F:       :PCPN:    SNOW:  WIND      :SUNSHINE: SKY     :PK WND
================================================================================
1   2   3   4   5  6A  6B    7    8   9   10  11  12  13   14  15   16   17  18
                                     12Z  AVG MX 2MIN
DY MAX MIN AVG DEP HDD CDD  WTR  SNW DPTH SPD SPD DIR MIN PSBL S-S WX    SPD DR
================================================================================

 1  48  26  37   9  28   0 0.00    M    M 18.4 24  40   M    M   0        30  50
 2  47  33  40  12  25   0 0.10    M    M 12.1 26 200   M    M   8 1      38 200
 3  49  36  43  15  22   0 0.17    M    M  9.4 26 220   M    M   8 1      37 210
 4  47  34  41  13  24   0 0.06    M    M 10.8 29 220   M    M   7        38 220
 5  36  21  29   1  36   0 0.22    M    M 10.7 23 230   M    M   5 1      30 240
 6  28  18  23  -5  42   0 0.00    M    M 19.4 29 240   M    M   5        36 240
 7  23   8  16 -12  49   0 0.00    M    M 14.0 26 250   M    M   0        32 240
 8  24   9  17 -12  48   0    T    M    M 17.8 23  50   M    M   6 8      29  40
 9  35  16  26  -3  39   0    T    M    M 15.8 24  30   M    M   9        28  40
10  36  17  27  -2  38   0 0.01    M    M 10.9 26 240   M    M   5 1      32 230
11  34  14  24  -5  41   0    T    M    M  9.7 25 220   M    M   7 18     32 220
12  32  13  23  -7  42   0 0.00    M    M 13.8 22  30   M    M   4        26  30
13  37  28  33   3  32   0 0.61    M    M  8.6 17 170   M    M  10 1      22 160
14  45  34  40  10  25   0 0.30    M    M 10.3 29 230   M    M   9 1      37 180
15  41  27  34   4  31   0    T    M    M  8.1 31 260   M    M   5 18     40 260
16  33  23  28  -3  37   0 0.01    M    M  6.3 16 230   M    M   4 1      20 230
17  30  14  22  -9  43   0 0.11    M    M  7.2 16  30   M    M   8 12     18  20
18  27  17  22  -9  43   0 0.00    M    M 10.4 22 240   M    M   8 12     25 250
================================================================================
SM  652  388       645   0  1.59    M    213.7          M      108
================================================================================
AV 36.2 21.6                              11.9 FASTST   M    M   6    MAX(MPH)
                                 MISC ---->  # 31 260               # 40  260
================================================================================
NOTES:
# LAST OF SEVERAL OCCURRENCES

COLUMN 17 PEAK WIND IN M.P.H.

PRELIMINARY LOCAL CLIMATOLOGICAL DATA (WS FORM: F-6) , PAGE 2

                                          STATION:  JEROME ID
                                          MONTH:    FEBRUARY
                                          YEAR:     2019
                                          LATITUDE:   42 43 N
                                          LONGITUDE: 114 27 W

[TEMPERATURE DATA]      [PRECIPITATION DATA]       SYMBOLS USED IN COLUMN 16

AVERAGE MONTHLY: 28.9   TOTAL FOR MONTH:   1.59    1 = FOG OR MIST
DPTR FM NORMAL:  -0.3   DPTR FM NORMAL:    1.05    2 = FOG REDUCING VISIBILITY
HIGHEST:    49 ON  3    GRTST 24HR  0.61 ON 13-13      TO 1/4 MILE OR LESS
LOWEST:      8 ON  7                               3 = THUNDER
                        SNOW, ICE PELLETS, HAIL    4 = ICE PELLETS
                        TOTAL MONTH:    M          5 = HAIL
                        GRTST 24HR    M  ON   M    6 = FREEZING RAIN OR DRIZZLE
                        GRTST DEPTH:  M  ON   M    7 = DUSTSTORM OR SANDSTORM:
                                                       VSBY 1/2 MILE OR LESS
                                                   8 = SMOKE OR HAZE
[NO. OF DAYS WITH]      [WEATHER - DAYS WITH]      9 = BLOWING SNOW
                                                   X = TORNADO
MAX 32 OR BELOW:   6    0.01 INCH OR MORE:   9
MAX 90 OR ABOVE:   0    0.10 INCH OR MORE:   6
MIN 32 OR BELOW:  14    0.50 INCH OR MORE:   1
MIN  0 OR BELOW:   0    1.00 INCH OR MORE:   0

[HDD (BASE 65) ]
TOTAL THIS MO.   645    CLEAR  (SCALE 0-3)   2
DPTR FM NORMAL     1    PTCLDY (SCALE 4-7)  10
TOTAL FM JUL 1  4189    CLOUDY (SCALE 8-10)  6
DPTR FM NORMAL  -380

[CDD (BASE 65) ]
TOTAL THIS MO.     0
DPTR FM NORMAL     0    [PRESSURE DATA]
TOTAL FM JAN 1     0    HIGHEST SLP M ON M
DPTR FM NORMAL     0    LOWEST  SLP 29.26 ON 14

[REMARKS]
