000
CXUS55 KCYS 201000
CF6LAR
PRELIMINARY LOCAL CLIMATOLOGICAL DATA (WS FORM: F-6)

                                          STATION:   LARAMIE WYOMING AIRPORT
                                          MONTH:     APRIL
                                          YEAR:      2019
                                          LATITUDE:   41 18 N
                                          LONGITUDE: 105 40 W

  TEMPERATURE IN F:       :PCPN:    SNOW:  WIND      :SUNSHINE: SKY     :PK WND
================================================================================
1   2   3   4   5  6A  6B    7    8   9   10  11  12  13   14  15   16   17  18
                                     12Z  AVG MX 2MIN
DY MAX MIN AVG DEP HDD CDD  WTR  SNW DPTH SPD SPD DIR MIN PSBL S-S WX    SPD DR
================================================================================

 1  46  19  33  -1  32   0    T    M    M 12.9 29 280   M    M   6        35 280
 2  40  30  35   1  30   0 0.06    M    M  9.0 20 240   M    M  10 18     23 240
 3  51  31  41   6  24   0 0.01    M    M  9.4 25 270   M    M   9 1      30 260
 4  56  31  44   9  21   0 0.00    M    M 12.4 24 270   M    M   4        30 270
 5  60  30  45  10  20   0 0.00    M    M  8.2 24 260   M    M   2        30 240
 6  57  27  42   7  23   0    T    M    M 13.2 31 270   M    M   2        38 280
 7  57  29  43   7  22   0 0.00    M    M 18.4 35 260   M    M   0        40 260
 8  61  38  50  14  15   0 0.00    M    M 19.3 35 270   M    M   1        41 280
 9  67  34  51  15  14   0 0.00    M    M 13.6 32 220   M    M   0        49 220
10  35  16  26 -10  39   0 0.16    M    M 12.9 24 330   M    M   9 12     29 330
11  30  14  22 -14  43   0    T    M    M 20.1 33 320   M    M   8 18     41 310
12  36  18  27 -10  38   0    T    M    M 10.0 24 320   M    M   9 18     29 360
13  39  22  31  -6  34   0 0.02    M    M  9.5 24 280   M    M   5 123    28 280
14  50  29  40   3  25   0 0.00    M    M 21.5 37 260   M    M   5        47 280
15  56  34  45   7  20   0 0.00    M    M 15.0 28 260   M    M   6        35 250
16  61  34  48  10  17   0 0.00    M    M 15.9 32 140   M    M   4        38 140
17  53  33  43   5  22   0 0.01    M    M 15.0 31 260   M    M   6 1      38 260
18  54  26  40   2  25   0 0.00    M    M 17.9 37 320   M    M   5        48 310
19  68  25  47   8  18   0 0.00    M    M  7.2 22 300   M    M   1        33 310
================================================================================
SM  977  520       482   0  0.26    M    261.4          M       92
================================================================================
AV 51.4 27.4                              13.8 FASTST   M    M   5    MAX(MPH)
                                 MISC ---->  # 37 260               # 49  220
================================================================================
NOTES:
# LAST OF SEVERAL OCCURRENCES

COLUMN 17 PEAK WIND IN M.P.H.

PRELIMINARY LOCAL CLIMATOLOGICAL DATA (WS FORM: F-6) , PAGE 2

                                          STATION:  LARAMIE WYOMING AIRPORT
                                          MONTH:    APRIL
                                          YEAR:     2019
                                          LATITUDE:   41 18 N
                                          LONGITUDE: 105 40 W

[TEMPERATURE DATA]      [PRECIPITATION DATA]       SYMBOLS USED IN COLUMN 16

AVERAGE MONTHLY: 39.4   TOTAL FOR MONTH:   0.26    1 = FOG OR MIST
DPTR FM NORMAL:   3.1   DPTR FM NORMAL:   -0.34    2 = FOG REDUCING VISIBILITY
HIGHEST:    68 ON 19    GRTST 24HR  0.16 ON 10-10      TO 1/4 MILE OR LESS
LOWEST:     14 ON 11                               3 = THUNDER
                        SNOW, ICE PELLETS, HAIL    4 = ICE PELLETS
                        TOTAL MONTH:    M          5 = HAIL
                        GRTST 24HR    M  ON   M    6 = FREEZING RAIN OR DRIZZLE
                        GRTST DEPTH:  M  ON   M    7 = DUSTSTORM OR SANDSTORM:
                                                       VSBY 1/2 MILE OR LESS
                                                   8 = SMOKE OR HAZE
[NO. OF DAYS WITH]      [WEATHER - DAYS WITH]      9 = BLOWING SNOW
                                                   X = TORNADO
MAX 32 OR BELOW:   1    0.01 INCH OR MORE:   5
MAX 90 OR ABOVE:   0    0.10 INCH OR MORE:   1
MIN 32 OR BELOW:  14    0.50 INCH OR MORE:   0
MIN  0 OR BELOW:   0    1.00 INCH OR MORE:   0

[HDD (BASE 65) ]
TOTAL THIS MO.   482    CLEAR  (SCALE 0-3)   6
DPTR FM NORMAL   -65    PTCLDY (SCALE 4-7)   8
TOTAL FM JUL 1  7720    CLOUDY (SCALE 8-10)  5
DPTR FM NORMAL   -62

[CDD (BASE 65) ]
TOTAL THIS MO.     0
DPTR FM NORMAL     0    [PRESSURE DATA]
TOTAL FM JAN 1     0    HIGHEST SLP M ON M
DPTR FM NORMAL     0    LOWEST  SLP 29.37 ON  9

[REMARKS]
