000
CXUS55 KCYS 191000
CF6LAR
PRELIMINARY LOCAL CLIMATOLOGICAL DATA (WS FORM: F-6)

                                          STATION:   LARAMIE WYOMING AIRPORT
                                          MONTH:     FEBRUARY
                                          YEAR:      2019
                                          LATITUDE:   41 18 N
                                          LONGITUDE: 105 40 W

  TEMPERATURE IN F:       :PCPN:    SNOW:  WIND      :SUNSHINE: SKY     :PK WND
================================================================================
1   2   3   4   5  6A  6B    7    8   9   10  11  12  13   14  15   16   17  18
                                     12Z  AVG MX 2MIN
DY MAX MIN AVG DEP HDD CDD  WTR  SNW DPTH SPD SPD DIR MIN PSBL S-S WX    SPD DR
================================================================================

 1  47  14  31   9  34   0 0.00    M    M 10.9 25 240   M    M   0        31 230
 2  43  27  35  13  30   0 0.00    M    M 16.6 45 230   M    M   0        52 230
 3  48  27  38  16  27   0 0.01    M    M 18.3 39 250   M    M   3 12     49 240
 4  43  26  35  13  30   0    T    M    M 18.0 32 220   M    M   0 1      40 220
 5  40  23  32  10  33   0    T    M    M 15.5 40 210   M    M   4 18     49 210
 6  29  -7  11 -11  54   0 0.04    M    M 12.9 30 150   M    M  10 128    35 150
 7  14 -13   1 -21  64   0    T    M    M 13.9 33 230   M    M   6 18     42 240
 8  33   7  20  -2  45   0 0.00    M    M 12.7 30 230   M    M   0        34 240
 9  38  12  25   3  40   0 0.00    M    M 13.3 29 150   M    M   2        36 150
10  37  12  25   3  40   0 0.00    M    M 16.2 33 150   M    M   0        39 150
11  27  12  20  -2  45   0 0.00    M    M 19.7 36 270   M    M   1        43 260
12  36  13  25   2  40   0 0.00    M    M 19.5 33 230   M    M   1        40 230
13  46  27  37  14  28   0 0.00    M    M 21.7 44 240   M    M   6        54 230
14  44  21  33  10  32   0 0.00    M    M 17.6 30 160   M    M   9        36 150
15  43  22  33  10  32   0 0.01    M    M 16.7 38 280   M    M   4 1      47 280
16  28   9  19  -5  46   0 0.00    M    M 13.2 32 310   M    M   3        39 310
17  26   3  15  -9  50   0    T    M    M  9.5 22 350   M    M   6 1      27 340
18  13  -1   6 -18  59   0    T    M    M 18.4 28 150   M    M   6 189    33 140
================================================================================
SM  635  234       729   0  0.06    M    284.6          M       61
================================================================================
AV 35.3 13.0                              15.8 FASTST   M    M   3    MAX(MPH)
                                 MISC ---->  # 45 230               # 54  230
================================================================================
NOTES:
# LAST OF SEVERAL OCCURRENCES

COLUMN 17 PEAK WIND IN M.P.H.

PRELIMINARY LOCAL CLIMATOLOGICAL DATA (WS FORM: F-6) , PAGE 2

                                          STATION:  LARAMIE WYOMING AIRPORT
                                          MONTH:    FEBRUARY
                                          YEAR:     2019
                                          LATITUDE:   41 18 N
                                          LONGITUDE: 105 40 W

[TEMPERATURE DATA]      [PRECIPITATION DATA]       SYMBOLS USED IN COLUMN 16

AVERAGE MONTHLY: 24.1   TOTAL FOR MONTH:   0.06    1 = FOG OR MIST
DPTR FM NORMAL:   1.6   DPTR FM NORMAL:   -0.14    2 = FOG REDUCING VISIBILITY
HIGHEST:    48 ON  3    GRTST 24HR  0.04 ON  6- 6      TO 1/4 MILE OR LESS
LOWEST:    -13 ON  7                               3 = THUNDER
                        SNOW, ICE PELLETS, HAIL    4 = ICE PELLETS
                        TOTAL MONTH:    M          5 = HAIL
                        GRTST 24HR    M  ON   M    6 = FREEZING RAIN OR DRIZZLE
                        GRTST DEPTH:  M  ON   M    7 = DUSTSTORM OR SANDSTORM:
                                                       VSBY 1/2 MILE OR LESS
                                                   8 = SMOKE OR HAZE
[NO. OF DAYS WITH]      [WEATHER - DAYS WITH]      9 = BLOWING SNOW
                                                   X = TORNADO
MAX 32 OR BELOW:   6    0.01 INCH OR MORE:   3
MAX 90 OR ABOVE:   0    0.10 INCH OR MORE:   0
MIN 32 OR BELOW:  18    0.50 INCH OR MORE:   0
MIN  0 OR BELOW:   3    1.00 INCH OR MORE:   0

[HDD (BASE 65) ]
TOTAL THIS MO.   729    CLEAR  (SCALE 0-3)  10
DPTR FM NORMAL   -34    PTCLDY (SCALE 4-7)   6
TOTAL FM JUL 1  5585    CLOUDY (SCALE 8-10)  2
DPTR FM NORMAL  -193

[CDD (BASE 65) ]
TOTAL THIS MO.     0
DPTR FM NORMAL     0    [PRESSURE DATA]
TOTAL FM JAN 1     0    HIGHEST SLP M ON M
DPTR FM NORMAL     0    LOWEST  SLP 29.32 ON  3

[REMARKS]
