000
CXUS55 KCYS 231000
CF6LAR
PRELIMINARY LOCAL CLIMATOLOGICAL DATA (WS FORM: F-6)

                                          STATION:   LARAMIE WYOMING AIRPORT
                                          MONTH:     AUGUST
                                          YEAR:      2019
                                          LATITUDE:   41 18 N
                                          LONGITUDE: 105 40 W

  TEMPERATURE IN F:       :PCPN:    SNOW:  WIND      :SUNSHINE: SKY     :PK WND
================================================================================
1   2   3   4   5  6A  6B    7    8   9   10  11  12  13   14  15   16   17  18
                                     12Z  AVG MX 2MIN
DY MAX MIN AVG DEP HDD CDD  WTR  SNW DPTH SPD SPD DIR MIN PSBL S-S WX    SPD DR
================================================================================

 1  73  52  63  -1   2   0 0.01    M    M  4.9 18 180   M    M   7        21 180
 2  83  51  67   3   0   2 0.00    M    M  9.1 22 320   M    M   3 12     26 320
 3  86  50  68   4   0   3 0.00    M    M  9.5 22 150   M    M   3        26 140
 4  83  52  68   4   0   3 0.06    M    M 10.0 35 220   M    M   4 3      38 220
 5  79  52  66   2   0   1 0.08    M    M  7.8 28 350   M    M   2 3      37 350
 6  86  51  69   5   0   4 0.00    M    M  9.3 20 330   M    M   1        28 340
 7  84  50  67   3   0   2    T    M    M  8.0 36 230   M    M   2 3      44 230
 8  77  54  66   2   0   1 0.05    M    M  5.8 22 170   M    M   7 3      26 160
 9  83  52  68   4   0   3    T    M    M 12.7 29 270   M    M   0 3      35 270
10  81  52  67   3   0   2 0.00    M    M 11.7 28 150   M    M   2        33 140
11  81  53  67   4   0   2 0.10    M    M  9.8 26 180   M    M   3 38     35 180
12  80  46  63   0   2   0 0.00    M    M 10.9 30 270   M    M   0        37 260
13  80  40  60  -3   5   0 0.00    M    M  9.5 24 140   M    M   0        29 140
14  82  48  65   2   0   0    T    M    M 11.7 25 140   M    M   1        35 330
15  85  47  66   3   0   1    T    M    M 14.7 33 280   M    M   1 3      42 250
16  81  43  62  -1   3   0    T    M    M 13.8 43 290   M    M   1 12     50 230
17  82  45  64   2   1   0    T    M    M 16.4 43 250   M    M   2 3      54 240
18  85  41  63   1   2   0 0.00    M    M 14.9 36 250   M    M   0        53 240
19  89  45  67   5   0   2 0.00    M    M  9.7 24 240   M    M   0        30 250
20  89  45  67   5   0   2 0.00    M    M  9.4 24  60   M    M   0 3      29 140
21  80  50  65   3   0   0 0.00    M    M 14.8 28 140   M    M   0        35 140
22  87  53  70   9   0   5    T    M    M 15.7 38 260   M    M   2 3      48 260
================================================================================
SM 1816 1072        15  33  0.30    M    240.1          M       41
================================================================================
AV 82.6 48.7                              10.9 FASTST   M    M   2    MAX(MPH)
                                 MISC ---->  # 43 290               # 54  240
================================================================================
NOTES:
# LAST OF SEVERAL OCCURRENCES

COLUMN 17 PEAK WIND IN M.P.H.

PRELIMINARY LOCAL CLIMATOLOGICAL DATA (WS FORM: F-6) , PAGE 2

                                          STATION:  LARAMIE WYOMING AIRPORT
                                          MONTH:    AUGUST
                                          YEAR:     2019
                                          LATITUDE:   41 18 N
                                          LONGITUDE: 105 40 W

[TEMPERATURE DATA]      [PRECIPITATION DATA]       SYMBOLS USED IN COLUMN 16

AVERAGE MONTHLY: 65.6   TOTAL FOR MONTH:   0.30    1 = FOG OR MIST
DPTR FM NORMAL:   2.5   DPTR FM NORMAL:   -0.62    2 = FOG REDUCING VISIBILITY
HIGHEST:    89 ON 20,19 GRTST 24HR  0.10 ON 11-11      TO 1/4 MILE OR LESS
LOWEST:     40 ON 13                               3 = THUNDER
                        SNOW, ICE PELLETS, HAIL    4 = ICE PELLETS
                        TOTAL MONTH:    M          5 = HAIL
                        GRTST 24HR    M  ON   M    6 = FREEZING RAIN OR DRIZZLE
                        GRTST DEPTH:  M  ON   M    7 = DUSTSTORM OR SANDSTORM:
                                                       VSBY 1/2 MILE OR LESS
                                                   8 = SMOKE OR HAZE
[NO. OF DAYS WITH]      [WEATHER - DAYS WITH]      9 = BLOWING SNOW
                                                   X = TORNADO
MAX 32 OR BELOW:   0    0.01 INCH OR MORE:   5
MAX 90 OR ABOVE:   0    0.10 INCH OR MORE:   1
MIN 32 OR BELOW:   0    0.50 INCH OR MORE:   0
MIN  0 OR BELOW:   0    1.00 INCH OR MORE:   0

[HDD (BASE 65) ]
TOTAL THIS MO.    15    CLEAR  (SCALE 0-3)  18
DPTR FM NORMAL   -43    PTCLDY (SCALE 4-7)   4
TOTAL FM JUL 1    34    CLOUDY (SCALE 8-10)  0
DPTR FM NORMAL   -93

[CDD (BASE 65) ]
TOTAL THIS MO.    33
DPTR FM NORMAL    16    [PRESSURE DATA]
TOTAL FM JAN 1   104    HIGHEST SLP M ON M
DPTR FM NORMAL    40    LOWEST  SLP 29.63 ON 17

[REMARKS]
