000
CXUS54 KLZK 161130
CF6LIT
PRELIMINARY LOCAL CLIMATOLOGICAL DATA (WS FORM: F-6)

                                          STATION:   Little Rock Adams Field
                                          MONTH:     JUNE
                                          YEAR:      2019
                                          LATITUDE:   34 43 N
                                          LONGITUDE:  92 14 W

  TEMPERATURE IN F:       :PCPN:    SNOW:  WIND      :SUNSHINE: SKY     :PK WND
================================================================================
1   2   3   4   5  6A  6B    7    8   9   10  11  12  13   14  15   16   17  18
                                     12Z  AVG MX 2MIN
DY MAX MIN AVG DEP HDD CDD  WTR  SNW DPTH SPD SPD DIR MIN PSBL S-S WX    SPD DR
================================================================================

 1  89  65  77   1   0  12 0.00  0.0    0  4.7 12 280   M    M   3        17 260
 2  91  69  80   4   0  15 0.00  0.0    0  4.9 15 310   M    M   7        21 300
 3  90  70  80   4   0  15 0.01  0.0    0  5.2 14 100   M    M   8        17 100
 4  91  68  80   3   0  15 0.00  0.0    0  5.2 24 190   M    M   6        31 190
 5  83  72  78   1   0  13 0.01  0.0    0  6.9 15 200   M    M  10        19 210
 6  75  68  72  -5   0   7 1.43  0.0    0  5.1 14  70   M    M   9 13     16  80
 7  85  67  76  -1   0  11    T  0.0    0  7.1 18  50   M    M   8        21  50
 8  86  69  78   0   0  13 0.00  0.0    0  7.6 17 340   M    M   7        22 330
 9  87  68  78   0   0  13 0.00  0.0    0  6.3 15 360   M    M   5        21 310
10  82  64  73  -5   0   8 0.00  0.0    0 13.2 25 350   M    M   4        34 340
11  81  62  72  -6   0   7 0.00  0.0    0  6.6 16  70   M    M   7        21  70
12  81  59  70  -9   0   5 0.00  0.0    0  6.3 15 340   M    M   6        20 310
13  81  59  70  -9   0   5 0.00  0.0    0  7.6 17 350   M    M   1        23 330
14  83  55  69 -10   0   4 0.00  0.0    0  6.4 17 190   M    M   6        21 200
15  88  68  78  -1   0  13 0.00  0.0    0  9.8 21 220   M    M   7        27 210
================================================================================
SM 1273  983         0 156  1.45     0.0 102.9          M       94
================================================================================
AV 84.9 65.5                               6.9 FASTST   M    M   6    MAX(MPH)
                                 MISC ---->  # 25 350               # 34  340
================================================================================
NOTES:
# LAST OF SEVERAL OCCURRENCES

COLUMN 17 PEAK WIND IN M.P.H.

PRELIMINARY LOCAL CLIMATOLOGICAL DATA (WS FORM: F-6) , PAGE 2

                                          STATION:  Little Rock Adams Field
                                          MONTH:    JUNE
                                          YEAR:     2019
                                          LATITUDE:   34 43 N
                                          LONGITUDE:  92 14 W

[TEMPERATURE DATA]      [PRECIPITATION DATA]       SYMBOLS USED IN COLUMN 16

AVERAGE MONTHLY: 75.2   TOTAL FOR MONTH:   1.45    1 = FOG OR MIST
DPTR FM NORMAL:  -2.4   DPTR FM NORMAL:   -0.45    2 = FOG REDUCING VISIBILITY
HIGHEST:    91 ON  4, 2 GRTST 24HR  1.43 ON  6- 6      TO 1/4 MILE OR LESS
LOWEST:     55 ON 14                               3 = THUNDER
                        SNOW, ICE PELLETS, HAIL    4 = ICE PELLETS
                        TOTAL MONTH:   0.0 INCH    5 = HAIL
                        GRTST 24HR     0.0         6 = FREEZING RAIN OR DRIZZLE
                        GRTST DEPTH:   0           7 = DUSTSTORM OR SANDSTORM:
                                                       VSBY 1/2 MILE OR LESS
                                                   8 = SMOKE OR HAZE
[NO. OF DAYS WITH]      [WEATHER - DAYS WITH]      9 = BLOWING SNOW
                                                   X = TORNADO
MAX 32 OR BELOW:   0    0.01 INCH OR MORE:   3
MAX 90 OR ABOVE:   3    0.10 INCH OR MORE:   1
MIN 32 OR BELOW:   0    0.50 INCH OR MORE:   1
MIN  0 OR BELOW:   0    1.00 INCH OR MORE:   1

[HDD (BASE 65) ]
TOTAL THIS MO.     0    CLEAR  (SCALE 0-3)   2
DPTR FM NORMAL     0    PTCLDY (SCALE 4-7)   9
TOTAL FM JUL 1  3118    CLOUDY (SCALE 8-10)  4
DPTR FM NORMAL    66

[CDD (BASE 65) ]
TOTAL THIS MO.   156
DPTR FM NORMAL   -33    [PRESSURE DATA]
TOTAL FM JAN 1   434    HIGHEST SLP M ON M
DPTR FM NORMAL   -36    LOWEST  SLP 29.67 ON  7

[REMARKS]
