000
CXUS56 KMFR 221000
CF6LMT
PRELIMINARY LOCAL CLIMATOLOGICAL DATA (WS FORM: F-6)

                                          STATION:   KLAMATH FALLS OR
                                          MONTH:     FEBRUARY
                                          YEAR:      2019
                                          LATITUDE:   42  9 N
                                          LONGITUDE: 121 44 W

  TEMPERATURE IN F:       :PCPN:    SNOW:  WIND      :SUNSHINE: SKY     :PK WND
================================================================================
1   2   3   4   5  6A  6B    7    8   9   10  11  12  13   14  15   16   17  18
                                     12Z  AVG MX 2MIN
DY MAX MIN AVG DEP HDD CDD  WTR  SNW DPTH SPD SPD DIR MIN PSBL S-S WX    SPD DR
================================================================================

 1  48  38  43  11  22   0    T    M    M 13.8 31 180   M    M   9        36 170
 2  46  32  39   7  26   0 0.07    M    M  6.2 18 150   M    M   7 1      23 150
 3  42  27  35   3  30   0 0.12    M    M  6.8 14 270   M    M   7 1      17 170
 4  33  10  22 -10  43   0 0.09    M    M  6.3 21 280   M    M  10 128    26 280
 5  29  14  22 -10  43   0    T    M    M  7.4 18 280   M    M   8 18     23 290
 6  32   7  20 -13  45   0    T    M    M  6.6 15 280   M    M   3 1      18 280
 7  27   4  16 -17  49   0    T    M    M  2.5  8  70   M    M   4 18      9  80
 8  30  16  23 -10  42   0 0.00    M    M  3.7 13 230   M    M  10 1      15 230
 9  32   2  17 -16  48   0    T    M    M 11.3 29 200   M    M   8 128    37 190
10  29   1  15 -18  50   0    T    M    M  7.1 23 280   M    M   9 1      26 280
11  36  24  30  -4  35   0 0.00    M    M 12.4 23 150   M    M   9        27 150
12  35  25  30  -4  35   0    T    M    M 16.3 32 180   M    M   7 1      38 180
13  39  31  35   1  30   0 0.35    M    M 10.8 24 160   M    M  10 1      31 170
14  46  30  38   4  27   0 0.83    M    M 13.1 26 210   M    M   8 1      34 210
15  37  20  29  -5  36   0    T    M    M 10.7 25 220   M    M   7        29 230
16  35  24  30  -4  35   0 0.01    M    M  9.4 24 280   M    M   7 148    28 280
17  34  19  27  -8  38   0    T    M    M  5.9 18 340   M    M   5 1      21 340
18  35  14  25 -10  40   0 0.00    M    M  6.0 15 330   M    M   0        19 330
19  36  13  25 -10  40   0 0.00    M    M  5.5 21 310   M    M   3        26 300
20  35  20  28  -7  37   0    T    M    M  8.3 23 260   M    M   5 1      27 270
21  33  18  26 -10  39   0 0.00    M    M  7.9 17 350   M    M   3        21  60
================================================================================
SM  749  389       790   0  1.47    M    178.0          M      139
================================================================================
AV 35.7 18.5                               8.5 FASTST   M    M   7    MAX(MPH)
                                 MISC ---->  # 32 180               # 38  180
================================================================================
NOTES:
# LAST OF SEVERAL OCCURRENCES

COLUMN 17 PEAK WIND IN M.P.H.

PRELIMINARY LOCAL CLIMATOLOGICAL DATA (WS FORM: F-6) , PAGE 2

                                          STATION:  KLAMATH FALLS OR
                                          MONTH:    FEBRUARY
                                          YEAR:     2019
                                          LATITUDE:   42  9 N
                                          LONGITUDE: 121 44 W

[TEMPERATURE DATA]      [PRECIPITATION DATA]       SYMBOLS USED IN COLUMN 16

AVERAGE MONTHLY: 27.1   TOTAL FOR MONTH:   1.47    1 = FOG OR MIST
DPTR FM NORMAL:  -6.5   DPTR FM NORMAL:    0.02    2 = FOG REDUCING VISIBILITY
HIGHEST:    48 ON  1    GRTST 24HR  0.83 ON 14-14      TO 1/4 MILE OR LESS
LOWEST:      1 ON 10                               3 = THUNDER
                        SNOW, ICE PELLETS, HAIL    4 = ICE PELLETS
                        TOTAL MONTH:    M          5 = HAIL
                        GRTST 24HR    M  ON   M    6 = FREEZING RAIN OR DRIZZLE
                        GRTST DEPTH:  M  ON   M    7 = DUSTSTORM OR SANDSTORM:
                                                       VSBY 1/2 MILE OR LESS
                                                   8 = SMOKE OR HAZE
[NO. OF DAYS WITH]      [WEATHER - DAYS WITH]      9 = BLOWING SNOW
                                                   X = TORNADO
MAX 32 OR BELOW:   6    0.01 INCH OR MORE:   6
MAX 90 OR ABOVE:   0    0.10 INCH OR MORE:   3
MIN 32 OR BELOW:  20    0.50 INCH OR MORE:   1
MIN  0 OR BELOW:   0    1.00 INCH OR MORE:   0

[HDD (BASE 65) ]
TOTAL THIS MO.   790    CLEAR  (SCALE 0-3)   4
DPTR FM NORMAL   131    PTCLDY (SCALE 4-7)  10
TOTAL FM JUL 1  4457    CLOUDY (SCALE 8-10)  7
DPTR FM NORMAL  -182

[CDD (BASE 65) ]
TOTAL THIS MO.     0
DPTR FM NORMAL     0    [PRESSURE DATA]
TOTAL FM JAN 1     0    HIGHEST SLP  0.00 ON  6
DPTR FM NORMAL     0    LOWEST  SLP 29.21 ON 14

[REMARKS]
