000
CXUS56 KMFR 161000
CF6LMT
PRELIMINARY LOCAL CLIMATOLOGICAL DATA (WS FORM: F-6)

                                          STATION:   KLAMATH FALLS OR
                                          MONTH:     JUNE
                                          YEAR:      2019
                                          LATITUDE:   42  9 N
                                          LONGITUDE: 121 44 W

  TEMPERATURE IN F:       :PCPN:    SNOW:  WIND      :SUNSHINE: SKY     :PK WND
================================================================================
1   2   3   4   5  6A  6B    7    8   9   10  11  12  13   14  15   16   17  18
                                     12Z  AVG MX 2MIN
DY MAX MIN AVG DEP HDD CDD  WTR  SNW DPTH SPD SPD DIR MIN PSBL S-S WX    SPD DR
================================================================================

 1  79  45  62   8   3   0 0.02    M    M  5.0 22 160   M    M   3 3      28 170
 2  81  45  63   9   2   0 0.00    M    M  4.7 20 330   M    M   1 1      23 280
 3  82  42  62   7   3   0 0.00    M    M  5.8 18 350   M    M   0        29 280
 4  82  39  61   6   4   0 0.00    M    M  4.4 18 330   M    M   0        22 320
 5  82  40  61   6   4   0 0.00    M    M  5.3 22 300   M    M   0        26 300
 6  64  38  51  -4  14   0 0.01    M    M 11.1 28 310   M    M   4        33 310
 7  58  33  46 -10  19   0 0.00    M    M 10.9 22 320   M    M   3        34 300
 8  67  27  47  -9  18   0 0.00    M    M  4.6 14  90   M    M   0        21  80
 9  79  39  59   3   6   0 0.00    M    M  7.0 17 170   M    M   0 8      23 170
10  87  37  62   6   3   0 0.00    M    M  3.6 12 340   M    M   0        13 340
11  90  49  70  13   0   5 0.00    M    M  3.8 13 340   M    M   0        15 330
12  89  49  69  12   0   4 0.00    M    M  4.5 18 320   M    M   1 3      23 320
13  86  54  70  13   0   5 0.00    M    M  7.0 22 330   M    M   0        28 290
14  86  45  66   8   0   1 0.00    M    M  5.1 21 330   M    M   0        24 330
15  85  42  64   6   1   0 0.00    M    M  3.7 16 310   M    M   0        19 320
================================================================================
SM 1197  624        77  15  0.03    M     86.5          M       12
================================================================================
AV 79.8 41.6                               5.8 FASTST   M    M   1    MAX(MPH)
                                 MISC ---->  # 28 310               # 34  300
================================================================================
NOTES:
# LAST OF SEVERAL OCCURRENCES

COLUMN 17 PEAK WIND IN M.P.H.

PRELIMINARY LOCAL CLIMATOLOGICAL DATA (WS FORM: F-6) , PAGE 2

                                          STATION:  KLAMATH FALLS OR
                                          MONTH:    JUNE
                                          YEAR:     2019
                                          LATITUDE:   42  9 N
                                          LONGITUDE: 121 44 W

[TEMPERATURE DATA]      [PRECIPITATION DATA]       SYMBOLS USED IN COLUMN 16

AVERAGE MONTHLY: 60.7   TOTAL FOR MONTH:   0.03    1 = FOG OR MIST
DPTR FM NORMAL:   4.8   DPTR FM NORMAL:   -0.33    2 = FOG REDUCING VISIBILITY
HIGHEST:    90 ON 11    GRTST 24HR  0.04 ON 31- 1      TO 1/4 MILE OR LESS
LOWEST:     27 ON  8                               3 = THUNDER
                        SNOW, ICE PELLETS, HAIL    4 = ICE PELLETS
                        TOTAL MONTH:    M          5 = HAIL
                        GRTST 24HR    M  ON   M    6 = FREEZING RAIN OR DRIZZLE
                        GRTST DEPTH:  M  ON   M    7 = DUSTSTORM OR SANDSTORM:
                                                       VSBY 1/2 MILE OR LESS
                                                   8 = SMOKE OR HAZE
[NO. OF DAYS WITH]      [WEATHER - DAYS WITH]      9 = BLOWING SNOW
                                                   X = TORNADO
MAX 32 OR BELOW:   0    0.01 INCH OR MORE:   2
MAX 90 OR ABOVE:   1    0.10 INCH OR MORE:   0
MIN 32 OR BELOW:   1    0.50 INCH OR MORE:   0
MIN  0 OR BELOW:   0    1.00 INCH OR MORE:   0

[HDD (BASE 65) ]
TOTAL THIS MO.    77    CLEAR  (SCALE 0-3)  14
DPTR FM NORMAL   -60    PTCLDY (SCALE 4-7)   1
TOTAL FM JUL 1  6516    CLOUDY (SCALE 8-10)  0
DPTR FM NORMAL  -377

[CDD (BASE 65) ]
TOTAL THIS MO.    15
DPTR FM NORMAL    15    [PRESSURE DATA]
TOTAL FM JAN 1    15    HIGHEST SLP  0.00 ON M
DPTR FM NORMAL    14    LOWEST  SLP 29.80 ON M

[REMARKS]
