798
CXUS56 KMFR 181000
CF6LMT
PRELIMINARY LOCAL CLIMATOLOGICAL DATA (WS FORM: F-6)

                                          STATION:   KLAMATH FALLS OR
                                          MONTH:     AUGUST
                                          YEAR:      2019
                                          LATITUDE:   42  9 N
                                          LONGITUDE: 121 44 W

  TEMPERATURE IN F:       :PCPN:    SNOW:  WIND      :SUNSHINE: SKY     :PK WND
================================================================================
1   2   3   4   5  6A  6B    7    8   9   10  11  12  13   14  15   16   17  18
                                     12Z  AVG MX 2MIN
DY MAX MIN AVG DEP HDD CDD  WTR  SNW DPTH SPD SPD DIR MIN PSBL S-S WX    SPD DR
================================================================================

 1  87  47  67   0   0   2 0.00    M    M  4.5 18 310   M    M   0 1      22 320
 2  86  47  67   0   0   2 0.00    M    M  5.8 21 330   M    M   0        26 340
 3  90  49  70   3   0   5 0.00    M    M  5.7 20 320   M    M   0        23 330
 4  90  52  71   4   0   6 0.00    M    M  2.5 16 330   M    M   0        19 320
 5  91  53  72   5   0   7 0.00    M    M  3.7 10 290   M    M   0        15 190
 6  89  55  72   5   0   7 0.00    M    M  4.9 16 170   M    M   0 8      19 170
 7  90  48  69   2   0   4 0.00    M    M  4.5 15 190   M    M   0 8      19 180
 8  87  46  67   1   0   2 0.00    M    M  6.3 17 320   M    M   0 18     20 310
 9  80  47  64  -2   1   0 0.00    M    M  5.7 21 270   M    M   2 138    28 280
10  63  47  55 -11  10   0 0.54    M    M  6.7 40 200   M    M   6 13X    53 200
11  73  42  58  -8   7   0 0.00    M    M  4.2 15 260   M    M   4 12     19 270
12  81  42  62  -4   3   0 0.00    M    M  3.0 17 330   M    M   0 1      20 330
13  86  43  65  -1   0   0 0.00    M    M  4.9 18 330   M    M   0        22 320
14  89  48  69   3   0   4 0.00    M    M  5.1 20 330   M    M   0        23 340
15  86  48  67   2   0   2 0.00    M    M  6.9 21 330   M    M   0        28 330
16  84  44  64  -1   1   0 0.00    M    M  5.5 18 320   M    M   0        22 320
17  86  41  64  -1   1   0 0.00    M    M  5.0 17 280   M    M   0        20 320
================================================================================
SM 1438  799        23  41  0.54    M     84.9          M       12
================================================================================
AV 84.6 47.0                               5.0 FASTST   M    M   1    MAX(MPH)
                                 MISC ---->  # 40 200               # 53  200
================================================================================
NOTES:
# LAST OF SEVERAL OCCURRENCES

COLUMN 17 PEAK WIND IN M.P.H.

PRELIMINARY LOCAL CLIMATOLOGICAL DATA (WS FORM: F-6) , PAGE 2

                                          STATION:  KLAMATH FALLS OR
                                          MONTH:    AUGUST
                                          YEAR:     2019
                                          LATITUDE:   42  9 N
                                          LONGITUDE: 121 44 W

[TEMPERATURE DATA]      [PRECIPITATION DATA]       SYMBOLS USED IN COLUMN 16

AVERAGE MONTHLY: 65.8   TOTAL FOR MONTH:   0.54    1 = FOG OR MIST
DPTR FM NORMAL:  -0.4   DPTR FM NORMAL:    0.33    2 = FOG REDUCING VISIBILITY
HIGHEST:    91 ON  5    GRTST 24HR  0.54 ON 10-10      TO 1/4 MILE OR LESS
LOWEST:     41 ON 17                               3 = THUNDER
                        SNOW, ICE PELLETS, HAIL    4 = ICE PELLETS
                        TOTAL MONTH:    M          5 = HAIL
                        GRTST 24HR    M  ON   M    6 = FREEZING RAIN OR DRIZZLE
                        GRTST DEPTH:  M  ON   M    7 = DUSTSTORM OR SANDSTORM:
                                                       VSBY 1/2 MILE OR LESS
                                                   8 = SMOKE OR HAZE
[NO. OF DAYS WITH]      [WEATHER - DAYS WITH]      9 = BLOWING SNOW
                                                   X = TORNADO
MAX 32 OR BELOW:   0    0.01 INCH OR MORE:   1
MAX 90 OR ABOVE:   4    0.10 INCH OR MORE:   1
MIN 32 OR BELOW:   0    0.50 INCH OR MORE:   1
MIN  0 OR BELOW:   0    1.00 INCH OR MORE:   0

[HDD (BASE 65) ]
TOTAL THIS MO.    23    CLEAR  (SCALE 0-3)  15
DPTR FM NORMAL    -4    PTCLDY (SCALE 4-7)   2
TOTAL FM JUL 1    70    CLOUDY (SCALE 8-10)  0
DPTR FM NORMAL    -7

[CDD (BASE 65) ]
TOTAL THIS MO.    41
DPTR FM NORMAL    -5    [PRESSURE DATA]
TOTAL FM JAN 1   118    HIGHEST SLP  0.00 ON M
DPTR FM NORMAL   -22    LOWEST  SLP 29.79 ON 17

[REMARKS]
