008
CXUS55 KRIW 220945
CF6LND
PRELIMINARY LOCAL CLIMATOLOGICAL DATA (WS FORM: F-6)

                                          STATION:   LANDER WY
                                          MONTH:     MARCH
                                          YEAR:      2019
                                          LATITUDE:   42 49 N
                                          LONGITUDE: 108 44 W

  TEMPERATURE IN F:       :PCPN:    SNOW:  WIND      :SUNSHINE: SKY     :PK WND
================================================================================
1   2   3   4   5  6A  6B    7    8   9   10  11  12  13   14  15   16   17  18
                                     12Z  AVG MX 2MIN
DY MAX MIN AVG DEP HDD CDD  WTR  SNW DPTH SPD SPD DIR MIN PSBL S-S WX    SPD DR
================================================================================

 1  37  17  27  -3  38   0 0.00  0.0    T  7.0 22 290   M    M   1        29 290
 2  27   3  15 -15  50   0 0.05  0.9    1  6.7 15  30   M    M  10 18     19  20
 3   9  -2   4 -27  61   0 0.00  0.0    1  3.9  9  40   M    M   9 8      11  50
 4  18  -6   6 -25  59   0 0.00  0.0    1  2.6 10 250   M    M   0        12 250
 5  26  -1  13 -19  52   0 0.00  0.0    1  2.4  9 240   M    M   0        10 220
 6  31  15  23  -9  42   0 0.10  1.9    1  2.9 12 330   M    M   4 12     14 340
 7  38  23  31  -2  34   0 0.00  0.0    2  3.1 13 360   M    M   6 1      16  20
 8  33  22  28  -5  37   0 0.03  0.5    1  5.1 13  60   M    M   8 18     14  60
 9  34  18  26  -7  39   0 0.04  0.6    1  8.5 21 280   M    M   1 1      27 280
10  34  13  24 -10  41   0 0.00  0.0    1  3.4 13 250   M    M   0        14 250
11  44  16  30  -4  35   0 0.00  0.0    1  2.6 15 230   M    M   0        17 240
12  48  21  35   1  30   0 0.00  0.0    T  5.3 12 250   M    M   1        12 290
13  35  24  30  -5  35   0 0.14  1.8    T  9.5 23 360   M    M  10 18     31 350
14  34  17  26  -9  39   0 0.00  0.0    2  6.9 16 240   M    M   2        18 240
15  42  15  29  -7  36   0 0.00  0.0    T  3.5 13 250   M    M   0        13 240
16  44  19  32  -4  33   0 0.00  0.0    T  3.5 12 250   M    M   0        12 250
17  47  21  34  -2  31   0 0.00  0.0    0  3.7 13  70   M    M   0        15  70
18  46  27  37   1  28   0 0.00  0.0    0  5.8 13 230   M    M   2        14 230
19  49  25  37   0  28   0 0.00  0.0    0  4.4 15 260   M    M   1        16 250
20  57  24  41   4  24   0 0.00  0.0    0  4.4 14 260   M    M   0        18 250
21  56  26  41   4  24   0 0.00  0.0    0  4.7 12 240   M    M   1        13 250
================================================================================
SM  789  337       796   0  0.36     5.7  99.9          M       56
================================================================================
AV 37.6 16.1                               4.8 FASTST   M    M   3    MAX(MPH)
                                 MISC ---->  # 23 360               # 31  350
================================================================================
NOTES:
# LAST OF SEVERAL OCCURRENCES

COLUMN 17 PEAK WIND IN M.P.H.

PRELIMINARY LOCAL CLIMATOLOGICAL DATA (WS FORM: F-6) , PAGE 2

                                          STATION:  LANDER WY
                                          MONTH:    MARCH
                                          YEAR:     2019
                                          LATITUDE:   42 49 N
                                          LONGITUDE: 108 44 W

[TEMPERATURE DATA]      [PRECIPITATION DATA]       SYMBOLS USED IN COLUMN 16

AVERAGE MONTHLY: 26.8   TOTAL FOR MONTH:   0.36    1 = FOG OR MIST
DPTR FM NORMAL:  -7.1   DPTR FM NORMAL:   -0.34    2 = FOG REDUCING VISIBILITY
HIGHEST:    57 ON 20    GRTST 24HR  0.14 ON 13-13      TO 1/4 MILE OR LESS
LOWEST:     -6 ON  4                               3 = THUNDER
                        SNOW, ICE PELLETS, HAIL    4 = ICE PELLETS
                        TOTAL MONTH:   5.7 INCHES  5 = HAIL
                        GRTST 24HR   1.9 ON  6- 6  6 = FREEZING RAIN OR DRIZZLE
                        GRTST DEPTH:   2 ON 14, 7  7 = DUSTSTORM OR SANDSTORM:
                                                       VSBY 1/2 MILE OR LESS
                                                   8 = SMOKE OR HAZE
[NO. OF DAYS WITH]      [WEATHER - DAYS WITH]      9 = BLOWING SNOW
                                                   X = TORNADO
MAX 32 OR BELOW:   5    0.01 INCH OR MORE:   5
MAX 90 OR ABOVE:   0    0.10 INCH OR MORE:   2
MIN 32 OR BELOW:  21    0.50 INCH OR MORE:   0
MIN  0 OR BELOW:   3    1.00 INCH OR MORE:   0

[HDD (BASE 65) ]
TOTAL THIS MO.   796    CLEAR  (SCALE 0-3)  15
DPTR FM NORMAL   143    PTCLDY (SCALE 4-7)   3
TOTAL FM JUL 1  6692    CLOUDY (SCALE 8-10)  3
DPTR FM NORMAL   335

[CDD (BASE 65) ]
TOTAL THIS MO.     0
DPTR FM NORMAL     0    [PRESSURE DATA]
TOTAL FM JAN 1     0    HIGHEST SLP M ON M
DPTR FM NORMAL     0    LOWEST  SLP 29.49 ON 13

[REMARKS]
