000
CXUS54 KEPZ 191200
CF6LRU
PRELIMINARY LOCAL CLIMATOLOGICAL DATA (WS FORM: F-6)

                                          STATION:   LAS CRUCES
                                          MONTH:     APRIL
                                          YEAR:      2019
                                          LATITUDE:   32 17 N
                                          LONGITUDE: 106 46 W

  TEMPERATURE IN F:       :PCPN:    SNOW:  WIND      :SUNSHINE: SKY     :PK WND
================================================================================
1   2   3   4   5  6A  6B    7    8   9   10  11  12  13   14  15   16   17  18
                                     12Z  AVG MX 2MIN
DY MAX MIN AVG DEP HDD CDD  WTR  SNW DPTH SPD SPD DIR MIN PSBL S-S WX    SPD DR
================================================================================

 1  67  38  53   M  12   0 0.00  0.0    0  3.8 10 330   M    M   0        16 270
 2  80  38  59   M   6   0 0.00  0.0    0  7.4 15 250   M    M   0        29 250
 3  77  48  63   M   2   0 0.00  0.0    0 14.4 29 280   M    M   0        37 270
 4  76  42  59   M   6   0 0.00  0.0    0  7.4 13 290   M    M   0        16 290
 5  76  48  62   M   3   0 0.00  0.0    0  8.2 23 290   M    M   1        32 290
 6  76  44  60   M   5   0 0.00  0.0    0  8.0 16 260   M    M   0        20 200
 7  82  45  64   M   1   0 0.00  0.0    0  9.2 18 360   M    M   0        25 350
 8  88  52  70   M   0   5 0.00  0.0    0  8.0 17 240   M    M   0        17 320
 9  89  51  70   M   0   5 0.00  0.0    0 11.9 28 270   M    M   0 3      35 270
10  73  47  60   M   5   0 0.00  0.0    0 27.2 46 260   M    M   4 8      56 260
11  65  41  53   M  12   0 0.00  0.0    0 20.2 30 260   M    M   0        40 250
12  60  40  50   M  15   0 0.00  0.0    0  7.9 16 260   M    M   6        27 170
13  66  33  50   M  15   0 0.00  0.0    0  6.3 14 310   M    M   3        18 280
14  78  33  56   M   9   0 0.00  0.0    0  8.0 18 270   M    M   0        29 270
15  85  44  65   M   0   0 0.00  0.0    0  7.4 14 260   M    M   0        29 200
16  81  52  67   M   0   2 0.00  0.0    0 15.9 24 270   M    M   0 3      31 270
17  65  47  56   M   9   0 0.03  0.0    0 17.5 36 260   M    M   6 3      43 260
18  78  41  60   M   5   0 0.00  0.0    0  6.0 10 260   M    M   0         M  M
================================================================================
SM 1362  784       105  12  0.03     0.0 194.7          M       20
================================================================================
AV 75.7 43.6                              10.8 FASTST   M    M   1    MAX(MPH)
                                 MISC ---->  # 46 260               # 56  260
================================================================================
NOTES:
# LAST OF SEVERAL OCCURRENCES

COLUMN 17 PEAK WIND IN M.P.H.

PRELIMINARY LOCAL CLIMATOLOGICAL DATA (WS FORM: F-6) , PAGE 2

                                          STATION:  LAS CRUCES
                                          MONTH:    APRIL
                                          YEAR:     2019
                                          LATITUDE:   32 17 N
                                          LONGITUDE: 106 46 W

[TEMPERATURE DATA]      [PRECIPITATION DATA]       SYMBOLS USED IN COLUMN 16

AVERAGE MONTHLY: 59.6   TOTAL FOR MONTH:   0.03    1 = FOG OR MIST
DPTR FM NORMAL:     M   DPTR FM NORMAL:       M    2 = FOG REDUCING VISIBILITY
HIGHEST:    89 ON  9    GRTST 24HR  0.03 ON 17-17      TO 1/4 MILE OR LESS
LOWEST:     33 ON 14,13                            3 = THUNDER
                        SNOW, ICE PELLETS, HAIL    4 = ICE PELLETS
                        TOTAL MONTH:   0.0 INCH    5 = HAIL
                        GRTST 24HR     0.0         6 = FREEZING RAIN OR DRIZZLE
                        GRTST DEPTH:   0           7 = DUSTSTORM OR SANDSTORM:
                                                       VSBY 1/2 MILE OR LESS
                                                   8 = SMOKE OR HAZE
[NO. OF DAYS WITH]      [WEATHER - DAYS WITH]      9 = BLOWING SNOW
                                                   X = TORNADO
MAX 32 OR BELOW:   0    0.01 INCH OR MORE:   1
MAX 90 OR ABOVE:   0    0.10 INCH OR MORE:   0
MIN 32 OR BELOW:   0    0.50 INCH OR MORE:   0
MIN  0 OR BELOW:   0    1.00 INCH OR MORE:   0

[HDD (BASE 65) ]
TOTAL THIS MO.   105    CLEAR  (SCALE 0-3)  14
DPTR FM NORMAL     M    PTCLDY (SCALE 4-7)   4
TOTAL FM JUL 1  2588    CLOUDY (SCALE 8-10)  0
DPTR FM NORMAL     M

[CDD (BASE 65) ]
TOTAL THIS MO.    12
DPTR FM NORMAL     M    [PRESSURE DATA]
TOTAL FM JAN 1    21    HIGHEST SLP M ON M
DPTR FM NORMAL     M    LOWEST  SLP M ON M

[REMARKS]
