000
CXUS54 KEPZ 191200
CF6LRU
PRELIMINARY LOCAL CLIMATOLOGICAL DATA (WS FORM: F-6)

                                          STATION:   LAS CRUCES
                                          MONTH:     FEBRUARY
                                          YEAR:      2019
                                          LATITUDE:   32 17 N
                                          LONGITUDE: 106 46 W

  TEMPERATURE IN F:       :PCPN:    SNOW:  WIND      :SUNSHINE: SKY     :PK WND
================================================================================
1   2   3   4   5  6A  6B    7    8   9   10  11  12  13   14  15   16   17  18
                                     12Z  AVG MX 2MIN
DY MAX MIN AVG DEP HDD CDD  WTR  SNW DPTH SPD SPD DIR MIN PSBL S-S WX    SPD DR
================================================================================

 1  69  41  55   M  10   0    T  0.0    0  6.2 15 230   M    M   6        18 220
 2  66  35  51   M  14   0 0.00  0.0    0  7.8 17 240   M    M   1        23 240
 3  73  42  58   M   7   0 0.00  0.0    0 11.1 25 280   M    M   5        36 260
 4  71  43  57   M   8   0 0.00  0.0    0  9.2 21 250   M    M   4        30 250
 5  68  49  59   M   6   0    T  0.0    0 11.6 21 250   M    M   4        28 250
 6  64  37  51   M  14   0 0.00  0.0    0 16.0 29 270   M    M   5        41 230
 7  51  30  41   M  24   0 0.00  0.0    0  5.3 17 290   M    M   0        25 290
 8  58  23  41   M  24   0 0.00  0.0    0  7.0 10 120   M    M   0        20 130
 9  59  34  47   M  18   0 0.00  0.0    0  6.3 12 130   M    M   1        16 130
10  57  44  51   M  14   0    T  0.0    0  6.9 18 260   M    M   8        25 260
11  58  34  46   M  19   0 0.00  0.0    0 16.4 40 260   M    M   1 8      53 260
12  60  25  43   M  22   0 0.00  0.0    0  4.6 13 330   M    M   0         M  M
13  69  32  51   M  14   0 0.00  0.0    0  5.6 13 270   M    M   0         M  M
14  72  47  60   M   5   0 0.00  0.0    0  9.4 25 260   M    M   5        31 260
15  72  51  62   M   3   0 0.00  0.0    0 16.0 36 270   M    M   6        43 270
16  62  41  52   M  13   0 0.00  0.0    0 19.4 38 270   M    M   0        48 270
17  56  29  43   M  22   0 0.00  0.0    0 12.6 29 270   M    M   0        35 250
18  62  24  43   M  22   0 0.00  0.0    0  5.9 13 250   M    M   0        20 250
================================================================================
SM 1147  661       259   0    T      0.0 177.3          M       46
================================================================================
AV 63.7 36.7                               9.9 FASTST   M    M   3    MAX(MPH)
                                 MISC ---->  # 40 260               # 53  260
================================================================================
NOTES:
# LAST OF SEVERAL OCCURRENCES

COLUMN 17 PEAK WIND IN M.P.H.

PRELIMINARY LOCAL CLIMATOLOGICAL DATA (WS FORM: F-6) , PAGE 2

                                          STATION:  LAS CRUCES
                                          MONTH:    FEBRUARY
                                          YEAR:     2019
                                          LATITUDE:   32 17 N
                                          LONGITUDE: 106 46 W

[TEMPERATURE DATA]      [PRECIPITATION DATA]       SYMBOLS USED IN COLUMN 16

AVERAGE MONTHLY: 50.2   TOTAL FOR MONTH:      T    1 = FOG OR MIST
DPTR FM NORMAL:     M   DPTR FM NORMAL:       M    2 = FOG REDUCING VISIBILITY
HIGHEST:    73 ON  3    GRTST 24HR    T  ON 10-10      TO 1/4 MILE OR LESS
LOWEST:     23 ON  8                               3 = THUNDER
                        SNOW, ICE PELLETS, HAIL    4 = ICE PELLETS
                        TOTAL MONTH:   0.0 INCH    5 = HAIL
                        GRTST 24HR     0.0         6 = FREEZING RAIN OR DRIZZLE
                        GRTST DEPTH:   0           7 = DUSTSTORM OR SANDSTORM:
                                                       VSBY 1/2 MILE OR LESS
                                                   8 = SMOKE OR HAZE
[NO. OF DAYS WITH]      [WEATHER - DAYS WITH]      9 = BLOWING SNOW
                                                   X = TORNADO
MAX 32 OR BELOW:   0    0.01 INCH OR MORE:   0
MAX 90 OR ABOVE:   0    0.10 INCH OR MORE:   0
MIN 32 OR BELOW:   6    0.50 INCH OR MORE:   0
MIN  0 OR BELOW:   0    1.00 INCH OR MORE:   0

[HDD (BASE 65) ]
TOTAL THIS MO.   259    CLEAR  (SCALE 0-3)  10
DPTR FM NORMAL     M    PTCLDY (SCALE 4-7)   8
TOTAL FM JUL 1  2044    CLOUDY (SCALE 8-10)  0
DPTR FM NORMAL     M

[CDD (BASE 65) ]
TOTAL THIS MO.     0
DPTR FM NORMAL     M    [PRESSURE DATA]
TOTAL FM JAN 1     0    HIGHEST SLP M ON M
DPTR FM NORMAL     M    LOWEST  SLP M ON M

[REMARKS]
