000
CXUS56 KMTR 201000
CF6LVK
PRELIMINARY LOCAL CLIMATOLOGICAL DATA (WS FORM: F-6)

                                          STATION:   LIVERMORE AIRPORT
                                          MONTH:     APRIL
                                          YEAR:      2019
                                          LATITUDE:   37 42 N
                                          LONGITUDE: 121 49 W

  TEMPERATURE IN F:       :PCPN:    SNOW:  WIND      :SUNSHINE: SKY     :PK WND
================================================================================
1   2   3   4   5  6A  6B    7    8   9   10  11  12  13   14  15   16   17  18
                                     12Z  AVG MX 2MIN
DY MAX MIN AVG DEP HDD CDD  WTR  SNW DPTH SPD SPD DIR MIN PSBL S-S WX    SPD DR
================================================================================

 1  65  47  56   2   9   0 0.09    M    0  2.8 10  80   M    M   6 1      13  70
 2  62  49  56   2   9   0 0.06    M    0  7.4 22 260   M    M   8 12     26 270
 3  63  52  58   4   7   0 0.08  0.0    0  4.3 12 290   M    M   6 1      14 300
 4  63  49  56   2   9   0 0.00  0.0    0  6.8 16 220   M    M   8        21 220
 5  63  47  55   0  10   0 0.06  0.0    0  3.9 13 290   M    M   6 1      15 280
 6  69  49  59   4   6   0 0.00  0.0    0  5.9 17 230   M    M   5        22 220
 7  75  53  64   9   1   0 0.00  0.0    0  5.1 15 280   M    M   2        18 280
 8  72  52  62   7   3   0 0.01  0.0    0  6.8 20 260   M    M   4 18     24 260
 9  67  48  58   3   7   0 0.00  0.0    0  9.5 16 300   M    M   2        23 320
10  71  42  57   2   8   0 0.00  0.0    0  5.8 17 250   M    M   0        24 360
11  64  43  54  -2  11   0 0.00  0.0    0  6.0 21 260   M    M   1        24 260
12  72  41  57   1   8   0 0.00  0.0    0  3.8 15 260   M    M   0        18 290
13  78  43  61   5   4   0 0.00  0.0    0  4.2 15 260   M    M   0        19 260
14  67  47  57   1   8   0 0.00    M    0  8.2 18 290   M    M   0 8      24 280
15  62  47  55  -1  10   0 0.03    M    0  7.3 16 270   M    M   6 18     20 280
16  66  46  56  -1   9   0 0.01  0.0    0  6.4 15 270   M    M   5 1      18 270
17  76  43  60   3   5   0 0.00  0.0    0  3.7 13 250   M    M   0        16 240
18  80  46  63   6   2   0 0.00  0.0    0  4.5 16  60   M    M   0        21  60
19  82  51  67  10   0   2 0.00  0.0    0  6.1 20 280   M    M   0        24 280
================================================================================
SM 1317  895       126   2  0.34     0.0 108.5          M       59
================================================================================
AV 69.3 47.1                               5.7 FASTST   M    M   3    MAX(MPH)
                                 MISC ---->  # 22 260               # 26  270
================================================================================
NOTES:
# LAST OF SEVERAL OCCURRENCES

COLUMN 17 PEAK WIND IN M.P.H.

PRELIMINARY LOCAL CLIMATOLOGICAL DATA (WS FORM: F-6) , PAGE 2

                                          STATION:  LIVERMORE AIRPORT
                                          MONTH:    APRIL
                                          YEAR:     2019
                                          LATITUDE:   37 42 N
                                          LONGITUDE: 121 49 W

[TEMPERATURE DATA]      [PRECIPITATION DATA]       SYMBOLS USED IN COLUMN 16

AVERAGE MONTHLY: 58.2   TOTAL FOR MONTH:   0.34    1 = FOG OR MIST
DPTR FM NORMAL:   2.7   DPTR FM NORMAL:   -0.38    2 = FOG REDUCING VISIBILITY
HIGHEST:    82 ON 19    GRTST 24HR  0.09 ON  1- 1      TO 1/4 MILE OR LESS
LOWEST:     41 ON 12                               3 = THUNDER
                        SNOW, ICE PELLETS, HAIL    4 = ICE PELLETS
                        TOTAL MONTH:   0.0 INCH    5 = HAIL
                        GRTST 24HR     0.0         6 = FREEZING RAIN OR DRIZZLE
                        GRTST DEPTH:   0           7 = DUSTSTORM OR SANDSTORM:
                                                       VSBY 1/2 MILE OR LESS
                                                   8 = SMOKE OR HAZE
[NO. OF DAYS WITH]      [WEATHER - DAYS WITH]      9 = BLOWING SNOW
                                                   X = TORNADO
MAX 32 OR BELOW:   0    0.01 INCH OR MORE:   7
MAX 90 OR ABOVE:   0    0.10 INCH OR MORE:   0
MIN 32 OR BELOW:   0    0.50 INCH OR MORE:   0
MIN  0 OR BELOW:   0    1.00 INCH OR MORE:   0

[HDD (BASE 65) ]
TOTAL THIS MO.   126    CLEAR  (SCALE 0-3)  10
DPTR FM NORMAL   -57    PTCLDY (SCALE 4-7)   9
TOTAL FM JUL 1  2313    CLOUDY (SCALE 8-10)  0
DPTR FM NORMAL  -234

[CDD (BASE 65) ]
TOTAL THIS MO.     2
DPTR FM NORMAL     2    [PRESSURE DATA]
TOTAL FM JAN 1     2    HIGHEST SLP M ON M
DPTR FM NORMAL     1    LOWEST  SLP 29.85 ON  2

[REMARKS]
