000
CXUS56 KMTR 161000
CF6LVK
PRELIMINARY LOCAL CLIMATOLOGICAL DATA (WS FORM: F-6)

                                          STATION:   LIVERMORE AIRPORT
                                          MONTH:     JUNE
                                          YEAR:      2019
                                          LATITUDE:   37 42 N
                                          LONGITUDE: 121 49 W

  TEMPERATURE IN F:       :PCPN:    SNOW:  WIND      :SUNSHINE: SKY     :PK WND
================================================================================
1   2   3   4   5  6A  6B    7    8   9   10  11  12  13   14  15   16   17  18
                                     12Z  AVG MX 2MIN
DY MAX MIN AVG DEP HDD CDD  WTR  SNW DPTH SPD SPD DIR MIN PSBL S-S WX    SPD DR
================================================================================

 1  86  54  70   5   0   5 0.00  0.0    0  6.7 17 310   M    M   0 18     21 310
 2  79  54  67   2   0   2 0.00  0.0    0  9.1 20 290   M    M   2 1      24 280
 3  86  54  70   5   0   5 0.00  0.0    0  5.9 18 290   M    M   3 8      23 290
 4  94  58  76  11   0  11 0.00  0.0    0  3.7 15 270   M    M   0 8      17 270
 5  94  58  76  11   0  11 0.00  0.0    0  6.3 17 290   M    M   0 8      22 290
 6  73  50  62  -4   3   0 0.00  0.0    0 11.3 23 240   M    M   0        29 230
 7  79  47  63  -3   2   0 0.00  0.0    0  5.8 17 280   M    M   0 18     20 280
 8  86  49  68   2   0   3 0.00  0.0    0  6.2 17 340   M    M   0        25 350
 9  93  55  74   8   0   9 0.00  0.0    0  5.0 16  80   M    M   0 8      20  90
10 102  64  83  17   0  18 0.00  0.0    0  5.5 15  70   M    M   0        19  40
11 104  64  84  18   0  19 0.00  0.0    0  3.6 16 270   M    M   0        19 280
12  98  61  80  13   0  15 0.00  0.0    0  7.2 20 280   M    M   0        23 290
13  82  56  69   2   0   4 0.00  0.0    0 10.5 20 290   M    M   1 1      22 280
14  79  53  66  -1   0   1 0.00  0.0    0 11.9 20 290   M    M   3 8      24 300
15  72  52  62  -5   3   0 0.00  0.0    0 12.5 22 280   M    M   4        26 290
================================================================================
SM 1307  829         8 103  0.00     0.0 111.2          M       13
================================================================================
AV 87.1 55.3                               7.4 FASTST   M    M   1    MAX(MPH)
                                 MISC ---->  # 23 240               # 29  230
================================================================================
NOTES:
# LAST OF SEVERAL OCCURRENCES

COLUMN 17 PEAK WIND IN M.P.H.

PRELIMINARY LOCAL CLIMATOLOGICAL DATA (WS FORM: F-6) , PAGE 2

                                          STATION:  LIVERMORE AIRPORT
                                          MONTH:    JUNE
                                          YEAR:     2019
                                          LATITUDE:   37 42 N
                                          LONGITUDE: 121 49 W

[TEMPERATURE DATA]      [PRECIPITATION DATA]       SYMBOLS USED IN COLUMN 16

AVERAGE MONTHLY: 71.2   TOTAL FOR MONTH:   0.00    1 = FOG OR MIST
DPTR FM NORMAL:   5.3   DPTR FM NORMAL:   -0.03    2 = FOG REDUCING VISIBILITY
HIGHEST:   104 ON 11    GRTST 24HR  0.00 ON 15-15      TO 1/4 MILE OR LESS
LOWEST:     47 ON  7                               3 = THUNDER
                        SNOW, ICE PELLETS, HAIL    4 = ICE PELLETS
                        TOTAL MONTH:   0.0 INCH    5 = HAIL
                        GRTST 24HR     0.0         6 = FREEZING RAIN OR DRIZZLE
                        GRTST DEPTH:   0           7 = DUSTSTORM OR SANDSTORM:
                                                       VSBY 1/2 MILE OR LESS
                                                   8 = SMOKE OR HAZE
[NO. OF DAYS WITH]      [WEATHER - DAYS WITH]      9 = BLOWING SNOW
                                                   X = TORNADO
MAX 32 OR BELOW:   0    0.01 INCH OR MORE:   0
MAX 90 OR ABOVE:   6    0.10 INCH OR MORE:   0
MIN 32 OR BELOW:   0    0.50 INCH OR MORE:   0
MIN  0 OR BELOW:   0    1.00 INCH OR MORE:   0

[HDD (BASE 65) ]
TOTAL THIS MO.     8    CLEAR  (SCALE 0-3)  13
DPTR FM NORMAL   -14    PTCLDY (SCALE 4-7)   2
TOTAL FM JUL 1  2493    CLOUDY (SCALE 8-10)  0
DPTR FM NORMAL  -277

[CDD (BASE 65) ]
TOTAL THIS MO.   103
DPTR FM NORMAL    67    [PRESSURE DATA]
TOTAL FM JAN 1   130    HIGHEST SLP M ON M
DPTR FM NORMAL    41    LOWEST  SLP 29.77 ON  1

[REMARKS]
