000
CXUS56 KMFR 261000
CF6MFR
PRELIMINARY LOCAL CLIMATOLOGICAL DATA (WS FORM: F-6)

                                          STATION:   MEDFORD OR
                                          MONTH:     MAY
                                          YEAR:      2018
                                          LATITUDE:   42 22 N
                                          LONGITUDE: 122 52 W

  TEMPERATURE IN F:       :PCPN:    SNOW:  WIND      :SUNSHINE: SKY     :PK WND
================================================================================
1   2   3   4   5  6A  6B    7    8   9   10  11  12  13   14  15   16   17  18
                                     12Z  AVG MX 2MIN
DY MAX MIN AVG DEP HDD CDD  WTR  SNW DPTH SPD SPD DIR MIN PSBL S-S WX    SPD DR
================================================================================

 1  64  39  52  -4  13   0 0.00  0.0    0  3.9 14 320   M    M   5 8      22 330
 2  77  37  57   1   8   0 0.00  0.0    0  3.0  8 180   M    M   0 8      12 350
 3  82  45  64   7   1   0 0.00  0.0    0  3.6 15 320   M    M   0 8      19 300
 4  82  49  66   9   0   1 0.00  0.0    0  4.5 14 300   M    M   0 8      17 280
 5  79  53  66   9   0   1 0.00  0.0    0  2.8 10 290   M    M   1 8      13 280
 6  80  53  67  10   0   2 0.03  0.0    0  5.8 18 300   M    M   3 13     22 290
 7  82  48  65   7   0   0 0.00  0.0    0  3.9 13 310   M    M   0        16 330
 8  80  52  66   8   0   1 0.01  0.0    0  5.7 24 300   M    M   3        30 300
 9  75  56  66   8   0   1 0.00  0.0    0  7.2 17 290   M    M   4        21 310
10  66  51  59   1   6   0 0.00  0.0    0  7.1 17 350   M    M   7 8      22 320
11  66  45  56  -3   9   0 0.00  0.0    0  6.4 16 300   M    M   5 8      21 310
12  79  41  60   1   5   0 0.00  0.0    0  3.5 14 360   M    M   1        20 290
13  86  47  67   8   0   2 0.00  0.0    0  2.6 13 360   M    M   1 8      16 360
14  89  52  71  12   0   6 0.00  0.0    0  4.1 13  20   M    M   1 8      16 360
15  85  56  71  11   0   6 0.29  0.0    0  7.3 24 220   M    M   4 13     34 220
16  62  57  60   0   5   0 0.22  0.0    0  4.1 10  30   M    M  10 1      11 310
17  77  54  66   6   0   1 0.00  0.0    0  4.5 12 310   M    M   4         M  M
18  81  48  65   5   0   0 0.00  0.0    0  4.8 12  30   M    M   0        20 310
19  81  48  65   5   0   0 0.00  0.0    0  5.3 16 360   M    M   2        16 340
20  72  54  63   2   2   0 0.00  0.0    0  6.9 14 290   M    M   4        20 280
21  82  47  65   4   0   0 0.00  0.0    0  4.7 15 340   M    M   2        20 330
22  90  51  71  10   0   6 0.00  0.0    0  3.4 16  10   M    M   1        19  10
23  85  57  71  10   0   6 0.05  0.0    0  4.3 25 130   M    M   6 38     31 160
24  84  59  72  10   0   7 0.08  0.0    0  5.4 23  40   M    M   6 3      27  40
25  63  53  58  -4   7   0 0.06  0.0    0  6.4 13 290   M    M   8 1      17 300
================================================================================
SM 1949 1252        56  40  0.74     0.0 121.2          M       78
================================================================================
AV 78.0 50.1                               4.8 FASTST   M    M   3    MAX(MPH)
                                 MISC ---->  # 25 130               # 34  220
================================================================================
NOTES:
# LAST OF SEVERAL OCCURRENCES

COLUMN 17 PEAK WIND IN M.P.H.

PRELIMINARY LOCAL CLIMATOLOGICAL DATA (WS FORM: F-6) , PAGE 2

                                          STATION:  MEDFORD OR
                                          MONTH:    MAY
                                          YEAR:     2018
                                          LATITUDE:   42 22 N
                                          LONGITUDE: 122 52 W

[TEMPERATURE DATA]      [PRECIPITATION DATA]       SYMBOLS USED IN COLUMN 16

AVERAGE MONTHLY: 64.0   TOTAL FOR MONTH:   0.74    1 = FOG OR MIST
DPTR FM NORMAL:   5.0   DPTR FM NORMAL:   -0.33    2 = FOG REDUCING VISIBILITY
HIGHEST:    90 ON 22    GRTST 24HR  0.29 ON 15-15      TO 1/4 MILE OR LESS
LOWEST:     37 ON  2                               3 = THUNDER
                        SNOW, ICE PELLETS, HAIL    4 = ICE PELLETS
                        TOTAL MONTH:   0.0 INCH    5 = HAIL
                        GRTST 24HR     0.0         6 = FREEZING RAIN OR DRIZZLE
                        GRTST DEPTH:   0           7 = DUSTSTORM OR SANDSTORM:
                                                       VSBY 1/2 MILE OR LESS
                                                   8 = SMOKE OR HAZE
[NO. OF DAYS WITH]      [WEATHER - DAYS WITH]      9 = BLOWING SNOW
                                                   X = TORNADO
MAX 32 OR BELOW:   0    0.01 INCH OR MORE:   7
MAX 90 OR ABOVE:   1    0.10 INCH OR MORE:   2
MIN 32 OR BELOW:   0    0.50 INCH OR MORE:   0
MIN  0 OR BELOW:   0    1.00 INCH OR MORE:   0

[HDD (BASE 65) ]
TOTAL THIS MO.    56    CLEAR  (SCALE 0-3)  13
DPTR FM NORMAL  -116    PTCLDY (SCALE 4-7)  10
TOTAL FM JUL 1  4059    CLOUDY (SCALE 8-10)  2
DPTR FM NORMAL  -112

[CDD (BASE 65) ]
TOTAL THIS MO.    40
DPTR FM NORMAL    14    [PRESSURE DATA]
TOTAL FM JAN 1    48    HIGHEST SLP M ON M
DPTR FM NORMAL    19    LOWEST  SLP 29.73 ON 22

[REMARKS]
