000
CXUS53 KMPX 221000
CF6MKT
PRELIMINARY LOCAL CLIMATOLOGICAL DATA (WS FORM: F-6)

                                          STATION:   MANKATO MN
                                          MONTH:     AUGUST
                                          YEAR:      2019
                                          LATITUDE:   44 13 N
                                          LONGITUDE:  93 55 W

  TEMPERATURE IN F:       :PCPN:    SNOW:  WIND      :SUNSHINE: SKY     :PK WND
================================================================================
1   2   3   4   5  6A  6B    7    8   9   10  11  12  13   14  15   16   17  18
                                     12Z  AVG MX 2MIN
DY MAX MIN AVG DEP HDD CDD  WTR  SNW DPTH SPD SPD DIR MIN PSBL S-S WX    SPD DR
================================================================================

 1  82  59  71  -1   0   6 0.00    M    M  6.3 10 140   M    M   1         M  M
 2  81  63  72   0   0   7 0.00    M    M  5.1  9 150   M    M   0         M  M
 3  83  67  75   3   0  10 0.00    M    M  3.1  6 180   M    M   0         M  M
 4  85  64  75   3   0  10 0.00    M    M  5.0 10 230   M    M   2         M  M
 5  87  68  78   6   0  13    T    M    M  6.9 13 230   M    M   2 3      17 230
 6  84  61  73   2   0   8 0.00    M    M  6.6 12 280   M    M   1         M  M
 7  84  66  75   4   0  10 0.00    M    M  9.2 15 300   M    M   1        20 300
 8  76  54  65  -6   0   0 0.00    M    M  8.0 15 280   M    M   0        21 310
 9  76  52  64  -7   1   0    T    M    M  3.2  7 220   M    M   1 1       M  M
10  78  62  70  -1   0   5 0.31    M    M  7.6 14 150   M    M   9        20 150
11  72  63  68  -3   0   3 0.00    M    M  5.1 10 350   M    M   9 1       M  M
12  80  64  72   1   0   7 0.01    M    M  5.1  9  90   M    M   7 12      M  M
13  80  63  72   1   0   7 0.01    M    M  7.7 22 300   M    M   5 123    32 290
14  75  63  69  -1   0   4 0.02    M    M  6.8 13 280   M    M   8 1       M  M
15  78  60  69  -1   0   4 0.05    M    M  5.3  9 170   M    M   6 1       M  M
16  79  62  71   1   0   6 0.00    M    M  8.8 14 270   M    M   4         M  M
17  81  59  70   0   0   5 0.06    M    M  8.1 13 160   M    M   1 13     18 160
18  72  56  64  -6   1   0 0.28    M    M 11.1 32 350   M    M   5 13     41 320
19  79  52  66  -4   0   1    M    M    M  5.2 10 190   M    M   0 1       M  M
20  83  64  74   4   0   9 0.40    M    M  7.9 13 220   M    M   4 13      M  M
21  74  56  65  -4   0   0 0.00    M    M  5.8 12  10   M    M   1         M  M
================================================================================
SM 1669 1278         2 115  1.14    M    137.9          M       67
================================================================================
AV 79.5 60.9                               6.6 FASTST   M    M   3    MAX(MPH)
                                 MISC ---->  # 32 350               # 41  320
================================================================================
NOTES:
# LAST OF SEVERAL OCCURRENCES

COLUMN 17 PEAK WIND IN M.P.H.

PRELIMINARY LOCAL CLIMATOLOGICAL DATA (WS FORM: F-6) , PAGE 2

                                          STATION:  MANKATO MN
                                          MONTH:    AUGUST
                                          YEAR:     2019
                                          LATITUDE:   44 13 N
                                          LONGITUDE:  93 55 W

[TEMPERATURE DATA]      [PRECIPITATION DATA]       SYMBOLS USED IN COLUMN 16

AVERAGE MONTHLY: 70.2   TOTAL FOR MONTH:   1.14    1 = FOG OR MIST
DPTR FM NORMAL:  -0.6   DPTR FM NORMAL:   -1.81    2 = FOG REDUCING VISIBILITY
HIGHEST:    87 ON  5    GRTST 24HR  0.40 ON 20-20      TO 1/4 MILE OR LESS
LOWEST:     52 ON 19, 9                            3 = THUNDER
                        SNOW, ICE PELLETS, HAIL    4 = ICE PELLETS
                        TOTAL MONTH:    M          5 = HAIL
                        GRTST 24HR    M  ON   M    6 = FREEZING RAIN OR DRIZZLE
                        GRTST DEPTH:  M  ON   M    7 = DUSTSTORM OR SANDSTORM:
                                                       VSBY 1/2 MILE OR LESS
                                                   8 = SMOKE OR HAZE
[NO. OF DAYS WITH]      [WEATHER - DAYS WITH]      9 = BLOWING SNOW
                                                   X = TORNADO
MAX 32 OR BELOW:   0    0.01 INCH OR MORE:   8
MAX 90 OR ABOVE:   0    0.10 INCH OR MORE:   3
MIN 32 OR BELOW:   0    0.50 INCH OR MORE:   0
MIN  0 OR BELOW:   0    1.00 INCH OR MORE:   0

[HDD (BASE 65) ]
TOTAL THIS MO.     2    CLEAR  (SCALE 0-3)  12
DPTR FM NORMAL    -8    PTCLDY (SCALE 4-7)   7
TOTAL FM JUL 1     2    CLOUDY (SCALE 8-10)  2
DPTR FM NORMAL   -16

[CDD (BASE 65) ]
TOTAL THIS MO.   115
DPTR FM NORMAL   -17    [PRESSURE DATA]
TOTAL FM JAN 1   523    HIGHEST SLP M ON M
DPTR FM NORMAL   -25    LOWEST  SLP M ON M

[REMARKS]
