000
CXUS51 KCAR 230600
CF6MLT
PRELIMINARY LOCAL CLIMATOLOGICAL DATA (WS FORM: F-6)

                                          STATION:   MILLINOCKET ME
                                          MONTH:     APRIL
                                          YEAR:      2019
                                          LATITUDE:   45 39 N
                                          LONGITUDE:  68 41 W

  TEMPERATURE IN F:       :PCPN:    SNOW:  WIND      :SUNSHINE: SKY     :PK WND
================================================================================
1   2   3   4   5  6A  6B    7    8   9   10  11  12  13   14  15   16   17  18
                                     12Z  AVG MX 2MIN
DY MAX MIN AVG DEP HDD CDD  WTR  SNW DPTH SPD SPD DIR MIN PSBL S-S WX    SPD DR
================================================================================

 1  33  28  31  -3  34   0 0.00    M    M 14.1 26 300   M    M   4        37 320
 2  46  18  32  -2  33   0 0.00    M    M  4.8 14 180   M    M   0        23 190
 3  44  31  38   3  27   0 0.22    M    M  6.4 23 270   M    M   6 1      38 270
 4  35  27  31  -4  34   0 0.00    M    M 18.4 31 300   M    M   1        48 310
 5  43  21  32  -4  33   0    T    M    M  7.6 29 290   M    M   1        44 290
 6  46  31  39   3  26   0 0.06    M    M  5.3 20 310   M    M   8 1      28 310
 7  49  28  39   2  26   0 0.00    M    M  7.2 21 300   M    M   2        29 290
 8  30  24  27 -10  38   0 0.50    M    M  8.1 14  80   M    M  10 12     21  90
 9  30  25  28 -10  37   0 0.43    M    M  5.8 12  90   M    M  10 12     15  50
10  36  28  32  -6  33   0 0.11    M    M  5.8 12 310   M    M   8 18     16 300
11  49  30  40   1  25   0 0.00    M    M  9.2 16 300   M    M   3        22 300
12  53  26  40   1  25   0 0.00    M    M  3.2 10 170   M    M   4        15 180
13  66  37  52  12  13   0    T    M    M  4.5 10 270   M    M   4 1      18 240
14  55  35  45   5  20   0 0.38    M    M  4.9 16 300   M    M   4 1      24 310
15  44  37  41   0  24   0 0.57    M    M  6.9 20 290   M    M  10 12     29 280
16  46  34  40  -1  25   0 0.01    M    M 14.2 28 320   M    M   9        39 310
17  56  29  43   1  22   0 0.00    M    M  8.1 18 350   M    M   1        24 300
18  52  25  39  -3  26   0 0.09    M    M  4.3 15 160   M    M   5 1      26 180
19  58  41  50   7  15   0 0.23    M    M  3.8 12  40   M    M  10 1      22 260
20  44  40  42  -1  23   0 0.79    M    M  5.9 12  70   M    M  10 1      19  30
21  60  40  50   6  15   0 0.04    M    M  1.9  8 150   M    M  10 12     15 180
22  61  45  53   9  12   0 0.00    M    M  6.7 14  30   M    M   6 12     17  30
================================================================================
SM 1036  680       566   0  3.43    M    157.1          M      126
================================================================================
AV 47.1 30.9                               7.1 FASTST   M    M   6    MAX(MPH)
                                 MISC ---->  # 31 300               # 48  310
================================================================================
NOTES:
# LAST OF SEVERAL OCCURRENCES

COLUMN 17 PEAK WIND IN M.P.H.

PRELIMINARY LOCAL CLIMATOLOGICAL DATA (WS FORM: F-6) , PAGE 2

                                          STATION:  MILLINOCKET ME
                                          MONTH:    APRIL
                                          YEAR:     2019
                                          LATITUDE:   45 39 N
                                          LONGITUDE:  68 41 W

[TEMPERATURE DATA]      [PRECIPITATION DATA]       SYMBOLS USED IN COLUMN 16

AVERAGE MONTHLY: 39.0   TOTAL FOR MONTH:   3.43    1 = FOG OR MIST
DPTR FM NORMAL:   0.0   DPTR FM NORMAL:    0.75    2 = FOG REDUCING VISIBILITY
HIGHEST:    66 ON 13    GRTST 24HR  0.79 ON 20-20      TO 1/4 MILE OR LESS
LOWEST:     18 ON  2                               3 = THUNDER
                        SNOW, ICE PELLETS, HAIL    4 = ICE PELLETS
                        TOTAL MONTH:    M          5 = HAIL
                        GRTST 24HR    M  ON   M    6 = FREEZING RAIN OR DRIZZLE
                        GRTST DEPTH:  M  ON   M    7 = DUSTSTORM OR SANDSTORM:
                                                       VSBY 1/2 MILE OR LESS
                                                   8 = SMOKE OR HAZE
[NO. OF DAYS WITH]      [WEATHER - DAYS WITH]      9 = BLOWING SNOW
                                                   X = TORNADO
MAX 32 OR BELOW:   2    0.01 INCH OR MORE:  12
MAX 90 OR ABOVE:   0    0.10 INCH OR MORE:   8
MIN 32 OR BELOW:  14    0.50 INCH OR MORE:   3
MIN  0 OR BELOW:   0    1.00 INCH OR MORE:   0

[HDD (BASE 65) ]
TOTAL THIS MO.   566    CLEAR  (SCALE 0-3)   5
DPTR FM NORMAL    -6    PTCLDY (SCALE 4-7)   8
TOTAL FM JUL 1  8102    CLOUDY (SCALE 8-10)  9
DPTR FM NORMAL   331

[CDD (BASE 65) ]
TOTAL THIS MO.     0
DPTR FM NORMAL     0    [PRESSURE DATA]
TOTAL FM JAN 1     0    HIGHEST SLP M ON M
DPTR FM NORMAL     0    LOWEST  SLP 29.13 ON 15

[REMARKS]
