000
CXUS51 KCAR 160600
CF6MLT
PRELIMINARY LOCAL CLIMATOLOGICAL DATA (WS FORM: F-6)

                                          STATION:   MILLINOCKET ME
                                          MONTH:     FEBRUARY
                                          YEAR:      2019
                                          LATITUDE:   45 39 N
                                          LONGITUDE:  68 41 W

  TEMPERATURE IN F:       :PCPN:    SNOW:  WIND      :SUNSHINE: SKY     :PK WND
================================================================================
1   2   3   4   5  6A  6B    7    8   9   10  11  12  13   14  15   16   17  18
                                     12Z  AVG MX 2MIN
DY MAX MIN AVG DEP HDD CDD  WTR  SNW DPTH SPD SPD DIR MIN PSBL S-S WX    SPD DR
================================================================================

 1  14  -2   6  -8  59   0    T    M    M  9.2 18 260   M    M   3 8      30 250
 2  17   3  10  -4  55   0    T    M    M  5.9 16 290   M    M   5 8      23 280
 3  22  -2  10  -5  55   0    T    M    M  2.0 10 300   M    M   5 1      13 320
 4  36  19  28  13  37   0    T    M    M  0.8  7 200   M    M   9 1       9 190
 5  51  27  39  24  26   0    T    M    M  5.8 20 300   M    M   8 12     35 270
 6  28  15  22   6  43   0    T    M    M  5.7 16 310   M    M   4 1      20 290
 7  31  22  27  11  38   0 0.08    M    M  3.5  9 120   M    M  10 16     13 130
 8  37  23  30  14  35   0 0.08    M    M  6.8 25 290   M    M   8 126    48 270
 9  23  11  17   1  48   0    T    M    M 17.5 33 300   M    M   5 8      46 310
10  20   3  12  -5  53   0 0.00    M    M 11.5 24 310   M    M   0 8      37 300
11  17   4  11  -6  54   0 0.00    M    M 10.3 22 300   M    M   0        30 300
12  23  -2  11  -6  54   0    T    M    M  4.9 10  60   M    M   2 8      13  60
13  23   3  13  -5  52   0 0.77    M    M  8.5 18  70   M    M   8 128    28  90
14  28   5  17  -1  48   0    T    M    M  4.4 17 300   M    M   7 18     25 300
15  35  -3  16  -2  49   0 0.40    M    M  2.4 12 280   M    M   7 128    15 280
================================================================================
SM  405  126       706   0  1.33    M     99.2          M       81
================================================================================
AV 27.0  8.4                               6.6 FASTST   M    M   5    MAX(MPH)
                                 MISC ---->  # 33 300               # 48  270
================================================================================
NOTES:
# LAST OF SEVERAL OCCURRENCES

COLUMN 17 PEAK WIND IN M.P.H.

PRELIMINARY LOCAL CLIMATOLOGICAL DATA (WS FORM: F-6) , PAGE 2

                                          STATION:  MILLINOCKET ME
                                          MONTH:    FEBRUARY
                                          YEAR:     2019
                                          LATITUDE:   45 39 N
                                          LONGITUDE:  68 41 W

[TEMPERATURE DATA]      [PRECIPITATION DATA]       SYMBOLS USED IN COLUMN 16

AVERAGE MONTHLY: 17.7   TOTAL FOR MONTH:   1.33    1 = FOG OR MIST
DPTR FM NORMAL:   1.6   DPTR FM NORMAL:    0.36    2 = FOG REDUCING VISIBILITY
HIGHEST:    51 ON  5    GRTST 24HR  0.77 ON 13-13      TO 1/4 MILE OR LESS
LOWEST:     -3 ON 15                               3 = THUNDER
                        SNOW, ICE PELLETS, HAIL    4 = ICE PELLETS
                        TOTAL MONTH:    M          5 = HAIL
                        GRTST 24HR    M  ON   M    6 = FREEZING RAIN OR DRIZZLE
                        GRTST DEPTH:  M  ON   M    7 = DUSTSTORM OR SANDSTORM:
                                                       VSBY 1/2 MILE OR LESS
                                                   8 = SMOKE OR HAZE
[NO. OF DAYS WITH]      [WEATHER - DAYS WITH]      9 = BLOWING SNOW
                                                   X = TORNADO
MAX 32 OR BELOW:  11    0.01 INCH OR MORE:   4
MAX 90 OR ABOVE:   0    0.10 INCH OR MORE:   2
MIN 32 OR BELOW:  15    0.50 INCH OR MORE:   1
MIN  0 OR BELOW:   4    1.00 INCH OR MORE:   0

[HDD (BASE 65) ]
TOTAL THIS MO.   706    CLEAR  (SCALE 0-3)   4
DPTR FM NORMAL   -26    PTCLDY (SCALE 4-7)   7
TOTAL FM JUL 1  5660    CLOUDY (SCALE 8-10)  4
DPTR FM NORMAL   182

[CDD (BASE 65) ]
TOTAL THIS MO.     0
DPTR FM NORMAL     0    [PRESSURE DATA]
TOTAL FM JAN 1     0    HIGHEST SLP M ON M
DPTR FM NORMAL     0    LOWEST  SLP 29.46 ON  8

[REMARKS]
