000
CXUS56 KMTR 241000
CF6NUQ
PRELIMINARY LOCAL CLIMATOLOGICAL DATA (WS FORM: F-6)

                                          STATION:   MOFFETT FIELD
                                          MONTH:     APRIL
                                          YEAR:      2019
                                          LATITUDE:   37 25 N
                                          LONGITUDE: 122  3 W

  TEMPERATURE IN F:       :PCPN:    SNOW:  WIND      :SUNSHINE: SKY     :PK WND
================================================================================
1   2   3   4   5  6A  6B    7    8   9   10  11  12  13   14  15   16   17  18
                                     12Z  AVG MX 2MIN
DY MAX MIN AVG DEP HDD CDD  WTR  SNW DPTH SPD SPD DIR MIN PSBL S-S WX    SPD DR
================================================================================

 1  64  50  57   0   8   0 0.03  0.0    0  4.6 12 130   M    M   5        15 340
 2  65  53  59   2   6   0 0.04  0.0    0  5.1 18 270   M    M   9 18     24 250
 3  62  53  58   0   7   0    T  0.0    0  3.4  9 350   M    M   8        12 360
 4  64  54  59   1   6   0 0.00  0.0    0  5.8 16 130   M    M   7        23 140
 5  64  51  58   0   7   0 0.08  0.0    0  5.0 16 130   M    M   7        20 140
 6  70  52  61   3   4   0 0.00  0.0    0  5.1 13 200   M    M   5        19 150
 7  72  54  63   5   2   0 0.00  0.0    0  7.1 20 350   M    M   1        21 350
 8  74  57  66   8   0   1 0.00  0.0    0  5.3 15 290   M    M   5        20 280
 9  66  53  60   2   5   0 0.00  0.0    0 10.3 20 340   M    M   2        28 310
10  70  49  60   2   5   0 0.00  0.0    0  7.6 17 330   M    M   0        23 340
11  64  49  57  -1   8   0 0.00  0.0    0  6.6 20 290   M    M   0        29 320
12  72  50  61   2   4   0 0.00  0.0    0  7.6 16 350   M    M   0        20 350
13  76  48  62   3   3   0 0.00  0.0    0  6.0 21 350   M    M   0        23 350
14  66  50  58  -1   7   0 0.00  0.0    0  7.0 23 350   M    M   2        28 350
15  64  50  57  -2   8   0 0.09  0.0    0  5.9 16 350   M    M   5 1      19 360
16  67  51  59   0   6   0 0.01  0.0    0  6.6 17 350   M    M   3 1      21 360
17  73  48  61   2   4   0 0.00  0.0    0  5.7 15 350   M    M   0        18 340
18  83  51  67   8   0   2 0.00  0.0    0  4.0 13 350   M    M   0        15 350
19  73  53  63   3   2   0 0.00  0.0    0  6.5 18 350   M    M   0        22 350
20  64  52  58  -2   7   0 0.00  0.0    0  7.7 21 270   M    M   7        29 270
21  69  47  58  -2   7   0 0.00  0.0    0  6.7 21 350   M    M   0        23 350
22  83  48  66   6   0   1 0.00  0.0    0  4.4 17 350   M    M   0 18     20 320
23  89  54  72  12   0   7 0.00  0.0    0  3.5 13 350   M    M   0        15 320
================================================================================
SM 1614 1177       106  11  0.25     0.0 137.5          M       66
================================================================================
AV 70.2 51.2                               6.0 FASTST   M    M   3    MAX(MPH)
                                 MISC ---->  # 23 350               # 29  320
================================================================================
NOTES:
# LAST OF SEVERAL OCCURRENCES

COLUMN 17 PEAK WIND IN M.P.H.

PRELIMINARY LOCAL CLIMATOLOGICAL DATA (WS FORM: F-6) , PAGE 2

                                          STATION:  MOFFETT FIELD
                                          MONTH:    APRIL
                                          YEAR:     2019
                                          LATITUDE:   37 25 N
                                          LONGITUDE: 122  3 W

[TEMPERATURE DATA]      [PRECIPITATION DATA]       SYMBOLS USED IN COLUMN 16

AVERAGE MONTHLY: 60.7   TOTAL FOR MONTH:   0.25    1 = FOG OR MIST
DPTR FM NORMAL:   2.0   DPTR FM NORMAL:   -0.54    2 = FOG REDUCING VISIBILITY
HIGHEST:    89 ON 23    GRTST 24HR  0.09 ON 15-15      TO 1/4 MILE OR LESS
LOWEST:     47 ON 21                               3 = THUNDER
                        SNOW, ICE PELLETS, HAIL    4 = ICE PELLETS
                        TOTAL MONTH:   0.0 INCH    5 = HAIL
                        GRTST 24HR     0.0         6 = FREEZING RAIN OR DRIZZLE
                        GRTST DEPTH:   0           7 = DUSTSTORM OR SANDSTORM:
                                                       VSBY 1/2 MILE OR LESS
                                                   8 = SMOKE OR HAZE
[NO. OF DAYS WITH]      [WEATHER - DAYS WITH]      9 = BLOWING SNOW
                                                   X = TORNADO
MAX 32 OR BELOW:   0    0.01 INCH OR MORE:   5
MAX 90 OR ABOVE:   0    0.10 INCH OR MORE:   0
MIN 32 OR BELOW:   0    0.50 INCH OR MORE:   0
MIN  0 OR BELOW:   0    1.00 INCH OR MORE:   0

[HDD (BASE 65) ]
TOTAL THIS MO.   106    CLEAR  (SCALE 0-3)  13
DPTR FM NORMAL   -51    PTCLDY (SCALE 4-7)   8
TOTAL FM JUL 1  1891    CLOUDY (SCALE 8-10)  2
DPTR FM NORMAL  -121

[CDD (BASE 65) ]
TOTAL THIS MO.    11
DPTR FM NORMAL     9    [PRESSURE DATA]
TOTAL FM JAN 1    11    HIGHEST SLP M ON M
DPTR FM NORMAL     7    LOWEST  SLP 29.85 ON  2

[REMARKS]
