000
CXUS55 KCAE 231400
CF6OGB
PRELIMINARY LOCAL CLIMATOLOGICAL DATA (WS FORM: F-6)

                                          STATION:   ORANGEBURG AIRPORT SC
                                          MONTH:     FEBRUARY
                                          YEAR:      2019
                                          LATITUDE:   33 27 N
                                          LONGITUDE:  80 51 W

  TEMPERATURE IN F:       :PCPN:    SNOW:  WIND      :SUNSHINE: SKY     :PK WND
================================================================================
1   2   3   4   5  6A  6B    7    8   9   10  11  12  13   14  15   16   17  18
                                     12Z  AVG MX 2MIN
DY MAX MIN AVG DEP HDD CDD  WTR  SNW DPTH SPD SPD DIR MIN PSBL S-S WX    SPD DR
================================================================================

 1  64  28  46  -1  19   0 0.00    M    M  1.8 10 270   M    M   0        15 200
 2  66  34  50   3  15   0 0.00    M    M  2.1 10  80   M    M   5        13 110
 3  61  45  53   5  12   0    T    M    M  4.8 15  30   M    M   8 18     20  10
 4  71  39  55   7  10   0 0.00    M    M  2.2  9 280   M    M   1 1      14 320
 5  77  44  61  13   4   0 0.00    M    M  2.0 10 280   M    M   1 1      14 280
 6  77  50  64  16   1   0 0.00    M    M  4.5 13 220   M    M   5 12     16 200
 7  81  56  69  21   0   4 0.00    M    M  8.5 17 240   M    M   1 1      22 220
 8  79  54  67  19   0   2 0.00    M    M  9.0 21 290   M    M   1        25 290
 9  57  42  50   2  15   0 0.00    M    M  9.4 18  30   M    M   2        25  50
10  51  37  44  -5  21   0 0.00    M    M  7.4 14  50   M    M   7        19  60
11  54  43  49   0  16   0 0.13    M    M  3.2  9  20   M    M  10 1      12 360
12  79  53  66  17   0   1 0.05    M    M  9.3 31 320   M    M   7 12     43 320
13  59  41  50   1  15   0    T    M    M  9.3 20 300   M    M   2        28 310
14  66  32  49   0  16   0 0.00    M    M  4.0 12 220   M    M   0        15 180
15  68  44  56   6   9   0 0.07    M    M  6.2 16 240   M    M   6 1      20 250
16  73  47  60  10   5   0 0.22    M    M  9.7 20  20   M    M  10 1      26  20
17  52  44  48  -2  17   0    T    M    M  5.1 13 150   M    M  10 1      16  80
18  70  46  58   8   7   0    T    M    M  5.4 15 300   M    M   6 12     20 320
19  57  40  49  -1  16   0 0.02    M    M 11.1 21  30   M    M   9 1      28  20
20  47  40  44  -6  21   0 0.06    M    M  6.9 14  70   M    M  10 1      20  70
21  80  44  62  11   3   0 0.00    M    M  3.6 17 220   M    M   7 12     21 220
22  65  50  58   7   7   0 0.01    M    M  6.9 14  30   M    M  10 12     19  40
================================================================================
SM 1454  953       229   7  0.56    M    132.4          M      118
================================================================================
AV 66.1 43.3                               6.0 FASTST   M    M   5    MAX(MPH)
                                 MISC ---->  # 31 320               # 43  320
================================================================================
NOTES:
# LAST OF SEVERAL OCCURRENCES

COLUMN 17 PEAK WIND IN M.P.H.

PRELIMINARY LOCAL CLIMATOLOGICAL DATA (WS FORM: F-6) , PAGE 2

                                          STATION:  ORANGEBURG AIRPORT SC
                                          MONTH:    FEBRUARY
                                          YEAR:     2019
                                          LATITUDE:   33 27 N
                                          LONGITUDE:  80 51 W

[TEMPERATURE DATA]      [PRECIPITATION DATA]       SYMBOLS USED IN COLUMN 16

AVERAGE MONTHLY: 54.7   TOTAL FOR MONTH:   0.56    1 = FOG OR MIST
DPTR FM NORMAL:   5.8   DPTR FM NORMAL:   -2.12    2 = FOG REDUCING VISIBILITY
HIGHEST:    81 ON  7    GRTST 24HR  0.22 ON 16-16      TO 1/4 MILE OR LESS
LOWEST:     28 ON  1                               3 = THUNDER
                        SNOW, ICE PELLETS, HAIL    4 = ICE PELLETS
                        TOTAL MONTH:    M          5 = HAIL
                        GRTST 24HR    M  ON   M    6 = FREEZING RAIN OR DRIZZLE
                        GRTST DEPTH:  M  ON   M    7 = DUSTSTORM OR SANDSTORM:
                                                       VSBY 1/2 MILE OR LESS
                                                   8 = SMOKE OR HAZE
[NO. OF DAYS WITH]      [WEATHER - DAYS WITH]      9 = BLOWING SNOW
                                                   X = TORNADO
MAX 32 OR BELOW:   0    0.01 INCH OR MORE:   7
MAX 90 OR ABOVE:   0    0.10 INCH OR MORE:   2
MIN 32 OR BELOW:   2    0.50 INCH OR MORE:   0
MIN  0 OR BELOW:   0    1.00 INCH OR MORE:   0

[HDD (BASE 65) ]
TOTAL THIS MO.   229    CLEAR  (SCALE 0-3)   8
DPTR FM NORMAL  -126    PTCLDY (SCALE 4-7)   8
TOTAL FM JUL 1  1605    CLOUDY (SCALE 8-10)  6
DPTR FM NORMAL  -247

[CDD (BASE 65) ]
TOTAL THIS MO.     7
DPTR FM NORMAL     7    [PRESSURE DATA]
TOTAL FM JAN 1    12    HIGHEST SLP M ON M
DPTR FM NORMAL    11    LOWEST  SLP 29.68 ON 16

[REMARKS]
