000
CXUS55 KCAE 201400
CF6OGB
PRELIMINARY LOCAL CLIMATOLOGICAL DATA (WS FORM: F-6)

                                          STATION:   ORANGEBURG AIRPORT SC
                                          MONTH:     SEPTEMBER
                                          YEAR:      2019
                                          LATITUDE:   33 27 N
                                          LONGITUDE:  80 51 W

  TEMPERATURE IN F:       :PCPN:    SNOW:  WIND      :SUNSHINE: SKY     :PK WND
================================================================================
1   2   3   4   5  6A  6B    7    8   9   10  11  12  13   14  15   16   17  18
                                     12Z  AVG MX 2MIN
DY MAX MIN AVG DEP HDD CDD  WTR  SNW DPTH SPD SPD DIR MIN PSBL S-S WX    SPD DR
================================================================================

 1  89  72  81   3   0  16 0.08    M    M  6.8 16 120   M    M   4 3      22 110
 2  91  73  82   4   0  17    T    M    M  6.2 15  50   M    M   6 1      22  80
 3  93  71  82   4   0  17 0.00    M    M  5.4 16  40   M    M   3 1      24  70
 4  90  74  82   4   0  17 0.00    M    M 11.3 20  70   M    M   2        31  70
 5  83  73  78   0   0  13 0.28    M    M 13.7 24 340   M    M   7 1      36 330
 6  95  71  83   6   0  18 0.00    M    M  4.6 15  10   M    M   0        19 230
 7  97  67  82   5   0  17 0.00    M    M  2.8 16 240   M    M   0 1      20 250
 8  98  70  84   7   0  19 0.00    M    M  5.1 12 160   M    M   2 1      16 300
 9  97  73  85   8   0  20 0.48    M    M  2.4 14 240   M    M   2 13     22 140
10  93  76  85   9   0  20 0.00    M    M  3.8 12 130   M    M   4 12     15 120
11  93  73  83   7   0  18 0.00    M    M  3.7 13  40   M    M   2 12     17  30
12  94  70  82   6   0  17 0.00    M    M  3.0 10 150   M    M   0 1      14 150
13  93  70  82   6   0  17 0.04    M    M  3.9 29  40   M    M   1 13     40  40
14  86  72  79   3   0  14 0.00    M    M  6.0 13  70   M    M   6 1      19  40
15  92  71  82   7   0  17 0.00    M    M  5.5 16  30   M    M   1 1      23  20
16  94  70  82   7   0  17 0.00    M    M  5.5 17  40   M    M   0        22  30
17  96  66  81   6   0  16 0.00    M    M  2.4  9 110   M    M   1 8      14 120
18  82  67  75   1   0  10 0.03    M    M  5.7 13  60   M    M   8        19  60
19  82  61  72  -2   0   7 0.00    M    M  7.3 16  60   M    M   1        26  30
================================================================================
SM 1738 1340         0 307  0.91    M    105.1          M       50
================================================================================
AV 91.5 70.5                               5.5 FASTST   M    M   3    MAX(MPH)
                                 MISC ---->  # 29  40               # 40   40
================================================================================
NOTES:
# LAST OF SEVERAL OCCURRENCES

COLUMN 17 PEAK WIND IN M.P.H.

PRELIMINARY LOCAL CLIMATOLOGICAL DATA (WS FORM: F-6) , PAGE 2

                                          STATION:  ORANGEBURG AIRPORT SC
                                          MONTH:    SEPTEMBER
                                          YEAR:     2019
                                          LATITUDE:   33 27 N
                                          LONGITUDE:  80 51 W

[TEMPERATURE DATA]      [PRECIPITATION DATA]       SYMBOLS USED IN COLUMN 16

AVERAGE MONTHLY: 81.0   TOTAL FOR MONTH:   0.91    1 = FOG OR MIST
DPTR FM NORMAL:   4.6   DPTR FM NORMAL:   -1.50    2 = FOG REDUCING VISIBILITY
HIGHEST:    98 ON  8    GRTST 24HR  0.48 ON  9- 9      TO 1/4 MILE OR LESS
LOWEST:     61 ON 19                               3 = THUNDER
                        SNOW, ICE PELLETS, HAIL    4 = ICE PELLETS
                        TOTAL MONTH:    M          5 = HAIL
                        GRTST 24HR    M  ON   M    6 = FREEZING RAIN OR DRIZZLE
                        GRTST DEPTH:  M  ON   M    7 = DUSTSTORM OR SANDSTORM:
                                                       VSBY 1/2 MILE OR LESS
                                                   8 = SMOKE OR HAZE
[NO. OF DAYS WITH]      [WEATHER - DAYS WITH]      9 = BLOWING SNOW
                                                   X = TORNADO
MAX 32 OR BELOW:   0    0.01 INCH OR MORE:   5
MAX 90 OR ABOVE:  14    0.10 INCH OR MORE:   2
MIN 32 OR BELOW:   0    0.50 INCH OR MORE:   0
MIN  0 OR BELOW:   0    1.00 INCH OR MORE:   0

[HDD (BASE 65) ]
TOTAL THIS MO.     0    CLEAR  (SCALE 0-3)  12
DPTR FM NORMAL     0    PTCLDY (SCALE 4-7)   7
TOTAL FM JUL 1     0    CLOUDY (SCALE 8-10)  0
DPTR FM NORMAL     0

[CDD (BASE 65) ]
TOTAL THIS MO.   307
DPTR FM NORMAL    91    [PRESSURE DATA]
TOTAL FM JAN 1  2268    HIGHEST SLP M ON M
DPTR FM NORMAL   359    LOWEST  SLP 29.71 ON  5

[REMARKS]
