000
CXUS55 KSEW 190930
CF6OLM
PRELIMINARY LOCAL CLIMATOLOGICAL DATA (WS FORM: F-6)

                                          STATION:   OLYMPIA WA AIRPORT
                                          MONTH:     FEBRUARY
                                          YEAR:      2019
                                          LATITUDE:   46 58 N
                                          LONGITUDE: 122 54 W

  TEMPERATURE IN F:       :PCPN:    SNOW:  WIND      :SUNSHINE: SKY     :PK WND
================================================================================
1   2   3   4   5  6A  6B    7    8   9   10  11  12  13   14  15   16   17  18
                                     12Z  AVG MX 2MIN
DY MAX MIN AVG DEP HDD CDD  WTR  SNW DPTH SPD SPD DIR MIN PSBL S-S WX    SPD DR
================================================================================

 1  50  44  47   7  18   0 0.36  0.0    0  7.0 14 200   M    M  10 1      18 200
 2  50  34  42   2  23   0 0.00  0.0    0  3.4 10 210   M    M   7 12     16  40
 3  40  32  36  -4  29   0 0.07    M    0  5.2 14 200   M    M  10 1      20 220
 4  32  15  24 -16  41   0 0.15    M    M  7.7 17  50   M    M   8 1      24  30
 5  34  14  24 -16  41   0 0.00  0.0    M  1.6  9 130   M    M   4 12     13  90
 6  37  13  25 -16  40   0 0.00  0.0    M  1.1  7 180   M    M   0 1      11  30
 7  38  15  27 -14  38   0 0.00  0.0    0  0.9  5  20   M    M   1 1       7  20
 8  35  25  30 -11  35   0 0.60    M    M  5.6 15 200   M    M   9 1      20 190
 9  32  20  26 -15  39   0 0.25    M    M 10.4 22  10   M    M   7 1      29  30
10  34   5  20 -21  45   0 0.24    M    M  8.8 32 180   M    M   7 128    41 180
11  38  31  35  -6  30   0 1.72    M    M  6.8 21 180   M    M  10 1      28 180
12  38  32  35  -6  30   0 0.61    M    M  6.2 13 180   M    M  10 1      18 180
13  40  33  37  -4  28   0 0.01    M    M  5.0 12  10   M    M  10 12     13 360
14  40  32  36  -5  29   0 0.31    M    M  5.0 20 190   M    M  10 1      24 190
15  43  33  38  -3  27   0 0.09    M    M  6.0 20 180   M    M   8 1      26 170
16  42  28  35  -6  30   0 0.06    M    M  4.0 13 210   M    M   7 12     19 200
17  43  26  35  -6  30   0 0.00  0.0    0  1.2  7 220   M    M   7 12     18 150
18  47  26  37  -4  28   0    T  0.0    0  3.9  9 210   M    M   9 1      13 210
================================================================================
SM  713  458       581   0  4.47     0.0  89.8          M      134
================================================================================
AV 39.6 25.4                               5.0 FASTST   M    M   7    MAX(MPH)
                                 MISC ---->  # 32 180               # 41  180
================================================================================
NOTES:
# LAST OF SEVERAL OCCURRENCES

COLUMN 17 PEAK WIND IN M.P.H.

PRELIMINARY LOCAL CLIMATOLOGICAL DATA (WS FORM: F-6) , PAGE 2

                                          STATION:  OLYMPIA WA AIRPORT
                                          MONTH:    FEBRUARY
                                          YEAR:     2019
                                          LATITUDE:   46 58 N
                                          LONGITUDE: 122 54 W

[TEMPERATURE DATA]      [PRECIPITATION DATA]       SYMBOLS USED IN COLUMN 16

AVERAGE MONTHLY: 32.5   TOTAL FOR MONTH:   4.47    1 = FOG OR MIST
DPTR FM NORMAL:  -8.2   DPTR FM NORMAL:    0.98    2 = FOG REDUCING VISIBILITY
HIGHEST:    50 ON  2, 1 GRTST 24HR  1.72 ON 11-11      TO 1/4 MILE OR LESS
LOWEST:      5 ON 10                               3 = THUNDER
                        SNOW, ICE PELLETS, HAIL    4 = ICE PELLETS
                        TOTAL MONTH:   0.0 INCH    5 = HAIL
                        GRTST 24HR     0.0         6 = FREEZING RAIN OR DRIZZLE
                        GRTST DEPTH:   0           7 = DUSTSTORM OR SANDSTORM:
                                                       VSBY 1/2 MILE OR LESS
                                                   8 = SMOKE OR HAZE
[NO. OF DAYS WITH]      [WEATHER - DAYS WITH]      9 = BLOWING SNOW
                                                   X = TORNADO
MAX 32 OR BELOW:   2    0.01 INCH OR MORE:  12
MAX 90 OR ABOVE:   0    0.10 INCH OR MORE:   8
MIN 32 OR BELOW:  14    0.50 INCH OR MORE:   3
MIN  0 OR BELOW:   0    1.00 INCH OR MORE:   1

[HDD (BASE 65) ]
TOTAL THIS MO.   581    CLEAR  (SCALE 0-3)   2
DPTR FM NORMAL   148    PTCLDY (SCALE 4-7)   8
TOTAL FM JUL 1  3436    CLOUDY (SCALE 8-10)  8
DPTR FM NORMAL   -48

[CDD (BASE 65) ]
TOTAL THIS MO.     0
DPTR FM NORMAL     0    [PRESSURE DATA]
TOTAL FM JAN 1     0    HIGHEST SLP M ON M
DPTR FM NORMAL     0    LOWEST  SLP 29.08 ON 14

[REMARKS]
