903
CXUS56 KPDT 211832
CF6PSC
PRELIMINARY LOCAL CLIMATOLOGICAL DATA (WS FORM: F-6)

                                          STATION:   PASCO WA
                                          MONTH:     OCTOBER
                                          YEAR:      2019
                                          LATITUDE:   46 16 N
                                          LONGITUDE: 119  7 W

  TEMPERATURE IN F:       :PCPN:    SNOW:  WIND      :SUNSHINE: SKY     :PK WND
================================================================================
1   2   3   4   5  6A  6B    7    8   9   10  11  12  13   14  15   16   17  18
                                     12Z  AVG MX 2MIN
DY MAX MIN AVG DEP HDD CDD  WTR  SNW DPTH SPD SPD DIR MIN PSBL S-S WX    SPD DR
================================================================================

 1  61  36  49  -9  16   0 0.00    M    M  3.3  9 350   M    M   4 18     13 320
 2  65  30  48  -9  17   0 0.00    M    M  3.2  9  60   M    M   0        15 330
 3  67  41  54  -3  11   0    T    M    M  4.9 13 200   M    M   6 18     15 210
 4  68  45  57   1   8   0 0.00    M    M  8.9 18 210   M    M   2        23 220
 5  72  42  57   1   8   0 0.00    M    M  6.1 16 310   M    M   1        21 270
 6  73  34  54  -2  11   0 0.00    M    M  3.4  9  10   M    M   0        12  10
 7  80  35  58   3   7   0 0.00    M    M 13.1 32 230   M    M   0        40 220
 8  67  46  57   2   8   0    T    M    M 13.5 31 220   M    M   4 8      39 220
 9  56  28  42 -12  23   0 0.00    M    M  8.1 24 320   M    M   6        29 320
10  57  22  40 -14  25   0 0.00    M    M  3.6 10 330   M    M   0        13 340
11  62  25  44 -10  21   0 0.00    M    M  3.6 12 330   M    M   0        14 320
12  59  26  43 -10  22   0 0.00    M    M  2.2  8  10   M    M   0        10  10
13  62  41  52  -1  13   0 0.00    M    M  2.1  8 320   M    M   6        10 330
14  66  36  51  -1  14   0 0.00    M    M  2.9  8 360   M    M   2         9 340
15  61  33  47  -5  18   0 0.00    M    M  3.1 12 290   M    M   0 18     17 280
16  65  46  56   4   9   0    T    M    M  4.2 17 240   M    M   3        21 220
17  65  52  59   8   6   0 0.01    M    M 16.0 28 220   M    M   3        33 230
18  62  51  57   6   8   0    T    M    M 14.4 28 220   M    M   3        36 240
19  53  46  50  -1  15   0 0.47    M    M  9.1 28 250   M    M   7 1      35 230
20  56  44  50   0  15   0    T    M    M  8.8 23 250   M    M   3        28 240
================================================================================
SM 1277  759       275   0  0.48    M    134.5          M       50
================================================================================
AV 63.9 38.0                               6.7 FASTST   M    M   3    MAX(MPH)
                                 MISC ---->  # 32 230               # 40  220
================================================================================
NOTES:
# LAST OF SEVERAL OCCURRENCES

COLUMN 17 PEAK WIND IN M.P.H.

PRELIMINARY LOCAL CLIMATOLOGICAL DATA (WS FORM: F-6) , PAGE 2

                                          STATION:  PASCO WA
                                          MONTH:    OCTOBER
                                          YEAR:     2019
                                          LATITUDE:   46 16 N
                                          LONGITUDE: 119  7 W

[TEMPERATURE DATA]      [PRECIPITATION DATA]       SYMBOLS USED IN COLUMN 16

AVERAGE MONTHLY: 50.9   TOTAL FOR MONTH:   0.48    1 = FOG OR MIST
DPTR FM NORMAL:  -2.9   DPTR FM NORMAL:    0.05    2 = FOG REDUCING VISIBILITY
HIGHEST:    80 ON  7    GRTST 24HR  0.47 ON 19-19      TO 1/4 MILE OR LESS
LOWEST:     22 ON 10                               3 = THUNDER
                        SNOW, ICE PELLETS, HAIL    4 = ICE PELLETS
                        TOTAL MONTH:    M          5 = HAIL
                        GRTST 24HR    M  ON   M    6 = FREEZING RAIN OR DRIZZLE
                        GRTST DEPTH:  M  ON   M    7 = DUSTSTORM OR SANDSTORM:
                                                       VSBY 1/2 MILE OR LESS
                                                   8 = SMOKE OR HAZE
[NO. OF DAYS WITH]      [WEATHER - DAYS WITH]      9 = BLOWING SNOW
                                                   X = TORNADO
MAX 32 OR BELOW:   0    0.01 INCH OR MORE:   2
MAX 90 OR ABOVE:   0    0.10 INCH OR MORE:   1
MIN 32 OR BELOW:   5    0.50 INCH OR MORE:   0
MIN  0 OR BELOW:   0    1.00 INCH OR MORE:   0

[HDD (BASE 65) ]
TOTAL THIS MO.   275    CLEAR  (SCALE 0-3)  12
DPTR FM NORMAL    52    PTCLDY (SCALE 4-7)   8
TOTAL FM JUL 1   344    CLOUDY (SCALE 8-10)  0
DPTR FM NORMAL    10

[CDD (BASE 65) ]
TOTAL THIS MO.     0
DPTR FM NORMAL     0    [PRESSURE DATA]
TOTAL FM JAN 1  1014    HIGHEST SLP M ON M
DPTR FM NORMAL   305    LOWEST  SLP 29.57 ON 19

[REMARKS]
