000
CXUS52 KRAH 221345
CF6RDU
PRELIMINARY LOCAL CLIMATOLOGICAL DATA (WS FORM: F-6)

                                          STATION:   RALEIGH-DURHAM INTL AIRPORT NC
                                          MONTH:     MARCH
                                          YEAR:      2019
                                          LATITUDE:   35 52 N
                                          LONGITUDE:  78 47 W

  TEMPERATURE IN F:       :PCPN:    SNOW:  WIND      :SUNSHINE: SKY     :PK WND
================================================================================
1   2   3   4   5  6A  6B    7    8   9   10  11  12  13   14  15   16   17  18
                                     12Z  AVG MX 2MIN
DY MAX MIN AVG DEP HDD CDD  WTR  SNW DPTH SPD SPD DIR MIN PSBL S-S WX    SPD DR
================================================================================

 1  47  39  43  -5  22   0 0.65  0.0    0  7.3 15 120   M    M   9 1      19 120
 2  59  37  48   0  17   0 0.00  0.0    0  4.3 13 120   M    M   7 1      16 110
 3  50  42  46  -2  19   0 0.81  0.0    0  6.9 13 110   M    M  10 1      21 330
 4  50  34  42  -6  23   0 0.01  0.0    0  5.0 12 270   M    M   7 18     21 310
 5  44  32  38 -10  27   0 0.00  0.0    0  5.1 12 290   M    M   6        17 270
 6  42  27  35 -14  30   0 0.00  0.0    0  5.5 16 320   M    M   1        25 270
 7  50  23  37 -12  28   0 0.00  0.0    0  2.5 10 280   M    M   6        15 230
 8  49  39  44  -5  21   0 0.10  0.0    0  4.6 10 130   M    M  10 1      15 130
 9  48  41  45  -5  20   0 0.01  0.0    0  5.9 13 110   M    M  10 1      17 110
10  68  47  58   8   7   0 0.04  0.0    0  9.4 25 240   M    M   9 12     32 240
11  66  44  55   5  10   0    T  0.0    0  2.9 12  40   M    M   6 1      20 320
12  60  35  48  -2  17   0 0.00  0.0    0  2.7 12 330   M    M   6        16 340
13  64  32  48  -3  17   0 0.00  0.0    0  4.6 13 170   M    M   6        17 170
14  75  50  63  12   2   0 0.00  0.0    0 10.3 23 230   M    M   7 8      30 240
15  74  58  66  15   0   1 0.31  0.0    0 13.4 26 220   M    M   8 13     35 220
16  59  40  50  -2  15   0 0.00  0.0    0  5.0 14 360   M    M   7        25 340
17  57  35  46  -6  19   0 0.00  0.0    0  3.7 13 250   M    M   5        14 250
18  60  32  46  -6  19   0 0.00  0.0    0  4.5 16  30   M    M   3        23  40
19  55  33  44  -8  21   0 0.00  0.0    0  6.2 15  40   M    M   6 1      19  50
20  53  32  43 -10  22   0 0.05  0.0    0  6.8 13  50   M    M   8 1      19  40
21  59  44  52  -1  13   0 0.58  0.0    0  6.3 14 330   M    M   9 1      23 360
================================================================================
SM 1189  796       369   1  2.56     0.0 122.9          M      146
================================================================================
AV 56.6 37.9                               5.9 FASTST   M    M   7    MAX(MPH)
                                 MISC ---->  # 26 220               # 35  220
================================================================================
NOTES:
# LAST OF SEVERAL OCCURRENCES

COLUMN 17 PEAK WIND IN M.P.H.

PRELIMINARY LOCAL CLIMATOLOGICAL DATA (WS FORM: F-6) , PAGE 2

                                          STATION:  RALEIGH-DURHAM INTL AIRPORT NC
                                          MONTH:    MARCH
                                          YEAR:     2019
                                          LATITUDE:   35 52 N
                                          LONGITUDE:  78 47 W

[TEMPERATURE DATA]      [PRECIPITATION DATA]       SYMBOLS USED IN COLUMN 16

AVERAGE MONTHLY: 47.3   TOTAL FOR MONTH:   2.56    1 = FOG OR MIST
DPTR FM NORMAL:  -2.9   DPTR FM NORMAL:   -0.26    2 = FOG REDUCING VISIBILITY
HIGHEST:    75 ON 14    GRTST 24HR  0.81 ON  3- 3      TO 1/4 MILE OR LESS
LOWEST:     23 ON  7                               3 = THUNDER
                        SNOW, ICE PELLETS, HAIL    4 = ICE PELLETS
                        TOTAL MONTH:   0.0 INCH    5 = HAIL
                        GRTST 24HR     0.0         6 = FREEZING RAIN OR DRIZZLE
                        GRTST DEPTH:   0           7 = DUSTSTORM OR SANDSTORM:
                                                       VSBY 1/2 MILE OR LESS
                                                   8 = SMOKE OR HAZE
[NO. OF DAYS WITH]      [WEATHER - DAYS WITH]      9 = BLOWING SNOW
                                                   X = TORNADO
MAX 32 OR BELOW:   0    0.01 INCH OR MORE:   9
MAX 90 OR ABOVE:   0    0.10 INCH OR MORE:   5
MIN 32 OR BELOW:   6    0.50 INCH OR MORE:   3
MIN  0 OR BELOW:   0    1.00 INCH OR MORE:   0

[HDD (BASE 65) ]
TOTAL THIS MO.   369    CLEAR  (SCALE 0-3)   1
DPTR FM NORMAL    52    PTCLDY (SCALE 4-7)  14
TOTAL FM JUL 1  2859    CLOUDY (SCALE 8-10)  6
DPTR FM NORMAL   -30

[CDD (BASE 65) ]
TOTAL THIS MO.     1
DPTR FM NORMAL     1    [PRESSURE DATA]
TOTAL FM JAN 1     6    HIGHEST SLP M ON M
DPTR FM NORMAL     5    LOWEST  SLP 29.61 ON  3

[REMARKS]
