000
CXUS55 KGJT 201000
CF6RIL
PRELIMINARY LOCAL CLIMATOLOGICAL DATA (WS FORM: F-6)

                                          STATION:   RIFLE CO
                                          MONTH:     APRIL
                                          YEAR:      2019
                                          LATITUDE:   39 31 N
                                          LONGITUDE: 107 43 W

  TEMPERATURE IN F:       :PCPN:    SNOW:  WIND      :SUNSHINE: SKY     :PK WND
================================================================================
1   2   3   4   5  6A  6B    7    8   9   10  11  12  13   14  15   16   17  18
                                     12Z  AVG MX 2MIN
DY MAX MIN AVG DEP HDD CDD  WTR  SNW DPTH SPD SPD DIR MIN PSBL S-S WX    SPD DR
================================================================================

 1  57  25  41  -3  24   0 0.00    M    M  5.9 21 280   M    M   1        27 250
 2  61  40  51   7  14   0 0.00    M    M  5.9 25 200   M    M   9        33 200
 3  58  39  49   5  16   0 0.01    M    M  5.0 28 330   M    M   7 3      37 310
 4  65  34  50   5  15   0 0.00    M    M  2.7 17 290   M    M   5        26 240
 5  66  36  51   6  14   0 0.00    M    M  6.9 21 290   M    M   1        28 280
 6  64  34  49   4  16   0 0.03    M    M  6.9 29 310   M    M   4 8      42 310
 7  65  33  49   3  16   0 0.00    M    M  6.3 20 260   M    M   1        25 250
 8  72  33  53   7  12   0 0.00    M    M  5.8 20 250   M    M   0        27 250
 9  74  39  57  11   8   0 0.00    M    M  9.3 30 320   M    M   0        46 330
10  50  33  42  -4  23   0 0.08    M    M 14.3 32 320   M    M   7 1      43 300
11  46  31  39  -8  26   0    T    M    M 11.4 25 320   M    M   8        37 330
12  52  27  40  -7  25   0    T    M    M  3.2 16 320   M    M   5 1      22 320
13  51  30  41  -6  24   0 0.01    M    M  7.0 23 320   M    M   5 1      31 320
14  65  25  45  -3  20   0 0.00    M    M  5.3 29 260   M    M   5        36 270
15  71  39  55   7  10   0 0.00    M    M  6.4 29 280   M    M   2        38 250
16  65  46  56   8   9   0 0.00    M    M 11.8 25 270   M    M   6 8      36 280
17  64  44  54   6  11   0    T    M    M  8.9 23 310   M    M   4        31 310
18  68  33  51   2  14   0 0.00    M    M  5.0 17 300   M    M   1        23 300
19  75  33  54   5  11   0 0.00    M    M  4.4 18 270   M    M   0        26 270
================================================================================
SM 1189  654       308   0  0.13    M    132.4          M       71
================================================================================
AV 62.6 34.4                               7.0 FASTST   M    M   4    MAX(MPH)
                                 MISC ---->  # 32 320               # 46  330
================================================================================
NOTES:
# LAST OF SEVERAL OCCURRENCES

COLUMN 17 PEAK WIND IN M.P.H.

PRELIMINARY LOCAL CLIMATOLOGICAL DATA (WS FORM: F-6) , PAGE 2

                                          STATION:  RIFLE CO
                                          MONTH:    APRIL
                                          YEAR:     2019
                                          LATITUDE:   39 31 N
                                          LONGITUDE: 107 43 W

[TEMPERATURE DATA]      [PRECIPITATION DATA]       SYMBOLS USED IN COLUMN 16

AVERAGE MONTHLY: 48.5   TOTAL FOR MONTH:   0.13    1 = FOG OR MIST
DPTR FM NORMAL:   2.1   DPTR FM NORMAL:   -0.61    2 = FOG REDUCING VISIBILITY
HIGHEST:    75 ON 19    GRTST 24HR  0.08 ON 10-10      TO 1/4 MILE OR LESS
LOWEST:     25 ON 14, 1                            3 = THUNDER
                        SNOW, ICE PELLETS, HAIL    4 = ICE PELLETS
                        TOTAL MONTH:    M          5 = HAIL
                        GRTST 24HR    M  ON   M    6 = FREEZING RAIN OR DRIZZLE
                        GRTST DEPTH:  M  ON   M    7 = DUSTSTORM OR SANDSTORM:
                                                       VSBY 1/2 MILE OR LESS
                                                   8 = SMOKE OR HAZE
[NO. OF DAYS WITH]      [WEATHER - DAYS WITH]      9 = BLOWING SNOW
                                                   X = TORNADO
MAX 32 OR BELOW:   0    0.01 INCH OR MORE:   4
MAX 90 OR ABOVE:   0    0.10 INCH OR MORE:   0
MIN 32 OR BELOW:   5    0.50 INCH OR MORE:   0
MIN  0 OR BELOW:   0    1.00 INCH OR MORE:   0

[HDD (BASE 65) ]
TOTAL THIS MO.   308    CLEAR  (SCALE 0-3)   8
DPTR FM NORMAL   -45    PTCLDY (SCALE 4-7)   9
TOTAL FM JUL 1  6115    CLOUDY (SCALE 8-10)  2
DPTR FM NORMAL   -22

[CDD (BASE 65) ]
TOTAL THIS MO.     0
DPTR FM NORMAL     0    [PRESSURE DATA]
TOTAL FM JAN 1     0    HIGHEST SLP M ON M
DPTR FM NORMAL     0    LOWEST  SLP 29.18 ON 10

[REMARKS]
