000
CXUS55 KGJT 181000
CF6RIL
PRELIMINARY LOCAL CLIMATOLOGICAL DATA (WS FORM: F-6)

                                          STATION:   RIFLE CO
                                          MONTH:     AUGUST
                                          YEAR:      2019
                                          LATITUDE:   39 31 N
                                          LONGITUDE: 107 43 W

  TEMPERATURE IN F:       :PCPN:    SNOW:  WIND      :SUNSHINE: SKY     :PK WND
================================================================================
1   2   3   4   5  6A  6B    7    8   9   10  11  12  13   14  15   16   17  18
                                     12Z  AVG MX 2MIN
DY MAX MIN AVG DEP HDD CDD  WTR  SNW DPTH SPD SPD DIR MIN PSBL S-S WX    SPD DR
================================================================================

 1  84  62  73   0   0   8 0.01    M    M  4.2 14 150   M    M   4        18 150
 2  96  58  77   4   0  12 0.00    M    M  4.8 15 290   M    M   0        21 290
 3  97  59  78   5   0  13 0.00    M    M  4.2 18 170   M    M   0        28  40
 4  91  63  77   4   0  12 0.27    M    M  6.9 25 310   M    M   3 13     35 310
 5  91  56  74   1   0   9 0.00    M    M  3.7 10 250   M    M   0        15 240
 6  95  57  76   4   0  11 0.00    M    M  5.0 18 250   M    M   0        27 260
 7  91  60  76   4   0  11    T    M    M  6.3 26 260   M    M   3        35 260
 8  89  61  75   3   0  10 0.03    M    M  5.3 17 150   M    M   5 3      23 130
 9  92  58  75   3   0  10 0.00    M    M  8.5 24 280   M    M   1        35 330
10  92  61  77   5   0  12 0.00    M    M  2.3 10 150   M    M   1        14  40
11  85  63  74   2   0   9 0.02    M    M  6.4 22 150   M    M   2 3      29 150
12  91  53  72   0   0   7 0.00    M    M  5.7 23 260   M    M   1        32 290
13  93  50  72   1   0   7 0.00    M    M  5.1 22 260   M    M   0        30 250
14  95  50  73   2   0   8 0.00    M    M  5.3 18 250   M    M   0        28 260
15  96  50  73   2   0   8 0.00    M    M  5.3 31 230   M    M   0 3      43 230
16  95  51  73   2   0   8    T    M    M  8.1 29 240   M    M   0        40 250
17  94  52  73   3   0   8    T    M    M  7.3 29 310   M    M   0        37 310
================================================================================
SM 1567  964         0 163  0.33    M     94.4          M       20
================================================================================
AV 92.2 56.7                               5.6 FASTST   M    M   1    MAX(MPH)
                                 MISC ---->  # 31 230               # 43  230
================================================================================
NOTES:
# LAST OF SEVERAL OCCURRENCES

COLUMN 17 PEAK WIND IN M.P.H.

PRELIMINARY LOCAL CLIMATOLOGICAL DATA (WS FORM: F-6) , PAGE 2

                                          STATION:  RIFLE CO
                                          MONTH:    AUGUST
                                          YEAR:     2019
                                          LATITUDE:   39 31 N
                                          LONGITUDE: 107 43 W

[TEMPERATURE DATA]      [PRECIPITATION DATA]       SYMBOLS USED IN COLUMN 16

AVERAGE MONTHLY: 74.4   TOTAL FOR MONTH:   0.33    1 = FOG OR MIST
DPTR FM NORMAL:   2.5   DPTR FM NORMAL:   -0.44    2 = FOG REDUCING VISIBILITY
HIGHEST:    97 ON  3    GRTST 24HR  0.27 ON  4- 4      TO 1/4 MILE OR LESS
LOWEST:     50 ON 15,14                            3 = THUNDER
                        SNOW, ICE PELLETS, HAIL    4 = ICE PELLETS
                        TOTAL MONTH:    M          5 = HAIL
                        GRTST 24HR    M  ON   M    6 = FREEZING RAIN OR DRIZZLE
                        GRTST DEPTH:  M  ON   M    7 = DUSTSTORM OR SANDSTORM:
                                                       VSBY 1/2 MILE OR LESS
                                                   8 = SMOKE OR HAZE
[NO. OF DAYS WITH]      [WEATHER - DAYS WITH]      9 = BLOWING SNOW
                                                   X = TORNADO
MAX 32 OR BELOW:   0    0.01 INCH OR MORE:   4
MAX 90 OR ABOVE:  14    0.10 INCH OR MORE:   1
MIN 32 OR BELOW:   0    0.50 INCH OR MORE:   0
MIN  0 OR BELOW:   0    1.00 INCH OR MORE:   0

[HDD (BASE 65) ]
TOTAL THIS MO.     0    CLEAR  (SCALE 0-3)  15
DPTR FM NORMAL     0    PTCLDY (SCALE 4-7)   2
TOTAL FM JUL 1     0    CLOUDY (SCALE 8-10)  0
DPTR FM NORMAL    -1

[CDD (BASE 65) ]
TOTAL THIS MO.   163
DPTR FM NORMAL    44    [PRESSURE DATA]
TOTAL FM JAN 1   505    HIGHEST SLP M ON M
DPTR FM NORMAL    43    LOWEST  SLP 29.69 ON 17

[REMARKS]
