000
CXUS55 KRIW 161026
CF6RKS
PRELIMINARY LOCAL CLIMATOLOGICAL DATA (WS FORM: F-6)

                                          STATION:   ROCK SPRINGS WY
                                          MONTH:     JUNE
                                          YEAR:      2019
                                          LATITUDE:   41 35 N
                                          LONGITUDE: 109  4 W

  TEMPERATURE IN F:       :PCPN:    SNOW:  WIND      :SUNSHINE: SKY     :PK WND
================================================================================
1   2   3   4   5  6A  6B    7    8   9   10  11  12  13   14  15   16   17  18
                                     12Z  AVG MX 2MIN
DY MAX MIN AVG DEP HDD CDD  WTR  SNW DPTH SPD SPD DIR MIN PSBL S-S WX    SPD DR
================================================================================

 1  69  42  56   0   9   0 0.00    M    M  5.3 12 320   M    M   1        15 320
 2  73  42  58   2   7   0    T    M    M  7.0 31 280   M    M   2        37 280
 3  68  41  55  -1  10   0    T    M    M  8.2 21 240   M    M   1        32 220
 4  73  44  59   2   6   0    T    M    M  8.1 30 280   M    M   3        37 280
 5  75  45  60   3   5   0 0.00    M    M  9.8 21 260   M    M   1        27 250
 6  77  47  62   5   3   0    T    M    M  9.5 31 270   M    M   1        38 270
 7  77  43  60   2   5   0    T    M    M 15.0 36 220   M    M   3 8      47 200
 8  57  34  46 -12  19   0 0.00  0.0    0 18.4 31 290   M    M   6        39 290
 9  60  30  45 -13  20   0 0.00  0.0    M  7.6 16 260   M    M   0        25 250
10  72  33  53  -6  12   0 0.00  0.0    M  9.4 28 280   M    M   0        36 290
11  74  42  58  -1   7   0 0.00    M    M 11.1 21 310   M    M   0        28 310
12  75  44  60   1   5   0 0.00    M    M  5.2 12 290   M    M   1        18 180
13  77  51  64   4   1   0 0.13  0.0    M 12.9 41 280   M    M   2        50 270
14  70  46  58  -2   7   0    T    M    M 10.9 28 250   M    M   2        33 250
15  76  46  61   1   4   0 0.01    M    M  8.3 22 230   M    M   1        28 210
================================================================================
SM 1073  630       120   0  0.14     0.0 146.7          M       24
================================================================================
AV 71.5 42.0                               9.8 FASTST   M    M   2    MAX(MPH)
                                 MISC ---->  # 41 280               # 50  270
================================================================================
NOTES:
# LAST OF SEVERAL OCCURRENCES

COLUMN 17 PEAK WIND IN M.P.H.

PRELIMINARY LOCAL CLIMATOLOGICAL DATA (WS FORM: F-6) , PAGE 2

                                          STATION:  ROCK SPRINGS WY
                                          MONTH:    JUNE
                                          YEAR:     2019
                                          LATITUDE:   41 35 N
                                          LONGITUDE: 109  4 W

[TEMPERATURE DATA]      [PRECIPITATION DATA]       SYMBOLS USED IN COLUMN 16

AVERAGE MONTHLY: 56.8   TOTAL FOR MONTH:   0.14    1 = FOG OR MIST
DPTR FM NORMAL:  -1.2   DPTR FM NORMAL:   -0.32    2 = FOG REDUCING VISIBILITY
HIGHEST:    77 ON 13, 7 GRTST 24HR  0.13 ON 13-13      TO 1/4 MILE OR LESS
LOWEST:     30 ON  9                               3 = THUNDER
                        SNOW, ICE PELLETS, HAIL    4 = ICE PELLETS
                        TOTAL MONTH:   0.0 INCH    5 = HAIL
                        GRTST 24HR     0.0         6 = FREEZING RAIN OR DRIZZLE
                        GRTST DEPTH:   0           7 = DUSTSTORM OR SANDSTORM:
                                                       VSBY 1/2 MILE OR LESS
                                                   8 = SMOKE OR HAZE
[NO. OF DAYS WITH]      [WEATHER - DAYS WITH]      9 = BLOWING SNOW
                                                   X = TORNADO
MAX 32 OR BELOW:   0    0.01 INCH OR MORE:   2
MAX 90 OR ABOVE:   0    0.10 INCH OR MORE:   1
MIN 32 OR BELOW:   1    0.50 INCH OR MORE:   0
MIN  0 OR BELOW:   0    1.00 INCH OR MORE:   0

[HDD (BASE 65) ]
TOTAL THIS MO.   120    CLEAR  (SCALE 0-3)  14
DPTR FM NORMAL     7    PTCLDY (SCALE 4-7)   1
TOTAL FM JUL 1  8688    CLOUDY (SCALE 8-10)  0
DPTR FM NORMAL   600

[CDD (BASE 65) ]
TOTAL THIS MO.     0
DPTR FM NORMAL    -7    [PRESSURE DATA]
TOTAL FM JAN 1     0    HIGHEST SLP M ON M
DPTR FM NORMAL    -8    LOWEST  SLP 29.48 ON  7

[REMARKS]
