000
CXUS53 KIWX 180800
CF6SBN
PRELIMINARY LOCAL CLIMATOLOGICAL DATA (WS FORM: F-6)

                                          STATION:   SOUTH BEND
                                          MONTH:     AUGUST
                                          YEAR:      2019
                                          LATITUDE:   41 42 N
                                          LONGITUDE:  86 19 W

  TEMPERATURE IN F:       :PCPN:    SNOW:  WIND      :SUNSHINE: SKY     :PK WND
================================================================================
1   2   3   4   5  6A  6B    7    8   9   10  11  12  13   14  15   16   17  18
                                     12Z  AVG MX 2MIN
DY MAX MIN AVG DEP HDD CDD  WTR  SNW DPTH SPD SPD DIR MIN PSBL S-S WX    SPD DR
================================================================================

 1  83  56  70  -2   0   5 0.00  0.0    0  5.6 16 350   M    M   1        20 360
 2  83  53  68  -4   0   3 0.00  0.0    0  4.0 13  30   M    M   0        20  50
 3  86  56  71  -1   0   6 0.00  0.0    0  2.8 13 320   M    M   0        16 330
 4  85  61  73   1   0   8 0.00  0.0    0  3.9 14 310   M    M   0        18 310
 5  88  60  74   2   0   9 0.00  0.0    0  4.9 16 240   M    M   1 12     21 240
 6  79  61  70  -2   0   5 0.88  0.0    0  7.0 16 300   M    M   5 12     20 300
 7  84  58  71  -1   0   6 0.00  0.0    0  4.6 15 280   M    M   1 1      21 250
 8  81  60  71  -1   0   6 0.18  0.0    0  9.2 15 320   M    M   2 1      22 320
 9  78  57  68  -4   0   3 0.00  0.0    0  6.6 21 300   M    M   0        28 310
10  80  56  68  -4   0   3 0.00  0.0    0  3.5 13 310   M    M   1        17 290
11  83  62  73   1   0   8 0.01  0.0    0  5.6 15 180   M    M   6        21 190
12  81  71  76   4   0  11 0.28  0.0    0  4.1 10 320   M    M   8 18     13 320
13  82  67  75   3   0  10 0.14  0.0    0  5.7 18 340   M    M   6 18     23 310
14  82  63  73   1   0   8 0.04  0.0    0  3.4 20 220   M    M   4 13     26 210
15  76  58  67  -5   0   2 0.00  0.0    0  5.1 16 310   M    M   6 1      21 310
16  80  56  68  -4   0   3    T  0.0    0  7.2 16 180   M    M   4 1      21 190
17  81  67  74   2   0   9    T  0.0    0  6.1 14 130   M    M   4 1      18 150
================================================================================
SM 1392 1022         0 105  1.53     0.0  89.3          M       49
================================================================================
AV 81.9 60.1                               5.3 FASTST   M    M   3    MAX(MPH)
                                 MISC ---->  # 21 300               # 28  310
================================================================================
NOTES:
# LAST OF SEVERAL OCCURRENCES

COLUMN 17 PEAK WIND IN M.P.H.

PRELIMINARY LOCAL CLIMATOLOGICAL DATA (WS FORM: F-6) , PAGE 2

                                          STATION:  SOUTH BEND
                                          MONTH:    AUGUST
                                          YEAR:     2019
                                          LATITUDE:   41 42 N
                                          LONGITUDE:  86 19 W

[TEMPERATURE DATA]      [PRECIPITATION DATA]       SYMBOLS USED IN COLUMN 16

AVERAGE MONTHLY: 71.0   TOTAL FOR MONTH:   1.53    1 = FOG OR MIST
DPTR FM NORMAL:  -1.0   DPTR FM NORMAL:   -0.58    2 = FOG REDUCING VISIBILITY
HIGHEST:    88 ON  5    GRTST 24HR  0.88 ON  6- 6      TO 1/4 MILE OR LESS
LOWEST:     53 ON  2                               3 = THUNDER
                        SNOW, ICE PELLETS, HAIL    4 = ICE PELLETS
                        TOTAL MONTH:   0.0 INCH    5 = HAIL
                        GRTST 24HR     0.0         6 = FREEZING RAIN OR DRIZZLE
                        GRTST DEPTH:   0           7 = DUSTSTORM OR SANDSTORM:
                                                       VSBY 1/2 MILE OR LESS
                                                   8 = SMOKE OR HAZE
[NO. OF DAYS WITH]      [WEATHER - DAYS WITH]      9 = BLOWING SNOW
                                                   X = TORNADO
MAX 32 OR BELOW:   0    0.01 INCH OR MORE:   6
MAX 90 OR ABOVE:   0    0.10 INCH OR MORE:   4
MIN 32 OR BELOW:   0    0.50 INCH OR MORE:   1
MIN  0 OR BELOW:   0    1.00 INCH OR MORE:   0

[HDD (BASE 65) ]
TOTAL THIS MO.     0    CLEAR  (SCALE 0-3)   9
DPTR FM NORMAL     0    PTCLDY (SCALE 4-7)   7
TOTAL FM JUL 1     0    CLOUDY (SCALE 8-10)  1
DPTR FM NORMAL    -5

[CDD (BASE 65) ]
TOTAL THIS MO.   105
DPTR FM NORMAL   -16    [PRESSURE DATA]
TOTAL FM JAN 1   556    HIGHEST SLP M ON M
DPTR FM NORMAL   -39    LOWEST  SLP 29.72 ON 13

[REMARKS]
