000
CXUS55 KFSD 200905
CF6SUX
PRELIMINARY LOCAL CLIMATOLOGICAL DATA (WS FORM: F-6)

                                          STATION:   SIOUX CITY IA
                                          MONTH:     APRIL
                                          YEAR:      2019
                                          LATITUDE:   42 24 N
                                          LONGITUDE:  96 23 W

  TEMPERATURE IN F:       :PCPN:    SNOW:  WIND      :SUNSHINE: SKY     :PK WND
================================================================================
1   2   3   4   5  6A  6B    7    8   9   10  11  12  13   14  15   16   17  18
                                     12Z  AVG MX 2MIN
DY MAX MIN AVG DEP HDD CDD  WTR  SNW DPTH SPD SPD DIR MIN PSBL S-S WX    SPD DR
================================================================================

 1  51  28  40  -4  25   0 0.20  1.5    0  9.0 17  20   M    M   5 1      23 250
 2  57  28  43  -1  22   0 0.00  0.0    1  8.4 21 260   M    M   7 1      27 260
 3  52  29  41  -3  24   0 0.82  0.0    0  9.5 20  70   M    M   8 1      27  70
 4  48  42  45   0  20   0 0.02  0.0    0  9.2 21 100   M    M   9 1      29  80
 5  65  41  53   8  12   0 0.00  0.0    0 10.1 21 160   M    M   7 12     25 130
 6  77  51  64  18   1   0 0.45  0.0    0 11.5 21 140   M    M   6 13     28 140
 7  69  45  57  11   8   0 0.02  0.0    0  8.6 29 330   M    M   4 1      37 320
 8  76  42  59  13   6   0 0.00  0.0    0 11.5 28 330   M    M   0        37 350
 9  67  42  55   8  10   0    T    T    0 10.3 23  80   M    M   6 38     33  80
10  48  34  41  -6  24   0 0.30  0.0    0 21.7 33  70   M    M   9 13     52  70
11  44  31  38 -10  27   0 0.13    T    0 20.6 38  70   M    M  10 136    54  80
12  37  28  33 -15  32   0    T    T    0 20.6 30 300   M    M   9        42 260
13  49  28  39 -10  26   0 0.00  0.0    0 11.0 20 320   M    M   2        25 310
14  53  22  38 -11  27   0 0.00  0.0    0  5.6 16 120   M    M   1        20 120
15  77  36  57   8   8   0 0.00  0.0    0 12.6 28 330   M    M   3        34 330
16  73  38  56   6   9   0 0.00  0.0    0 11.5 21  80   M    M   1 18     29  80
17  63  47  55   5  10   0    T  0.0    0 16.0 31 320   M    M   8 3      41 310
18  56  39  48  -3  17   0    T  0.0    0 12.7 23 360   M    M   8        31 360
19  66  30  48  -3  17   0 0.00  0.0    0  5.3 13 340   M    M   0 8      18 310
================================================================================
SM 1128  681       325   0  1.94     1.5 225.7          M      103
================================================================================
AV 59.4 35.8                              11.9 FASTST   M    M   5    MAX(MPH)
                                 MISC ---->  # 38  70               # 54   80
================================================================================
NOTES:
# LAST OF SEVERAL OCCURRENCES

COLUMN 17 PEAK WIND IN M.P.H.

PRELIMINARY LOCAL CLIMATOLOGICAL DATA (WS FORM: F-6) , PAGE 2

                                          STATION:  SIOUX CITY IA
                                          MONTH:    APRIL
                                          YEAR:     2019
                                          LATITUDE:   42 24 N
                                          LONGITUDE:  96 23 W

[TEMPERATURE DATA]      [PRECIPITATION DATA]       SYMBOLS USED IN COLUMN 16

AVERAGE MONTHLY: 47.6   TOTAL FOR MONTH:   1.94    1 = FOG OR MIST
DPTR FM NORMAL:   0.3   DPTR FM NORMAL:    0.17    2 = FOG REDUCING VISIBILITY
HIGHEST:    77 ON 15, 6 GRTST 24HR  0.82 ON  3- 3      TO 1/4 MILE OR LESS
LOWEST:     22 ON 14                               3 = THUNDER
                        SNOW, ICE PELLETS, HAIL    4 = ICE PELLETS
                        TOTAL MONTH:   1.5 INCHES  5 = HAIL
                        GRTST 24HR   1.5 ON  1- 1  6 = FREEZING RAIN OR DRIZZLE
                        GRTST DEPTH:   1 ON  2     7 = DUSTSTORM OR SANDSTORM:
                                                       VSBY 1/2 MILE OR LESS
                                                   8 = SMOKE OR HAZE
[NO. OF DAYS WITH]      [WEATHER - DAYS WITH]      9 = BLOWING SNOW
                                                   X = TORNADO
MAX 32 OR BELOW:   0    0.01 INCH OR MORE:   7
MAX 90 OR ABOVE:   0    0.10 INCH OR MORE:   5
MIN 32 OR BELOW:   8    0.50 INCH OR MORE:   1
MIN  0 OR BELOW:   0    1.00 INCH OR MORE:   0

[HDD (BASE 65) ]
TOTAL THIS MO.   325    CLEAR  (SCALE 0-3)   6
DPTR FM NORMAL   -16    PTCLDY (SCALE 4-7)   8
TOTAL FM JUL 1  7013    CLOUDY (SCALE 8-10)  5
DPTR FM NORMAL   494

[CDD (BASE 65) ]
TOTAL THIS MO.     0
DPTR FM NORMAL     0    [PRESSURE DATA]
TOTAL FM JAN 1     0    HIGHEST SLP M ON M
DPTR FM NORMAL     0    LOWEST  SLP 29.43 ON 11

[REMARKS]
