000
CXUS55 KFSD 180905
CF6SUX
PRELIMINARY LOCAL CLIMATOLOGICAL DATA (WS FORM: F-6)

                                          STATION:   SIOUX CITY IA
                                          MONTH:     AUGUST
                                          YEAR:      2019
                                          LATITUDE:   42 24 N
                                          LONGITUDE:  96 23 W

  TEMPERATURE IN F:       :PCPN:    SNOW:  WIND      :SUNSHINE: SKY     :PK WND
================================================================================
1   2   3   4   5  6A  6B    7    8   9   10  11  12  13   14  15   16   17  18
                                     12Z  AVG MX 2MIN
DY MAX MIN AVG DEP HDD CDD  WTR  SNW DPTH SPD SPD DIR MIN PSBL S-S WX    SPD DR
================================================================================

 1  85  62  74   0   0   9 0.00  0.0    0  8.9 16 120   M    M   4        22 100
 2  76  65  71  -3   0   6 0.01  0.0    0  8.0 14 150   M    M   3 1      20 160
 3  84  66  75   1   0  10 0.01  0.0    0  8.0 16 150   M    M   5        23 110
 4  88  64  76   2   0  11 0.00  0.0    0  7.5 14 160   M    M   3        17 170
 5  87  68  78   4   0  13 0.00  0.0    0  8.7 16  10   M    M   1 1      23  10
 6  85  59  72  -1   0   7 0.01  0.0    0  5.2 10 190   M    M   0 1      13 280
 7  88  63  76   3   0  11 0.00  0.0    0  5.4 13 180   M    M   1        18 170
 8  83  63  73   0   0   8    T  0.0    0  5.7 23 350   M    M   4        32 350
 9  84  57  71  -2   0   6 0.03  0.0    0  6.9 35 180   M    M   1 13     46 190
10  84  69  77   4   0  12 0.01  0.0    0  6.8 35 180   M    M   4 13     47 180
11  87  70  79   6   0  14    T  0.0    0  5.6 12  60   M    M   5 18     16 120
12  85  71  78   5   0  13 0.39  0.0    0  5.6 16 100   M    M   6 1      23  90
13  86  63  75   2   0  10 0.00  0.0    0  8.7 14 350   M    M   1 1      21 300
14  77  56  67  -6   0   2 0.00  0.0    0  8.1 14 300   M    M   3        20 300
15  78  54  66  -6   0   1 0.00  0.0    0  5.4 16 170   M    M   1 1      19 190
16  82  59  71  -1   0   6 0.00  0.0    0  3.9 10 230   M    M   2 12     14 220
17  84  61  73   1   0   8    T  0.0    0  9.5 24 360   M    M   3 138    36  20
================================================================================
SM 1423 1070         0 147  0.46     0.0 117.9          M       47
================================================================================
AV 83.7 62.9                               6.9 FASTST   M    M   3    MAX(MPH)
                                 MISC ---->  # 35 180               # 47  180
================================================================================
NOTES:
# LAST OF SEVERAL OCCURRENCES

COLUMN 17 PEAK WIND IN M.P.H.

PRELIMINARY LOCAL CLIMATOLOGICAL DATA (WS FORM: F-6) , PAGE 2

                                          STATION:  SIOUX CITY IA
                                          MONTH:    AUGUST
                                          YEAR:     2019
                                          LATITUDE:   42 24 N
                                          LONGITUDE:  96 23 W

[TEMPERATURE DATA]      [PRECIPITATION DATA]       SYMBOLS USED IN COLUMN 16

AVERAGE MONTHLY: 73.3   TOTAL FOR MONTH:   0.46    1 = FOG OR MIST
DPTR FM NORMAL:   0.2   DPTR FM NORMAL:   -1.30    2 = FOG REDUCING VISIBILITY
HIGHEST:    88 ON  7, 4 GRTST 24HR  0.39 ON 12-12      TO 1/4 MILE OR LESS
LOWEST:     54 ON 15                               3 = THUNDER
                        SNOW, ICE PELLETS, HAIL    4 = ICE PELLETS
                        TOTAL MONTH:   0.0 INCH    5 = HAIL
                        GRTST 24HR     0.0         6 = FREEZING RAIN OR DRIZZLE
                        GRTST DEPTH:   0           7 = DUSTSTORM OR SANDSTORM:
                                                       VSBY 1/2 MILE OR LESS
                                                   8 = SMOKE OR HAZE
[NO. OF DAYS WITH]      [WEATHER - DAYS WITH]      9 = BLOWING SNOW
                                                   X = TORNADO
MAX 32 OR BELOW:   0    0.01 INCH OR MORE:   6
MAX 90 OR ABOVE:   0    0.10 INCH OR MORE:   1
MIN 32 OR BELOW:   0    0.50 INCH OR MORE:   0
MIN  0 OR BELOW:   0    1.00 INCH OR MORE:   0

[HDD (BASE 65) ]
TOTAL THIS MO.     0    CLEAR  (SCALE 0-3)   9
DPTR FM NORMAL     0    PTCLDY (SCALE 4-7)   8
TOTAL FM JUL 1     1    CLOUDY (SCALE 8-10)  0
DPTR FM NORMAL    -2

[CDD (BASE 65) ]
TOTAL THIS MO.   147
DPTR FM NORMAL     4    [PRESSURE DATA]
TOTAL FM JAN 1   680    HIGHEST SLP M ON M
DPTR FM NORMAL    -8    LOWEST  SLP 29.55 ON 17

[REMARKS]
