000
CXUS54 KBMX 171110
CF6TOI
PRELIMINARY LOCAL CLIMATOLOGICAL DATA (WS FORM: F-6)

                                          STATION:   TROY
                                          MONTH:     FEBRUARY
                                          YEAR:      2019
                                          LATITUDE:   31 51 N
                                          LONGITUDE:  86  1 W

  TEMPERATURE IN F:       :PCPN:    SNOW:  WIND      :SUNSHINE: SKY     :PK WND
================================================================================
1   2   3   4   5  6A  6B    7    8   9   10  11  12  13   14  15   16   17  18
                                     12Z  AVG MX 2MIN
DY MAX MIN AVG DEP HDD CDD  WTR  SNW DPTH SPD SPD DIR MIN PSBL S-S WX    SPD DR
================================================================================

 1  61  32  47  -1  18   0 0.01    M    0  3.4 12 110   M    M   5        13 120
 2  65  51  58  10   7   0 0.00  0.0    0  5.4 12 100   M    M  10        16  80
 3  67  47  57   9   8   0 0.00  0.0    0  2.8  9  80   M    M   7 1      11  60
 4  68  45  57   9   8   0 0.00  0.0    0  3.6 12 150   M    M   9 12     14 200
 5  73  58  66  18   0   1 0.00  0.0    0  2.8 10 150   M    M   8 1      13 160
 6  74  62  68  20   0   3 0.00  0.0    0  6.2 13 190   M    M   7 1      16 180
 7  76  53  65  17   0   0 0.00  0.0    0  6.6 17 210   M    M   6 12     22 210
 8  67  41  54   6  11   0 0.02    M    0 11.8 21 330   M    M   6 1      25 340
 9  60  37  49   0  16   0 0.00  0.0    0  7.6 14  40   M    M   4        19  50
10  65  47  56   7   9   0 0.00  0.0    0  8.2 15 100   M    M  10 1      19 130
11  70  48  59  10   6   0 0.00  0.0    0  5.1 10 120   M    M  10 1      12 110
12  76  48  62  13   3   0 0.41  0.0    0  9.0 31 300   M    M   8 1      46 300
13  60  34  47  -2  18   0 0.00  0.0    0  5.7 18 340   M    M   0        25 340
14  65  30  48  -2  17   0 0.00  0.0    0  5.2 15 190   M    M   1        19 200
15  68  50  59   9   6   0    T  0.0    0  5.3 13 210   M    M   9        18 200
16  75  55  65  15   0   0    T  0.0    0  6.5 15 250   M    M   5 1      20 250
================================================================================
SM 1090  738       127   4  0.44     0.0  95.2          M      105
================================================================================
AV 68.1 46.1                               5.9 FASTST   M    M   7    MAX(MPH)
                                 MISC ---->  # 31 300               # 46  300
================================================================================
NOTES:
# LAST OF SEVERAL OCCURRENCES

COLUMN 17 PEAK WIND IN M.P.H.

PRELIMINARY LOCAL CLIMATOLOGICAL DATA (WS FORM: F-6) , PAGE 2

                                          STATION:  TROY
                                          MONTH:    FEBRUARY
                                          YEAR:     2019
                                          LATITUDE:   31 51 N
                                          LONGITUDE:  86  1 W

[TEMPERATURE DATA]      [PRECIPITATION DATA]       SYMBOLS USED IN COLUMN 16

AVERAGE MONTHLY: 57.1   TOTAL FOR MONTH:   0.44    1 = FOG OR MIST
DPTR FM NORMAL:   8.4   DPTR FM NORMAL:   -2.09    2 = FOG REDUCING VISIBILITY
HIGHEST:    76 ON 12, 7 GRTST 24HR  0.41 ON 12-12      TO 1/4 MILE OR LESS
LOWEST:     30 ON 14                               3 = THUNDER
                        SNOW, ICE PELLETS, HAIL    4 = ICE PELLETS
                        TOTAL MONTH:   0.0 INCH    5 = HAIL
                        GRTST 24HR     0.0         6 = FREEZING RAIN OR DRIZZLE
                        GRTST DEPTH:   0           7 = DUSTSTORM OR SANDSTORM:
                                                       VSBY 1/2 MILE OR LESS
                                                   8 = SMOKE OR HAZE
[NO. OF DAYS WITH]      [WEATHER - DAYS WITH]      9 = BLOWING SNOW
                                                   X = TORNADO
MAX 32 OR BELOW:   0    0.01 INCH OR MORE:   3
MAX 90 OR ABOVE:   0    0.10 INCH OR MORE:   1
MIN 32 OR BELOW:   2    0.50 INCH OR MORE:   0
MIN  0 OR BELOW:   0    1.00 INCH OR MORE:   0

[HDD (BASE 65) ]
TOTAL THIS MO.   127    CLEAR  (SCALE 0-3)   2
DPTR FM NORMAL  -135    PTCLDY (SCALE 4-7)   9
TOTAL FM JUL 1  1475    CLOUDY (SCALE 8-10)  5
DPTR FM NORMAL  -279

[CDD (BASE 65) ]
TOTAL THIS MO.     4
DPTR FM NORMAL     4    [PRESSURE DATA]
TOTAL FM JAN 1     6    HIGHEST SLP M ON M
DPTR FM NORMAL     4    LOWEST  SLP 29.71 ON 16

[REMARKS]
